000
CXUS54 KOUN 010910
CF6LAW
PRELIMINARY LOCAL CLIMATOLOGICAL DATA (WS FORM: F-6)
STATION: LAWTON
MONTH: JANUARY
YEAR: 2022
LATITUDE: 34 34 N
LONGITUDE: 98 25 W
TEMPERATURE IN F: :PCPN: SNOW: WIND :SUNSHINE: SKY :PK WND
================================================================================
1 2 3 4 5 6A 6B 7 8 9 10 11 12 13 14 15 16 17 18
12Z AVG MX 2MIN
DY MAX MIN AVG DEP HDD CDD WTR SNW DPTH SPD SPD DIR MIN PSBL S-S WX SPD DR
================================================================================
1 57 15 36 -4 29 0 0.37 0.4 0 18.1 32 360 M M 10 1 39 360
2 38 15 27 -13 38 0 0.00 0.0 T 6.6 21 350 M M 2 25 340
3 54 17 36 -4 29 0 0.00 0.0 0 5.8 14 160 M M 0 19 160
4 65 30 48 8 17 0 0.00 0.0 0 8.1 18 190 M M 0 25 190
5 51 30 41 1 24 0 0.00 0.0 0 15.8 30 20 M M 0 39 20
6 31 17 24 -16 41 0 0.00 0.0 0 18.7 35 10 M M 0 41 10
7 42 14 28 -12 37 0 0.00 0.0 0 9.2 16 160 M M 0 22 140
8 74 40 57 17 8 0 0.00 0.0 0 12.4 24 190 M M 6 12 33 190
9 51 32 42 2 23 0 0.00 0.0 0 21.8 37 10 M M 4 12 46 360
10 55 19 37 -3 28 0 0.00 0.0 0 4.8 16 10 M M 0 22 20
11 61 18 40 0 25 0 0.00 0.0 0 5.6 23 200 M M 0 28 200
12 64 25 45 5 20 0 0.00 0.0 0 3.9 12 220 M M 0 16 210
13 76 27 52 12 13 0 0.00 0.0 0 3.1 14 20 M M 0 16 30
14 72 32 52 12 13 0 0.00 0.0 0 12.0 48 360 M M 1 62 360
15 42 29 36 -4 29 0 T T 0 20.9 39 350 M M 6 53 350
16 53 16 35 -5 30 0 0.00 0.0 0 4.6 14 350 M M 0 18 350
17 63 20 42 2 23 0 0.00 0.0 0 5.5 16 180 M M 0 22 200
18 74 25 50 9 15 0 0.00 0.0 0 6.5 17 200 M M 0 26 240
19 45 23 34 -7 31 0 T 0.0 0 20.8 39 10 M M 4 50 20
20 29 14 22 -19 43 0 0.00 0.0 0 16.7 31 10 M M 7 36 10
21 40 7 24 -17 41 0 0.00 0.0 0 3.3 13 140 M M 0 15 140
22 51 12 32 -9 33 0 0.00 0.0 0 3.2 12 230 M M 0 19 180
23 63 20 42 1 23 0 0.00 0.0 0 3.2 9 260 M M 0 14 270
24 67 20 44 3 21 0 0.00 0.0 0 3.7 16 10 M M 0 19 20
25 51 28 40 -1 25 0 0.00 0.0 0 15.6 25 30 M M 1 31 20
26 37 25 31 -11 34 0 0.13 1.6 0 6.7 18 30 M M 8 12 24 20
27 41 17 29 -13 36 0 0.00 0.0 2 3.8 14 360 M M 5 12 18 10
28 54 22 38 -4 27 0 0.00 0.0 0 5.1 16 350 M M 0 23 340
29 68 18 43 1 22 0 0.00 0.0 0 5.3 15 240 M M 0 23 240
30 68 19 44 2 21 0 0.00 0.0 0 2.9 12 130 M M 0 17 130
31 73 29 51 9 14 0 0.00 0.0 0 6.5 18 160 M M 0 24 170
================================================================================
SM 1710 675 813 0 0.50 2.0 280.2 M 54
================================================================================
AV 55.2 21.8 9.0 FASTST M M 2 MAX(MPH)
MISC ----> 48 360 62 360
================================================================================
NOTES:
# LAST OF SEVERAL OCCURRENCES
COLUMN 17 PEAK WIND IN M.P.H.
PRELIMINARY LOCAL CLIMATOLOGICAL DATA (WS FORM: F-6) , PAGE 2
STATION: LAWTON
MONTH: JANUARY
YEAR: 2022
LATITUDE: 34 34 N
LONGITUDE: 98 25 W
[TEMPERATURE DATA] [PRECIPITATION DATA] SYMBOLS USED IN COLUMN 16
AVERAGE MONTHLY: 38.5 TOTAL FOR MONTH: 0.50 1 = FOG OR MIST
DPTR FM NORMAL: -2.0 DPTR FM NORMAL: -0.54 2 = FOG REDUCING VISIBILITY
HIGHEST: 76 ON 13 GRTST 24HR 0.37 ON 1- 1 TO 1/4 MILE OR LESS
LOWEST: 7 ON 21 3 = THUNDER
SNOW, ICE PELLETS, HAIL 4 = ICE PELLETS
TOTAL MONTH: 2.0 INCHES 5 = HAIL
GRTST 24HR 1.6 ON 26-26 6 = FREEZING RAIN OR DRIZZLE
GRTST DEPTH: 2 ON 27 7 = DUSTSTORM OR SANDSTORM:
VSBY 1/2 MILE OR LESS
8 = SMOKE OR HAZE
[NO. OF DAYS WITH] [WEATHER - DAYS WITH] 9 = BLOWING SNOW
X = TORNADO
MAX 32 OR BELOW: 2 0.01 INCH OR MORE: 2
MAX 90 OR ABOVE: 0 0.10 INCH OR MORE: 2
MIN 32 OR BELOW: 30 0.50 INCH OR MORE: 0
MIN 0 OR BELOW: 0 1.00 INCH OR MORE: 0
[HDD (BASE 65) ]
TOTAL THIS MO. 813 CLEAR (SCALE 0-3) 23
DPTR FM NORMAL 55 PTCLDY (SCALE 4-7) 7
TOTAL FM JUL 1 1662 CLOUDY (SCALE 8-10) 1
DPTR FM NORMAL -383
[CDD (BASE 65) ]
TOTAL THIS MO. 0
DPTR FM NORMAL 0 [PRESSURE DATA]
TOTAL FM JAN 1 0 HIGHEST SLP 30.76 ON 10
DPTR FM NORMAL 0 LOWEST SLP 29.52 ON 1
[REMARKS]
#FINAL-01-22#