000
CXUS56 KLOX 020653
CF6LAX
PRELIMINARY LOCAL CLIMATOLOGICAL DATA (WS FORM: F-6)
STATION: LOS ANGELES INTL AIRPORT CA
MONTH: OCTOBER
YEAR: 2020
LATITUDE: 33 55 N
LONGITUDE: 118 24 W
TEMPERATURE IN F: :PCPN: SNOW: WIND :SUNSHINE: SKY :PK WND
================================================================================
1 2 3 4 5 6A 6B 7 8 9 10 11 12 13 14 15 16 17 18
12Z AVG MX 2MIN
DY MAX MIN AVG DEP HDD CDD WTR SNW DPTH SPD SPD DIR MIN PSBL S-S WX SPD DR
================================================================================
1 92 67 80 12 0 15 0.00 0.0 0 5.4 15 260 M M 0 18 270
2 92 66 79 12 0 14 0.00 0.0 0 5.7 15 270 M M 1 1 22 250
3 86 66 76 9 0 11 0.00 0.0 0 5.1 13 270 M M 2 18 16 260
4 84 62 73 6 0 8 0.00 0.0 0 4.4 13 260 M M 4 128 16 280
5 78 65 72 5 0 7 0.00 0.0 0 6.8 16 270 M M 6 18 18 280
6 84 63 74 7 0 9 0.00 0.0 0 5.8 15 270 M M 4 18 18 260
7 74 63 69 2 0 4 0.00 0.0 0 6.1 15 250 M M 5 18 18 250
8 74 64 69 2 0 4 0.00 0.0 0 8.7 16 270 M M 6 8 20 240
9 73 64 69 2 0 4 0.00 0.0 0 6.5 15 280 M M 7 19 260
10 73 65 69 2 0 4 0.00 0.0 0 7.5 16 260 M M 7 20 280
11 73 61 67 1 0 2 0.00 0.0 0 6.2 14 270 M M 3 20 240
12 80 63 72 6 0 7 0.00 0.0 0 6.4 18 270 M M 0 21 270
13 86 65 76 10 0 11 0.00 0.0 0 5.4 14 260 M M 1 8 17 260
14 86 64 75 9 0 10 0.00 0.0 0 4.3 13 260 M M 1 18 16 260
15 82 64 73 7 0 8 0.00 0.0 0 6.1 13 260 M M 4 1 15 270
16 81 63 72 6 0 7 0.00 0.0 0 4.9 14 270 M M 4 128 17 260
17 80 64 72 6 0 7 0.00 0.0 0 6.1 14 270 M M 3 128 17 280
18 74 63 69 3 0 4 0.00 0.0 0 6.0 15 250 M M 5 128 18 270
19 74 63 69 3 0 4 0.00 0.0 0 7.2 15 260 M M 7 18 19 260
20 73 64 69 3 0 4 0.00 0.0 0 6.4 16 270 M M 8 18 20 260
21 71 64 68 3 0 3 0.00 0.0 0 5.2 14 260 M M 8 18 17 260
22 70 65 68 3 0 3 0.00 0.0 0 5.2 12 250 M M 8 15 230
23 69 63 66 1 0 1 0.00 0.0 0 6.8 14 270 M M 9 17 250
24 70 64 67 2 0 2 0.00 0.0 0 7.5 16 260 M M 9 21 280
25 69 59 64 -1 1 0 0.00 0.0 0 9.5 20 270 M M 7 24 270
26 75 57 66 1 0 1 0.00 0.0 0 6.5 16 330 M M 4 8 25 200
27 76 52 64 -1 1 0 0.00 0.0 0 6.6 17 270 M M 2 8 20 270
28 74 54 64 0 1 0 0.00 0.0 M 6.9 15 260 M M 1 19 280
29 73 55 64 0 1 0 0.00 0.0 0 5.3 13 270 M M 1 17 270
30 76 53 65 1 0 0 0.00 0.0 0 5.1 14 260 M M 2 18 18 240
31 75 54 65 1 0 0 0.00 0.0 0 3.8 13 260 M M 4 18 15 270
================================================================================
SM 2397 1919 4 154 0.00 0.0 189.4 M 133
================================================================================
AV 77.3 61.9 6.1 FASTST M M 4 MAX(MPH)
MISC ----> # 20 270 # 25 200
================================================================================
NOTES:
# LAST OF SEVERAL OCCURRENCES
COLUMN 17 PEAK WIND IN M.P.H.
PRELIMINARY LOCAL CLIMATOLOGICAL DATA (WS FORM: F-6) , PAGE 2
STATION: LOS ANGELES INTL AIRPORT CA
MONTH: OCTOBER
YEAR: 2020
LATITUDE: 33 55 N
LONGITUDE: 118 24 W
[TEMPERATURE DATA] [PRECIPITATION DATA] SYMBOLS USED IN COLUMN 16
AVERAGE MONTHLY: 69.6 TOTAL FOR MONTH: 0.00 1 = FOG OR MIST
DPTR FM NORMAL: 3.7 DPTR FM NORMAL: -0.56 2 = FOG REDUCING VISIBILITY
HIGHEST: 92 ON 2, 1 GRTST 24HR 0.00 ON 31-31 TO 1/4 MILE OR LESS
LOWEST: 52 ON 27 3 = THUNDER
SNOW, ICE PELLETS, HAIL 4 = ICE PELLETS
TOTAL MONTH: 0.0 INCH 5 = HAIL
GRTST 24HR 0.0 6 = FREEZING RAIN OR DRIZZLE
GRTST DEPTH: 0 7 = DUSTSTORM OR SANDSTORM:
VSBY 1/2 MILE OR LESS
8 = SMOKE OR HAZE
[NO. OF DAYS WITH] [WEATHER - DAYS WITH] 9 = BLOWING SNOW
X = TORNADO
MAX 32 OR BELOW: 0 0.01 INCH OR MORE: 0
MAX 90 OR ABOVE: 2 0.10 INCH OR MORE: 0
MIN 32 OR BELOW: 0 0.50 INCH OR MORE: 0
MIN 0 OR BELOW: 0 1.00 INCH OR MORE: 0
[HDD (BASE 65) ]
TOTAL THIS MO. 4 CLEAR (SCALE 0-3) 11
DPTR FM NORMAL -31 PTCLDY (SCALE 4-7) 17
TOTAL FM JUL 1 6 CLOUDY (SCALE 8-10) 3
DPTR FM NORMAL -38
[CDD (BASE 65) ]
TOTAL THIS MO. 154
DPTR FM NORMAL 91 [PRESSURE DATA]
TOTAL FM JAN 1 859 HIGHEST SLP M ON M
DPTR FM NORMAL 328 LOWEST SLP 29.74 ON 21
[REMARKS]
#FINAL-10-20#