000
CXUS52 KMLB 010743
CF6LEE
PRELIMINARY LOCAL CLIMATOLOGICAL DATA (WS FORM: F-6)
STATION: LEESBURG
MONTH: NOVEMBER
YEAR: 2021
LATITUDE: 28 49 N
LONGITUDE: 81 49 W
TEMPERATURE IN F: :PCPN: SNOW: WIND :SUNSHINE: SKY :PK WND
================================================================================
1 2 3 4 5 6A 6B 7 8 9 10 11 12 13 14 15 16 17 18
12Z AVG MX 2MIN
DY MAX MIN AVG DEP HDD CDD WTR SNW DPTH SPD SPD DIR MIN PSBL S-S WX SPD DR
================================================================================
1 75 54 65 -5 0 0 0.00 0.0 0 4.0 9 220 M M 0 14 20
2 84 63 74 4 0 9 0.00 0.0 0 4.4 10 20 M M 2 13 30
3 84 62 73 3 0 8 0.00 0.0 0 5.7 14 40 M M 1 19 50
4 79 64 72 2 0 7 0.00 0.0 0 7.3 15 40 M M 2 1 19 50
5 68 59 64 -5 1 0 2.70 0.0 0 12.6 25 40 M M 9 1 33 40
6 60 52 56 -13 9 0 0.16 0.0 0 12.3 23 340 M M 10 1 30 350
7 72 50 61 -8 4 0 0.00 0.0 0 8.7 16 330 M M 3 23 320
8 76 50 63 -6 2 0 0.00 0.0 0 7.7 17 20 M M 0 23 20
9 81 53 67 -1 0 2 0.00 0.0 0 7.4 15 30 M M 1 23 30
10 80 58 69 1 0 4 0.07 0.0 0 5.8 16 60 M M 6 1 22 70
11 83 66 75 7 0 10 0.04 0.0 0 3.6 9 140 M M 8 1 14 150
12 78 65 72 4 0 7 0.00 0.0 0 1.1 8 10 M M 5 12 13 30
13 79 59 69 1 0 4 0.08 0.0 0 2.8 12 320 M M 6 12 19 290
14 71 52 62 -5 3 0 0.00 0.0 0 6.6 12 270 M M 0 16 270
15 73 49 61 -6 4 0 0.00 0.0 0 5.0 14 10 M M 0 19 360
16 79 49 64 -3 1 0 0.00 0.0 0 5.0 13 40 M M 0 16 60
17 85 55 70 3 0 5 0.00 0.0 0 5.0 13 100 M M 1 1 16 130
18 80 64 72 6 0 7 0.36 0.0 0 2.3 12 130 M M 4 1 14 50
19 81 65 73 7 0 8 0.01 0.0 0 8.5 21 40 M M 8 27 10
20 79 65 72 6 0 7 0.00 0.0 0 10.8 21 50 M M 8 28 50
21 84 65 75 9 0 10 T 0.0 0 8.4 16 50 M M 8 22 50
22 76 62 69 3 0 4 0.18 0.0 0 5.7 14 320 M M 6 1 18 330
23 66 48 57 -9 8 0 0.00 0.0 0 11.2 18 40 M M 0 24 360
24 73 47 60 -6 5 0 0.00 0.0 0 8.5 16 50 M M 2 20 60
25 78 52 65 0 0 0 0.00 0.0 0 3.5 9 100 M M 1 1 14 80
26 77 54 66 1 0 1 0.00 0.0 0 4.5 13 350 M M 5 1 19 280
27 69 47 58 -7 7 0 0.00 0.0 0 4.2 12 360 M M 0 14 260
28 70 47 59 -6 6 0 T 0.0 0 2.8 9 350 M M 4 14 360
29 72 50 61 -4 4 0 0.01 0.0 0 5.5 12 330 M M 2 14 340
30 71 45 58 -7 7 0 0.00 0.0 0 2.9 10 10 M M 0 17 360
================================================================================
SM 2283 1671 61 93 3.61 0.0 183.8 M 102
================================================================================
AV 76.1 55.7 6.1 FASTST M M 3 MAX(MPH)
MISC ----> 25 40 33 40
================================================================================
NOTES:
# LAST OF SEVERAL OCCURRENCES
COLUMN 17 PEAK WIND IN M.P.H.
PRELIMINARY LOCAL CLIMATOLOGICAL DATA (WS FORM: F-6) , PAGE 2
STATION: LEESBURG
MONTH: NOVEMBER
YEAR: 2021
LATITUDE: 28 49 N
LONGITUDE: 81 49 W
[TEMPERATURE DATA] [PRECIPITATION DATA] SYMBOLS USED IN COLUMN 16
AVERAGE MONTHLY: 65.9 TOTAL FOR MONTH: 3.61 1 = FOG OR MIST
DPTR FM NORMAL: -1.3 DPTR FM NORMAL: 1.85 2 = FOG REDUCING VISIBILITY
HIGHEST: 85 ON 17 GRTST 24HR 2.83 ON 5- 6 TO 1/4 MILE OR LESS
LOWEST: 45 ON 30 3 = THUNDER
SNOW, ICE PELLETS, HAIL 4 = ICE PELLETS
TOTAL MONTH: 0.0 INCH 5 = HAIL
GRTST 24HR 0.0 6 = FREEZING RAIN OR DRIZZLE
GRTST DEPTH: 0 7 = DUSTSTORM OR SANDSTORM:
VSBY 1/2 MILE OR LESS
8 = SMOKE OR HAZE
[NO. OF DAYS WITH] [WEATHER - DAYS WITH] 9 = BLOWING SNOW
X = TORNADO
MAX 32 OR BELOW: 0 0.01 INCH OR MORE: 9
MAX 90 OR ABOVE: 0 0.10 INCH OR MORE: 4
MIN 32 OR BELOW: 0 0.50 INCH OR MORE: 1
MIN 0 OR BELOW: 0 1.00 INCH OR MORE: 1
[HDD (BASE 65) ]
TOTAL THIS MO. 61 CLEAR (SCALE 0-3) 17
DPTR FM NORMAL 6 PTCLDY (SCALE 4-7) 11
TOTAL FM JUL 1 61 CLOUDY (SCALE 8-10) 2
DPTR FM NORMAL -2
[CDD (BASE 65) ]
TOTAL THIS MO. 93
DPTR FM NORMAL -28 [PRESSURE DATA]
TOTAL FM JAN 1 3707 HIGHEST SLP 30.32 ON 24
DPTR FM NORMAL 292 LOWEST SLP 29.88 ON 22
[REMARKS]
#FINAL-11-21#