000
CXUS53 KLMK 010810
CF6LEX
PRELIMINARY LOCAL CLIMATOLOGICAL DATA (WS FORM: F-6)
STATION: LEXINGTON KY
MONTH: JANUARY
YEAR: 2024
LATITUDE: 38 1 N
LONGITUDE: 84 36 W
TEMPERATURE IN F: :PCPN: SNOW: WIND :SUNSHINE: SKY :PK WND
================================================================================
1 2 3 4 5 6A 6B 7 8 9 10 11 12 13 14 15 16 17 18
12Z AVG MX 2MIN
DY MAX MIN AVG DEP HDD CDD WTR SNW DPTH SPD SPD DIR MIN PSBL S-S WX SPD DR
================================================================================
1 38 31 35 0 30 0 T T 0 6.0 12 310 M M 10 16 300
2 39 29 34 -1 31 0 0.00 0.0 0 5.1 13 220 M M 7 17 260
3 39 22 31 -4 34 0 0.00 0.0 0 6.4 13 220 M M 2 1 17 240
4 42 26 34 0 31 0 0.00 0.0 0 6.2 16 340 M M 7 23 330
5 45 24 35 1 30 0 0.00 0.0 0 6.6 13 120 M M 1 17 110
6 42 36 39 5 26 0 0.91 0.0 0 7.3 15 90 M M 10 18 20 80
7 40 36 38 4 27 0 0.03 T 0 9.0 21 250 M M 10 1 28 240
8 45 28 37 3 28 0 0.14 0.0 0 9.3 18 80 M M 2 1 25 90
9 52 37 45 11 20 0 1.25 T 0 16.6 33 220 M M 10 1 49 250
10 37 32 35 1 30 0 T T 0 14.2 32 220 M M 8 18 48 210
11 52 33 43 9 22 0 0.00 0.0 0 10.6 22 240 M M 1 31 220
12 51 37 44 10 21 0 0.99 0.0 0 14.7 35 250 M M 6 1 57 160
13 39 24 32 -2 33 0 T T T 15.3 32 240 M M 8 47 240
14 27 13 20 -14 45 0 0.06 0.8 T 10.7 23 270 M M 7 33 280
15 16 10 13 -21 52 0 0.07 1.3 1 4.3 9 310 M M 10 18 13 300
16 17 5 11 -22 54 0 0.00 0.0 2 8.1 16 300 M M 6 22 300
17 24 3 14 -19 51 0 0.00 0.0 1 11.9 24 210 M M 0 29 220
18 34 18 26 -7 39 0 0.13 1.3 1 6.7 13 190 M M 5 1 16 210
19 29 13 21 -12 44 0 0.13 2.0 3 11.1 21 270 M M 10 18 30 280
20 16 -1 8 -25 57 0 0.00 0.0 4 6.6 16 280 M M 2 23 290
21 26 -7 10 -23 55 0 0.00 0.0 2 3.5 9 170 M M 0 12 140
22 44 16 30 -4 35 0 0.00 0.0 2 8.2 14 190 M M 0 18 210
23 52 38 45 11 20 0 0.06 0.0 1 8.6 14 160 M M 8 1 21 160
24 60 51 56 22 9 0 1.35 0.0 0 9.3 16 150 M M 10 1 27 140
25 64 58 61 27 4 0 0.41 0.0 0 7.2 23 230 M M 10 12 33 240
26 62 45 54 20 11 0 T 0.0 0 7.6 18 240 M M 9 29 220
27 51 45 48 14 17 0 0.22 0.0 0 9.3 22 310 M M 10 13 30 320
28 50 38 44 10 21 0 0.26 0.0 0 12.7 20 320 M M 10 1 29 310
29 40 34 37 3 28 0 0.01 T 0 7.5 18 340 M M 10 1 25 360
30 43 31 37 3 28 0 0.03 0.0 0 8.5 17 280 M M 10 1 22 270
31 45 37 41 7 24 0 0.00 0.0 0 5.8 10 250 M M 10 18 15 320
================================================================================
SM 1261 842 957 0 6.05 5.4 274.9 M 209
================================================================================
AV 40.7 27.2 8.9 FASTST M M 7 MAX(MPH)
MISC ----> 35 250 57 160
================================================================================
NOTES:
# LAST OF SEVERAL OCCURRENCES
COLUMN 17 PEAK WIND IN M.P.H.
PRELIMINARY LOCAL CLIMATOLOGICAL DATA (WS FORM: F-6) , PAGE 2
STATION: LEXINGTON KY
MONTH: JANUARY
YEAR: 2024
LATITUDE: 38 1 N
LONGITUDE: 84 36 W
[TEMPERATURE DATA] [PRECIPITATION DATA] SYMBOLS USED IN COLUMN 16
AVERAGE MONTHLY: 33.9 TOTAL FOR MONTH: 6.05 1 = FOG OR MIST
DPTR FM NORMAL: 0.0 DPTR FM NORMAL: 2.63 2 = FOG REDUCING VISIBILITY
HIGHEST: 64 ON 25 GRTST 24HR 1.35 ON 24-24 TO 1/4 MILE OR LESS
LOWEST: -7 ON 21 3 = THUNDER
SNOW, ICE PELLETS, HAIL 4 = ICE PELLETS
TOTAL MONTH: 5.4 INCHES 5 = HAIL
GRTST 24HR 2.0 ON 19-19 6 = FREEZING RAIN OR DRIZZLE
GRTST DEPTH: 4 ON 20 7 = DUSTSTORM OR SANDSTORM:
VSBY 1/2 MILE OR LESS
8 = SMOKE OR HAZE
[NO. OF DAYS WITH] [WEATHER - DAYS WITH] 9 = BLOWING SNOW
X = TORNADO
MAX 32 OR BELOW: 7 0.01 INCH OR MORE: 16
MAX 90 OR ABOVE: 0 0.10 INCH OR MORE: 10
MIN 32 OR BELOW: 18 0.50 INCH OR MORE: 4
MIN 0 OR BELOW: 2 1.00 INCH OR MORE: 2
[HDD (BASE 65) ]
TOTAL THIS MO. 957 CLEAR (SCALE 0-3) 8
DPTR FM NORMAL -9 PTCLDY (SCALE 4-7) 7
TOTAL FM JUL 1 2281 CLOUDY (SCALE 8-10) 16
DPTR FM NORMAL -400
[CDD (BASE 65) ]
TOTAL THIS MO. 0
DPTR FM NORMAL 0 [PRESSURE DATA]
TOTAL FM JAN 1 0 HIGHEST SLP 30.77 ON 21
DPTR FM NORMAL 0 LOWEST SLP 29.06 ON 9
[REMARKS]
#FINAL-01-24#