000
CXUS54 KLCH 010830
CF6LFT
PRELIMINARY LOCAL CLIMATOLOGICAL DATA (WS FORM: F-6)
STATION: LAFAYETTE
MONTH: MARCH
YEAR: 2020
LATITUDE: 30 12 N
LONGITUDE: 92 0 W
TEMPERATURE IN F: :PCPN: SNOW: WIND :SUNSHINE: SKY :PK WND
================================================================================
1 2 3 4 5 6A 6B 7 8 9 10 11 12 13 14 15 16 17 18
12Z AVG MX 2MIN
DY MAX MIN AVG DEP HDD CDD WTR SNW DPTH SPD SPD DIR MIN PSBL S-S WX SPD DR
================================================================================
1 71 52 62 3 3 0 0.00 0.0 0 8.1 20 170 M M 4 37 180
2 76 64 70 11 0 5 T 0.0 0 10.6 20 210 M M 9 27 200
3 78 67 73 14 0 8 0.00 0.0 0 5.8 13 190 M M 7 1 19 190
4 77 55 66 6 0 1 0.21 0.0 0 9.6 26 350 M M 10 13 39 20
5 68 54 61 1 4 0 T 0.0 0 10.3 20 350 M M 7 1 26 10
6 68 47 58 -2 7 0 0.00 0.0 0 11.4 22 30 M M 0 30 20
7 66 41 54 -6 11 0 0.00 0.0 0 3.8 13 60 M M 0 21 80
8 71 46 59 -1 6 0 0.00 0.0 0 3.9 14 160 M M 2 27 170
9 72 59 66 5 0 1 0.05 0.0 0 7.3 15 160 M M M 23 160
10 77 64 71 10 0 6 0.44 0.0 0 5.3 12 190 M M 7 1 M M
11 79 63 71 10 0 6 0.00 0.0 0 8.7 21 230 M M 6 18 28 250
12 79 64 72 11 0 7 0.00 0.0 0 8.3 18 190 M M 7 23 210
13 81 67 74 12 0 9 0.00 0.0 0 6.4 15 200 M M 7 12 21 190
14 80 67 74 12 0 9 0.00 0.0 0 6.4 15 210 M M 6 19 210
15 84 66 75 13 0 10 0.00 0.0 0 3.8 10 190 M M 5 1 17 150
16 81 57 69 7 0 4 0.30 0.0 0 5.5 15 200 M M 6 18 19 160
17 79 65 72 10 0 7 1.65 0.0 0 1.4 10 50 M M 8 123 17 130
18 81 64 73 10 0 8 0.00 0.0 0 6.9 17 190 M M 7 1 25 160
19 80 72 76 13 0 11 T 0.0 0 10.2 17 170 M M 9 26 190
20 82 65 74 11 0 9 0.31 0.0 0 7.9 17 360 M M 8 1 23 180
21 68 60 64 1 1 0 0.00 0.0 0 8.6 16 20 M M 10 20 30
22 78 60 69 5 0 4 0.00 0.0 0 7.0 15 180 M M 9 1 22 190
23 82 70 76 12 0 11 0.00 0.0 0 8.0 16 190 M M 6 23 170
24 82 69 76 12 0 11 0.00 0.0 0 9.6 21 220 M M 7 1 29 200
25 86 68 77 13 0 12 0.00 0.0 0 6.1 14 250 M M 5 18 18 250
26 85 66 76 12 0 11 0.00 0.0 0 6.3 17 200 M M 2 18 23 190
27 83 73 78 14 0 13 0.00 0.0 0 9.1 17 200 M M 6 25 200
28 84 75 80 15 0 15 0.01 0.0 0 11.3 23 200 M M 9 18 30 200
29 80 64 72 7 0 7 0.02 0.0 0 6.8 16 30 M M 7 24 40
30 83 63 73 8 0 8 T 0.0 0 6.8 17 180 M M 5 27 190
31 77 53 65 0 0 0 0.10 0.0 0 12.7 23 350 M M 6 1 33 330
================================================================================
SM 2418 1920 32 193 3.09 0.0 233.9 M 187
================================================================================
AV 78.0 61.9 7.5 FASTST M M 6 MAX(MPH)
MISC ----> # 26 350 # 39 20
================================================================================
NOTES:
# LAST OF SEVERAL OCCURRENCES
COLUMN 17 PEAK WIND IN M.P.H.
PRELIMINARY LOCAL CLIMATOLOGICAL DATA (WS FORM: F-6) , PAGE 2
STATION: LAFAYETTE
MONTH: MARCH
YEAR: 2020
LATITUDE: 30 12 N
LONGITUDE: 92 0 W
[TEMPERATURE DATA] [PRECIPITATION DATA] SYMBOLS USED IN COLUMN 16
AVERAGE MONTHLY: 70.0 TOTAL FOR MONTH: 3.09 1 = FOG OR MIST
DPTR FM NORMAL: 7.8 DPTR FM NORMAL: -0.70 2 = FOG REDUCING VISIBILITY
HIGHEST: 86 ON 25 GRTST 24HR 1.65 ON 17-17 TO 1/4 MILE OR LESS
LOWEST: 41 ON 7 3 = THUNDER
SNOW, ICE PELLETS, HAIL 4 = ICE PELLETS
TOTAL MONTH: 0.0 INCH 5 = HAIL
GRTST 24HR 0.0 6 = FREEZING RAIN OR DRIZZLE
GRTST DEPTH: 0 7 = DUSTSTORM OR SANDSTORM:
VSBY 1/2 MILE OR LESS
8 = SMOKE OR HAZE
[NO. OF DAYS WITH] [WEATHER - DAYS WITH] 9 = BLOWING SNOW
X = TORNADO
MAX 32 OR BELOW: 0 0.01 INCH OR MORE: 9
MAX 90 OR ABOVE: 0 0.10 INCH OR MORE: 6
MIN 32 OR BELOW: 0 0.50 INCH OR MORE: 1
MIN 0 OR BELOW: 0 1.00 INCH OR MORE: 1
[HDD (BASE 65) ]
TOTAL THIS MO. 32 CLEAR (SCALE 0-3) 4
DPTR FM NORMAL -118 PTCLDY (SCALE 4-7) 19
TOTAL FM JUL 1 1102 CLOUDY (SCALE 8-10) 7
DPTR FM NORMAL -278
[CDD (BASE 65) ]
TOTAL THIS MO. 193
DPTR FM NORMAL 130 [PRESSURE DATA]
TOTAL FM JAN 1 247 HIGHEST SLP 30.48 ON 7
DPTR FM NORMAL 152 LOWEST SLP 29.72 ON 4
[REMARKS]
#FINAL-03-20#