000
CXUS56 KLOX 011155
CF6LGB
PRELIMINARY LOCAL CLIMATOLOGICAL DATA (WS FORM: F-6)
STATION: LONG BEACH AIRPORT CA
MONTH: MARCH
YEAR: 2021
LATITUDE: 33 49 N
LONGITUDE: 118 9 W
TEMPERATURE IN F: :PCPN: SNOW: WIND :SUNSHINE: SKY :PK WND
================================================================================
1 2 3 4 5 6A 6B 7 8 9 10 11 12 13 14 15 16 17 18
12Z AVG MX 2MIN
DY MAX MIN AVG DEP HDD CDD WTR SNW DPTH SPD SPD DIR MIN PSBL S-S WX SPD DR
================================================================================
1 73 47 60 2 5 0 0.00 M M 4.6 14 70 M M 0 8 18 70
2 73 44 59 0 6 0 0.00 M M 4.0 12 200 M M 0 14 200
3 59 45 52 -7 13 0 0.48 M M 4.7 20 40 M M 5 13 23 40
4 65 43 54 -5 11 0 0.00 M M 4.7 15 290 M M 0 19 280
5 78 47 63 4 2 0 0.00 M M 6.4 18 280 M M 0 23 290
6 68 48 58 -1 7 0 0.00 M M 4.8 16 290 M M 0 1 19 290
7 62 51 57 -2 8 0 0.00 M M 3.4 12 190 M M 6 17 200
8 66 51 59 0 6 0 0.00 M M 4.8 18 290 M M 6 22 310
9 63 46 55 -4 10 0 0.00 M M 6.7 23 280 M M 1 30 290
10 59 48 54 -5 11 0 0.60 M M 7.1 20 280 M M 7 13 26 290
11 57 45 51 -8 14 0 0.21 M M 4.6 14 220 M M 4 1 19 230
12 60 42 51 -8 14 0 0.00 M M 4.9 18 290 M M 1 21 300
13 62 45 54 -5 11 0 0.00 M M 4.6 15 290 M M 2 8 21 250
14 61 51 56 -3 9 0 0.00 M M 6.0 16 290 M M 8 18 290
15 57 47 52 -8 13 0 0.18 M M 12.6 25 290 M M 6 1 40 250
16 58 45 52 -8 13 0 0.00 M M 5.9 15 290 M M 0 M M
17 65 44 55 -5 10 0 0.00 M M 3.9 13 300 M M 0 M M
18 67 48 58 -2 7 0 0.00 M M 4.5 17 290 M M 0 M M
19 72 49 61 1 4 0 0.00 M M 5.5 18 290 M M 0 24 290
20 65 52 59 -1 6 0 0.00 M M 4.7 17 290 M M 3 1 20 290
21 68 49 59 -1 6 0 0.00 M M 5.3 18 280 M M 0 23 290
22 65 48 57 -3 8 0 0.00 M M 4.9 13 300 M M 0 16 180
23 68 53 61 1 4 0 0.00 M M 9.9 30 290 M M 3 36 290
24 73 47 60 0 5 0 0.00 M M 7.2 21 280 M M 0 1 32 260
25 60 52 56 -4 9 0 0.00 M M 7.5 13 260 M M 6 21 280
26 65 48 57 -3 8 0 0.00 M M 5.2 17 290 M M 2 23 290
27 79 47 63 3 2 0 0.00 M M 4.8 15 300 M M 0 M M
28 89 50 70 10 0 5 0.00 M M 5.4 23 290 M M 0 27 290
29 74 51 63 3 2 0 0.00 M M 4.5 15 200 M M 0 21 210
30 69 54 62 1 3 0 0.00 M M 5.5 13 200 M M 3 17 170
31 88 53 71 10 0 6 0.00 M M 5.7 20 80 M M 0 18 25 80
================================================================================
SM 2088 1490 227 11 1.47 M 174.4 M 63
================================================================================
AV 67.4 48.1 5.6 FASTST M M 2 MAX(MPH)
MISC ----> 30 290 40 250
================================================================================
NOTES:
# LAST OF SEVERAL OCCURRENCES
COLUMN 17 PEAK WIND IN M.P.H.
PRELIMINARY LOCAL CLIMATOLOGICAL DATA (WS FORM: F-6) , PAGE 2
STATION: LONG BEACH AIRPORT CA
MONTH: MARCH
YEAR: 2021
LATITUDE: 33 49 N
LONGITUDE: 118 9 W
[TEMPERATURE DATA] [PRECIPITATION DATA] SYMBOLS USED IN COLUMN 16
AVERAGE MONTHLY: 57.7 TOTAL FOR MONTH: 1.47 1 = FOG OR MIST
DPTR FM NORMAL: -1.9 DPTR FM NORMAL: -0.40 2 = FOG REDUCING VISIBILITY
HIGHEST: 89 ON 28 GRTST 24HR 0.66 ON 10-11 TO 1/4 MILE OR LESS
LOWEST: 42 ON 12 3 = THUNDER
SNOW, ICE PELLETS, HAIL 4 = ICE PELLETS
TOTAL MONTH: M 5 = HAIL
GRTST 24HR M ON M 6 = FREEZING RAIN OR DRIZZLE
GRTST DEPTH: M ON M 7 = DUSTSTORM OR SANDSTORM:
VSBY 1/2 MILE OR LESS
8 = SMOKE OR HAZE
[NO. OF DAYS WITH] [WEATHER - DAYS WITH] 9 = BLOWING SNOW
X = TORNADO
MAX 32 OR BELOW: 0 0.01 INCH OR MORE: 4
MAX 90 OR ABOVE: 0 0.10 INCH OR MORE: 4
MIN 32 OR BELOW: 0 0.50 INCH OR MORE: 1
MIN 0 OR BELOW: 0 1.00 INCH OR MORE: 0
[HDD (BASE 65) ]
TOTAL THIS MO. 227 CLEAR (SCALE 0-3) 22
DPTR FM NORMAL 48 PTCLDY (SCALE 4-7) 8
TOTAL FM JUL 1 974 CLOUDY (SCALE 8-10) 1
DPTR FM NORMAL -95
[CDD (BASE 65) ]
TOTAL THIS MO. 11
DPTR FM NORMAL 1 [PRESSURE DATA]
TOTAL FM JAN 1 27 HIGHEST SLP 30.28 ON 14
DPTR FM NORMAL 9 LOWEST SLP 29.78 ON 23
[REMARKS]
#FINAL-03-21#