000
CXHW51 PHFO 011250
CF6LIH
PRELIMINARY LOCAL CLIMATOLOGICAL DATA (WS FORM: F-6)
STATION: LIHUE HI
MONTH: JUNE
YEAR: 2022
LATITUDE: 21 58 N
LONGITUDE: 159 21 W
TEMPERATURE IN F: :PCPN: SNOW: WIND :SUNSHINE: SKY :PK WND
================================================================================
1 2 3 4 5 6A 6B 7 8 9 10 11 12 13 14 15 16 17 18
12Z AVG MX 2MIN
DY MAX MIN AVG DEP HDD CDD WTR SNW DPTH SPD SPD DIR MIN PSBL S-S WX SPD DR
================================================================================
1 79 71 75 -3 0 10 0.07 M M 12.1 20 50 M M 7 18 24 360
2 79 67 73 -5 0 8 0.00 M M 9.5 14 60 M M 4 17 50
3 79 66 73 -5 0 8 0.00 M M 10.5 16 40 M M 2 19 50
4 79 67 73 -5 0 8 T M M 9.2 15 40 M M 3 19 50
5 79 68 74 -4 0 9 0.01 M M 9.2 16 70 M M 6 1 21 80
6 79 66 73 -5 0 8 T M M 9.1 14 60 M M 4 1 17 60
7 80 72 76 -2 0 11 0.00 M M 11.0 15 70 M M 4 18 70
8 80 71 76 -2 0 11 0.00 M M 10.2 15 80 M M 3 18 90
9 79 72 76 -2 0 11 0.00 M M 10.5 15 50 M M 4 19 80
10 80 72 76 -2 0 11 0.00 M M 12.4 16 70 M M 4 20 50
11 81 72 77 -1 0 12 T M M 14.5 21 50 M M 4 23 60
12 81 73 77 -1 0 12 T M M 16.4 21 60 M M 6 26 60
13 81 71 76 -2 0 11 0.02 M M 15.3 21 50 M M 6 1 24 60
14 80 71 76 -2 0 11 0.05 M M 17.1 24 40 M M 5 1 28 30
15 81 69 75 -3 0 10 0.09 M M 13.9 24 70 M M 6 1 28 80
16 79 70 75 -3 0 10 0.04 M M 12.7 21 60 M M 7 1 25 80
17 79 70 75 -3 0 10 T M M 11.5 16 70 M M 3 21 70
18 80 71 76 -2 0 11 0.00 M M 14.2 18 70 M M 8 23 80
19 80 71 76 -3 0 11 0.00 M M 14.0 18 70 M M 8 22 80
20 79 71 75 -4 0 10 T M M 12.9 17 70 M M 6 23 70
21 78 70 74 -5 0 9 0.02 M M 13.2 20 70 M M 5 1 24 50
22 78 70 74 -5 0 9 0.04 M M 13.8 20 90 M M 7 1 24 80
23 79 68 74 -5 0 9 T M M 14.6 21 40 M M 5 1 25 60
24 78 67 73 -6 0 8 0.05 M M 11.5 20 80 M M 6 1 24 50
25 78 69 74 -5 0 9 0.02 M M 11.6 20 60 M M 4 1 24 60
26 79 67 73 -6 0 8 T M M 11.2 16 70 M M 4 20 70
27 85 67 76 -3 0 11 0.02 M M 12.7 21 70 M M 4 1 27 30
28 85 76 81 2 0 16 T M M 15.2 22 60 M M 3 26 60
29 85 75 80 1 0 15 0.01 M M 17.1 26 80 M M 7 32 80
30 86 75 81 2 0 16 0.03 M M 16.1 22 80 M M 9 1 27 70
================================================================================
SM 2405 2105 0 313 0.47 M 383.2 M 154
================================================================================
AV 80.2 70.2 12.8 FASTST M M 5 MAX(MPH)
MISC ----> 26 80 32 80
================================================================================
NOTES:
# LAST OF SEVERAL OCCURRENCES
COLUMN 17 PEAK WIND IN M.P.H.
PRELIMINARY LOCAL CLIMATOLOGICAL DATA (WS FORM: F-6) , PAGE 2
STATION: LIHUE HI
MONTH: JUNE
YEAR: 2022
LATITUDE: 21 58 N
LONGITUDE: 159 21 W
[TEMPERATURE DATA] [PRECIPITATION DATA] SYMBOLS USED IN COLUMN 16
AVERAGE MONTHLY: 75.2 TOTAL FOR MONTH: 0.47 1 = FOG OR MIST
DPTR FM NORMAL: -3.1 DPTR FM NORMAL: -1.32 2 = FOG REDUCING VISIBILITY
HIGHEST: 86 ON 30 GRTST 24HR 0.11 ON 14-15 TO 1/4 MILE OR LESS
LOWEST: 66 ON 6, 3 3 = THUNDER
SNOW, ICE PELLETS, HAIL 4 = ICE PELLETS
TOTAL MONTH: M 5 = HAIL
GRTST 24HR M ON M 6 = FREEZING RAIN OR DRIZZLE
GRTST DEPTH: M ON M 7 = DUSTSTORM OR SANDSTORM:
VSBY 1/2 MILE OR LESS
8 = SMOKE OR HAZE
[NO. OF DAYS WITH] [WEATHER - DAYS WITH] 9 = BLOWING SNOW
X = TORNADO
MAX 32 OR BELOW: 0 0.01 INCH OR MORE: 13
MAX 90 OR ABOVE: 0 0.10 INCH OR MORE: 0
MIN 32 OR BELOW: 0 0.50 INCH OR MORE: 0
MIN 0 OR BELOW: 0 1.00 INCH OR MORE: 0
[HDD (BASE 65) ]
TOTAL THIS MO. 0 CLEAR (SCALE 0-3) 3
DPTR FM NORMAL 0 PTCLDY (SCALE 4-7) 26
TOTAL FM JUL 1 0 CLOUDY (SCALE 8-10) 1
DPTR FM NORMAL 0
[CDD (BASE 65) ]
TOTAL THIS MO. 313
DPTR FM NORMAL -87 [PRESSURE DATA]
TOTAL FM JAN 1 1653 HIGHEST SLP 30.17 ON 30
DPTR FM NORMAL -57 LOWEST SLP 29.98 ON 25
[REMARKS]
#FINAL-06-22#