000
CXHW51 PHFO 011250
CF6LIH
PRELIMINARY LOCAL CLIMATOLOGICAL DATA (WS FORM: F-6)
STATION: LIHUE HI
MONTH: JANUARY
YEAR: 2022
LATITUDE: 21 58 N
LONGITUDE: 159 21 W
TEMPERATURE IN F: :PCPN: SNOW: WIND :SUNSHINE: SKY :PK WND
================================================================================
1 2 3 4 5 6A 6B 7 8 9 10 11 12 13 14 15 16 17 18
12Z AVG MX 2MIN
DY MAX MIN AVG DEP HDD CDD WTR SNW DPTH SPD SPD DIR MIN PSBL S-S WX SPD DR
================================================================================
1 75 68 72 -1 0 7 2.72 M M 9.3 21 190 M M 7 1 28 180
2 77 66 72 -1 0 7 0.68 M M 8.0 29 190 M M 6 13 39 190
3 77 67 72 -1 0 7 2.13 M M 4.9 24 360 M M 6 1 28 360
4 81 65 73 1 0 8 T M M 6.9 17 220 M M 1 22 220
5 79 64 72 0 0 7 0.00 M M 6.2 9 120 M M 2 12 110
6 78 65 72 0 0 7 T M M 6.8 9 80 M M 2 13 310
7 79 62 71 -1 0 6 T M M 7.3 13 40 M M 0 14 40
8 79 63 71 -1 0 6 0.00 M M 7.4 14 40 M M 5 18 300
9 80 63 72 0 0 7 T M M 7.8 18 220 M M 2 25 210
10 82 65 74 2 0 9 T M M 9.2 21 240 M M 4 1 25 230
11 76 64 70 -2 0 5 0.00 M M 10.2 17 40 M M 3 26 30
12 77 65 71 -1 0 6 T M M 6.3 12 40 M M 8 1 15 50
13 79 64 72 0 0 7 0.00 M M 6.3 9 100 M M 1 12 280
14 78 65 72 0 0 7 0.00 M M 7.2 13 150 M M 1 15 150
15 81 63 72 0 0 7 T M M 5.9 10 270 M M 4 17 220
16 78 64 71 -1 0 6 0.38 M M 6.3 10 230 M M 5 1 13 280
17 79 65 72 0 0 7 0.00 M M 7.3 14 180 M M 4 17 160
18 80 64 72 0 0 7 0.05 M M 7.7 16 180 M M 3 1 20 180
19 79 68 74 2 0 9 0.01 M M 7.3 15 140 M M 4 1 16 140
20 80 66 73 1 0 8 0.00 M M 7.4 16 190 M M 3 19 180
21 80 65 73 1 0 8 T M M 9.5 20 40 M M 2 18 23 40
22 77 71 74 2 0 9 0.13 M M 11.7 20 60 M M 9 1 24 40
23 79 68 74 2 0 9 0.29 M M 7.2 14 70 M M 7 1 17 60
24 78 65 72 0 0 7 T M M 10.7 17 40 M M 4 20 60
25 78 64 71 -1 0 6 0.00 M M 11.6 20 30 M M 3 26 20
26 79 71 75 3 0 10 T M M 12.0 20 50 M M 5 1 23 50
27 79 66 73 1 0 8 0.00 M M 6.8 14 110 M M 4 17 100
28 79 63 71 -1 0 6 0.00 M M 6.9 13 30 M M 1 17 360
29 79 68 74 2 0 9 T M M 8.7 20 70 M M 4 23 70
30 79 67 73 1 0 8 0.02 M M 9.5 17 110 M M 3 1 20 110
31 78 65 72 0 0 7 T M M 5.7 17 110 M M 4 21 110
================================================================================
SM 2439 2029 0 227 6.41 M 246.0 M 117
================================================================================
AV 78.7 65.5 7.9 FASTST M M 4 MAX(MPH)
MISC ----> 29 190 39 190
================================================================================
NOTES:
# LAST OF SEVERAL OCCURRENCES
COLUMN 17 PEAK WIND IN M.P.H.
PRELIMINARY LOCAL CLIMATOLOGICAL DATA (WS FORM: F-6) , PAGE 2
STATION: LIHUE HI
MONTH: JANUARY
YEAR: 2022
LATITUDE: 21 58 N
LONGITUDE: 159 21 W
[TEMPERATURE DATA] [PRECIPITATION DATA] SYMBOLS USED IN COLUMN 16
AVERAGE MONTHLY: 72.1 TOTAL FOR MONTH: 6.41 1 = FOG OR MIST
DPTR FM NORMAL: -0.2 DPTR FM NORMAL: 3.63 2 = FOG REDUCING VISIBILITY
HIGHEST: 82 ON 10 GRTST 24HR 4.27 ON 31- 1 TO 1/4 MILE OR LESS
LOWEST: 62 ON 7 3 = THUNDER
SNOW, ICE PELLETS, HAIL 4 = ICE PELLETS
TOTAL MONTH: M 5 = HAIL
GRTST 24HR M ON M 6 = FREEZING RAIN OR DRIZZLE
GRTST DEPTH: M ON M 7 = DUSTSTORM OR SANDSTORM:
VSBY 1/2 MILE OR LESS
8 = SMOKE OR HAZE
[NO. OF DAYS WITH] [WEATHER - DAYS WITH] 9 = BLOWING SNOW
X = TORNADO
MAX 32 OR BELOW: 0 0.01 INCH OR MORE: 9
MAX 90 OR ABOVE: 0 0.10 INCH OR MORE: 6
MIN 32 OR BELOW: 0 0.50 INCH OR MORE: 3
MIN 0 OR BELOW: 0 1.00 INCH OR MORE: 2
[HDD (BASE 65) ]
TOTAL THIS MO. 0 CLEAR (SCALE 0-3) 13
DPTR FM NORMAL 0 PTCLDY (SCALE 4-7) 16
TOTAL FM JUL 1 0 CLOUDY (SCALE 8-10) 2
DPTR FM NORMAL 0
[CDD (BASE 65) ]
TOTAL THIS MO. 227
DPTR FM NORMAL 1 [PRESSURE DATA]
TOTAL FM JAN 1 227 HIGHEST SLP 30.17 ON 11
DPTR FM NORMAL 1 LOWEST SLP 29.77 ON 1
[REMARKS]
#FINAL-01-22#