000
CXUS56 KMFR 010930
CF6LMT
PRELIMINARY LOCAL CLIMATOLOGICAL DATA (WS FORM: F-6)
STATION: KLAMATH FALLS OR
MONTH: AUGUST
YEAR: 2021
LATITUDE: 42 9 N
LONGITUDE: 121 44 W
TEMPERATURE IN F: :PCPN: SNOW: WIND :SUNSHINE: SKY :PK WND
================================================================================
1 2 3 4 5 6A 6B 7 8 9 10 11 12 13 14 15 16 17 18
12Z AVG MX 2MIN
DY MAX MIN AVG DEP HDD CDD WTR SNW DPTH SPD SPD DIR MIN PSBL S-S WX SPD DR
================================================================================
1 91 51 71 3 0 6 0.00 M M 3.6 20 290 M M 2 3 24 310
2 93 53 73 5 0 8 0.00 M M 5.2 22 210 M M 1 29 200
3 92 44 68 0 0 3 0.00 M M 3.9 21 320 M M 1 8 23 320
4 89 44 67 -1 0 2 0.00 M M 1.5 10 290 M M 4 18 12 150
5 81 45 63 -5 2 0 0.00 M M 9.3 26 330 M M 4 138 32 330
6 84 39 62 -6 3 0 0.00 M M 4.1 17 330 M M 0 18 20 330
7 91 45 68 1 0 3 0.00 M M 6.2 18 290 M M 0 18 23 330
8 86 54 70 3 0 5 0.00 M M 7.3 18 340 M M 0 8 23 330
9 88 49 69 2 0 4 0.00 M M 6.9 13 330 M M 2 8 16 340
10 95 49 72 5 0 7 0.00 M M 4.4 14 320 M M 4 8 17 330
11 98 52 75 8 0 10 0.00 M M 6.3 21 330 M M 2 8 26 340
12 98 53 76 9 0 11 0.00 M M 6.6 20 330 M M 4 8 28 150
13 95 60 78 12 0 13 T M M 5.9 23 190 M M 6 38 26 270
14 96 58 77 11 0 12 0.00 M M 2.5 16 330 M M 8 8 19 330
15 98 54 76 10 0 11 0.00 M M 4.6 21 270 M M 10 8 25 280
16 92 55 74 8 0 9 0.00 M M 7.2 24 320 M M 2 18 31 340
17 73 47 60 -6 5 0 T M M 13.1 26 340 M M 1 8 32 330
18 76 40 58 -7 7 0 0.00 M M 7.6 20 320 M M 3 8 26 10
19 80 41 61 -4 4 0 0.00 M M 6.8 18 320 M M 3 18 27 340
20 81 41 61 -4 4 0 0.00 M M 5.9 22 330 M M 2 18 29 280
21 73 35 54 -11 11 0 0.00 M M 5.3 16 330 M M 2 128 21 350
22 81 34 58 -6 7 0 0.00 M M 5.2 17 340 M M 2 18 24 270
23 83 38 61 -3 4 0 0.00 M M 5.5 21 330 M M 4 18 26 320
24 81 37 59 -5 6 0 0.00 M M 4.4 17 330 M M 4 8 M M
25 81 41 61 -3 4 0 0.00 M M 6.0 21 280 M M 5 8 27 260
26 82 38 60 -4 5 0 0.00 M M 5.8 22 330 M M 0 8 29 320
27 84 36 60 -4 5 0 0.00 M M 5.6 16 340 M M 1 18 21 330
28 88 47 68 5 0 3 0.00 M M 8.3 15 340 M M 0 8 19 340
29 90 44 67 4 0 2 0.00 M M 5.5 18 280 M M 2 8 30 240
30 84 43 64 1 1 0 0.00 M M 6.4 21 290 M M 4 8 27 240
31 81 34 58 -5 7 0 0.00 M M 5.0 17 320 M M 3 8 21 330
================================================================================
SM 2685 1401 75 109 T M 181.9 M 86
================================================================================
AV 86.6 45.2 5.9 FASTST M M 3 MAX(MPH)
MISC ----> # 26 330 # 32 330
================================================================================
NOTES:
# LAST OF SEVERAL OCCURRENCES
COLUMN 17 PEAK WIND IN M.P.H.
PRELIMINARY LOCAL CLIMATOLOGICAL DATA (WS FORM: F-6) , PAGE 2
STATION: KLAMATH FALLS OR
MONTH: AUGUST
YEAR: 2021
LATITUDE: 42 9 N
LONGITUDE: 121 44 W
[TEMPERATURE DATA] [PRECIPITATION DATA] SYMBOLS USED IN COLUMN 16
AVERAGE MONTHLY: 65.9 TOTAL FOR MONTH: T 1 = FOG OR MIST
DPTR FM NORMAL: 0.3 DPTR FM NORMAL: -0.28 2 = FOG REDUCING VISIBILITY
HIGHEST: 98 ON 15,12 GRTST 24HR T ON 31- 1 TO 1/4 MILE OR LESS
LOWEST: 34 ON 31,22 3 = THUNDER
SNOW, ICE PELLETS, HAIL 4 = ICE PELLETS
TOTAL MONTH: M 5 = HAIL
GRTST 24HR M ON M 6 = FREEZING RAIN OR DRIZZLE
GRTST DEPTH: M ON M 7 = DUSTSTORM OR SANDSTORM:
VSBY 1/2 MILE OR LESS
8 = SMOKE OR HAZE
[NO. OF DAYS WITH] [WEATHER - DAYS WITH] 9 = BLOWING SNOW
X = TORNADO
MAX 32 OR BELOW: 0 0.01 INCH OR MORE: 0
MAX 90 OR ABOVE: 12 0.10 INCH OR MORE: 0
MIN 32 OR BELOW: 0 0.50 INCH OR MORE: 0
MIN 0 OR BELOW: 0 1.00 INCH OR MORE: 0
[HDD (BASE 65) ]
TOTAL THIS MO. 75 CLEAR (SCALE 0-3) 18
DPTR FM NORMAL 21 PTCLDY (SCALE 4-7) 11
TOTAL FM JUL 1 76 CLOUDY (SCALE 8-10) 2
DPTR FM NORMAL -19
[CDD (BASE 65) ]
TOTAL THIS MO. 109
DPTR FM NORMAL 35 [PRESSURE DATA]
TOTAL FM JAN 1 428 HIGHEST SLP M ON M
DPTR FM NORMAL 226 LOWEST SLP 29.74 ON 31
[REMARKS]
#FINAL-08-21#