000
CXUS53 KOAX 010930
CF6LNK
PRELIMINARY LOCAL CLIMATOLOGICAL DATA (WS FORM: F-6)
STATION: LINCOLN NE
MONTH: MARCH
YEAR: 2024
LATITUDE: 40 50 N
LONGITUDE: 96 45 W
TEMPERATURE IN F: :PCPN: SNOW: WIND :SUNSHINE: SKY :PK WND
================================================================================
1 2 3 4 5 6A 6B 7 8 9 10 11 12 13 14 15 16 17 18
12Z AVG MX 2MIN
DY MAX MIN AVG DEP HDD CDD WTR SNW DPTH SPD SPD DIR MIN PSBL S-S WX SPD DR
================================================================================
1 56 29 43 8 22 0 0.00 0.0 0 15.3 26 200 M M 3 34 190
2 72 34 53 18 12 0 0.00 0.0 0 13.1 28 160 M M 3 128 37 140
3 71 34 53 17 12 0 0.00 0.0 0 14.7 28 240 M M 0 42 180
4 55 31 43 7 22 0 0.00 0.0 0 16.8 29 10 M M 6 39 40
5 59 20 40 4 25 0 0.00 0.0 0 6.1 14 340 M M 0 8 18 330
6 59 21 40 3 25 0 0.00 0.0 0 7.8 20 150 M M 4 30 150
7 56 30 43 6 22 0 0.00 0.0 0 14.1 30 40 M M 6 39 40
8 47 23 35 -3 30 0 T T T 15.0 26 10 M M 8 8 35 30
9 56 18 37 -1 28 0 0.00 0.0 0 6.7 18 350 M M 0 26 320
10 70 17 44 5 21 0 0.00 0.0 0 9.2 23 180 M M 0 31 180
11 77 39 58 19 7 0 0.00 0.0 0 13.7 29 210 M M 0 38 210
12 71 37 54 14 11 0 0.00 0.0 0 5.0 18 200 M M 0 26 190
13 74 32 53 13 12 0 0.24 0.0 0 7.3 22 20 M M 2 38 29 20
14 53 47 50 10 15 0 0.34 0.0 0 16.3 38 20 M M 10 18 48 20
15 59 37 48 7 17 0 0.00 0.0 0 10.0 21 360 M M 2 26 360
16 60 33 47 6 18 0 0.00 0.0 0 12.3 26 320 M M 0 37 310
17 41 25 33 -9 32 0 0.00 0.0 0 15.4 29 350 M M 2 40 340
18 44 16 30 -12 35 0 0.00 0.0 0 8.9 18 330 M M 2 27 10
19 69 34 52 9 13 0 0.00 0.0 0 8.5 21 350 M M 0 27 340
20 49 32 41 -2 24 0 0.00 0.0 0 12.6 24 20 M M 1 33 30
21 59 29 44 1 21 0 0.00 0.0 0 10.4 18 110 M M 2 8 23 140
22 46 31 39 -5 26 0 T 0.0 0 16.1 28 10 M M 9 35 360
23 36 28 32 -12 33 0 0.02 T 0 9.8 17 110 M M 7 23 120
24 53 29 41 -3 24 0 0.46 0.0 0 14.5 31 170 M M 9 138 43 160
25 50 31 41 -4 24 0 0.03 0.0 0 17.5 31 360 M M 10 16 40 360
26 36 23 30 -15 35 0 T T T 17.8 33 330 M M 7 18 43 310
27 49 15 32 -14 33 0 0.00 0.0 0 5.9 16 240 M M 3 21 240
28 71 32 52 6 13 0 0.00 0.0 0 8.5 21 210 M M 1 30 240
29 72 46 59 13 6 0 0.00 0.0 0 12.8 26 340 M M 0 34 330
30 60 35 48 1 17 0 0.00 0.0 0 12.4 24 350 M M 0 30 340
31 59 35 47 0 18 0 0.00 0.0 0 12.0 20 40 M M 10 25 40
================================================================================
SM 1789 923 653 0 1.09 T 366.5 M 107
================================================================================
AV 57.7 29.8 11.8 FASTST M M 3 MAX(MPH)
MISC ----> 38 20 48 20
================================================================================
NOTES:
# LAST OF SEVERAL OCCURRENCES
COLUMN 17 PEAK WIND IN M.P.H.
PRELIMINARY LOCAL CLIMATOLOGICAL DATA (WS FORM: F-6) , PAGE 2
STATION: LINCOLN NE
MONTH: MARCH
YEAR: 2024
LATITUDE: 40 50 N
LONGITUDE: 96 45 W
[TEMPERATURE DATA] [PRECIPITATION DATA] SYMBOLS USED IN COLUMN 16
AVERAGE MONTHLY: 43.7 TOTAL FOR MONTH: 1.09 1 = FOG OR MIST
DPTR FM NORMAL: 2.5 DPTR FM NORMAL: -0.46 2 = FOG REDUCING VISIBILITY
HIGHEST: 77 ON 11 GRTST 24HR 0.58 ON 13-14 TO 1/4 MILE OR LESS
LOWEST: 15 ON 27 3 = THUNDER
SNOW, ICE PELLETS, HAIL 4 = ICE PELLETS
TOTAL MONTH: T 5 = HAIL
GRTST 24HR T ON 8- 8 6 = FREEZING RAIN OR DRIZZLE
GRTST DEPTH: T 7 = DUSTSTORM OR SANDSTORM:
VSBY 1/2 MILE OR LESS
8 = SMOKE OR HAZE
[NO. OF DAYS WITH] [WEATHER - DAYS WITH] 9 = BLOWING SNOW
X = TORNADO
MAX 32 OR BELOW: 0 0.01 INCH OR MORE: 5
MAX 90 OR ABOVE: 0 0.10 INCH OR MORE: 3
MIN 32 OR BELOW: 20 0.50 INCH OR MORE: 0
MIN 0 OR BELOW: 0 1.00 INCH OR MORE: 0
[HDD (BASE 65) ]
TOTAL THIS MO. 653 CLEAR (SCALE 0-3) 18
DPTR FM NORMAL -88 PTCLDY (SCALE 4-7) 8
TOTAL FM JUL 1 4599 CLOUDY (SCALE 8-10) 5
DPTR FM NORMAL -700
[CDD (BASE 65) ]
TOTAL THIS MO. 0
DPTR FM NORMAL -2 [PRESSURE DATA]
TOTAL FM JAN 1 0 HIGHEST SLP 30.44 ON 18
DPTR FM NORMAL -2 LOWEST SLP 29.29 ON 25
[REMARKS]
#FINAL-03-24#