000
CXUS53 KOAX 010930
CF6LNK
PRELIMINARY LOCAL CLIMATOLOGICAL DATA (WS FORM: F-6)
STATION: LINCOLN NE
MONTH: OCTOBER
YEAR: 2021
LATITUDE: 40 50 N
LONGITUDE: 96 45 W
TEMPERATURE IN F: :PCPN: SNOW: WIND :SUNSHINE: SKY :PK WND
================================================================================
1 2 3 4 5 6A 6B 7 8 9 10 11 12 13 14 15 16 17 18
12Z AVG MX 2MIN
DY MAX MIN AVG DEP HDD CDD WTR SNW DPTH SPD SPD DIR MIN PSBL S-S WX SPD DR
================================================================================
1 71 62 67 6 0 2 0.00 0.0 0 5.7 13 260 M M 10 1 16 250
2 69 57 63 3 2 0 0.01 0.0 0 6.5 15 340 M M 10 1 19 340
3 81 47 64 4 1 0 0.00 0.0 0 6.6 18 340 M M 0 26 340
4 82 46 64 4 1 0 0.00 0.0 0 4.6 17 60 M M 0 23 60
5 80 44 62 3 3 0 0.00 0.0 0 4.1 13 80 M M 0 8 18 80
6 76 49 63 5 2 0 0.00 0.0 0 3.4 13 110 M M 5 1 17 90
7 81 52 67 9 0 2 0.00 0.0 0 4.2 13 160 M M 3 18 17 140
8 86 54 70 12 0 5 0.00 0.0 0 2.5 10 170 M M 1 14 160
9 78 58 68 11 0 3 T 0.0 0 5.6 17 180 M M 0 24 140
10 69 49 59 2 6 0 0.00 0.0 0 5.8 20 330 M M 0 25 330
11 78 43 61 5 4 0 0.00 0.0 0 7.3 18 360 M M 0 25 350
12 81 39 60 4 5 0 T 0.0 0 8.2 24 150 M M 1 8 35 120
13 67 52 60 5 5 0 0.85 0.0 0 16.9 32 250 M M 2 3 44 240
14 65 34 50 -5 15 0 T 0.0 0 6.7 21 340 M M 4 29 330
15 64 39 52 -2 13 0 0.04 0.0 0 7.5 25 340 M M 3 1 32 340
16 68 39 54 0 11 0 0.00 0.0 0 5.2 17 290 M M 0 24 290
17 78 34 56 3 9 0 0.00 0.0 0 5.7 16 190 M M 0 21 210
18 77 41 59 6 6 0 0.00 0.0 0 10.8 26 170 M M 0 36 170
19 79 55 67 15 0 2 0.00 0.0 0 14.0 23 180 M M 0 32 180
20 63 45 54 2 11 0 0.00 0.0 0 14.4 24 280 M M 7 34 280
21 58 32 45 -6 20 0 0.00 0.0 0 9.9 24 310 M M 4 30 310
22 63 28 46 -5 19 0 0.00 0.0 0 6.0 17 90 M M 0 22 70
23 64 39 52 2 13 0 0.01 0.0 0 10.9 20 100 M M 7 3 26 80
24 50 45 48 -2 17 0 1.50 0.0 0 13.6 30 340 M M 10 138 41 350
25 57 43 50 0 15 0 0.00 0.0 0 7.7 15 20 M M 5 1 19 10
26 59 41 50 1 15 0 T 0.0 0 15.9 26 140 M M 9 1 37 140
27 59 50 55 6 10 0 1.62 0.0 0 12.8 23 340 M M 10 18 34 340
28 60 49 55 7 10 0 0.01 0.0 0 22.2 36 340 M M 5 48 350
29 62 33 48 0 17 0 0.00 0.0 0 12.1 25 350 M M 0 38 340
30 73 29 51 4 14 0 0.00 0.0 0 10.5 29 350 M M 1 38 350
31 49 35 42 -5 23 0 0.00 0.0 0 9.4 28 360 M M 7 36 350
================================================================================
SM 2147 1363 267 14 4.04 0.0 276.7 M 104
================================================================================
AV 69.3 44.0 8.9 FASTST M M 3 MAX(MPH)
MISC ----> 36 340 48 350
================================================================================
NOTES:
# LAST OF SEVERAL OCCURRENCES
COLUMN 17 PEAK WIND IN M.P.H.
PRELIMINARY LOCAL CLIMATOLOGICAL DATA (WS FORM: F-6) , PAGE 2
STATION: LINCOLN NE
MONTH: OCTOBER
YEAR: 2021
LATITUDE: 40 50 N
LONGITUDE: 96 45 W
[TEMPERATURE DATA] [PRECIPITATION DATA] SYMBOLS USED IN COLUMN 16
AVERAGE MONTHLY: 56.6 TOTAL FOR MONTH: 4.04 1 = FOG OR MIST
DPTR FM NORMAL: 2.8 DPTR FM NORMAL: 1.90 2 = FOG REDUCING VISIBILITY
HIGHEST: 86 ON 8 GRTST 24HR 1.62 ON 26-27 TO 1/4 MILE OR LESS
LOWEST: 28 ON 22 3 = THUNDER
SNOW, ICE PELLETS, HAIL 4 = ICE PELLETS
TOTAL MONTH: 0.0 INCH 5 = HAIL
GRTST 24HR 0.0 6 = FREEZING RAIN OR DRIZZLE
GRTST DEPTH: 0 7 = DUSTSTORM OR SANDSTORM:
VSBY 1/2 MILE OR LESS
8 = SMOKE OR HAZE
[NO. OF DAYS WITH] [WEATHER - DAYS WITH] 9 = BLOWING SNOW
X = TORNADO
MAX 32 OR BELOW: 0 0.01 INCH OR MORE: 7
MAX 90 OR ABOVE: 0 0.10 INCH OR MORE: 3
MIN 32 OR BELOW: 3 0.50 INCH OR MORE: 3
MIN 0 OR BELOW: 0 1.00 INCH OR MORE: 2
[HDD (BASE 65) ]
TOTAL THIS MO. 267 CLEAR (SCALE 0-3) 18
DPTR FM NORMAL -100 PTCLDY (SCALE 4-7) 8
TOTAL FM JUL 1 294 CLOUDY (SCALE 8-10) 5
DPTR FM NORMAL -153
[CDD (BASE 65) ]
TOTAL THIS MO. 14
DPTR FM NORMAL -6 [PRESSURE DATA]
TOTAL FM JAN 1 1458 HIGHEST SLP 30.39 ON 31
DPTR FM NORMAL 189 LOWEST SLP 29.42 ON 13
[REMARKS]
#FINAL-10-21#