000
CXUS53 KLMK 010710
CF6LOU
PRELIMINARY LOCAL CLIMATOLOGICAL DATA (WS FORM: F-6)
STATION: LOUISVILLE BOWMAN KY
MONTH: MAY
YEAR: 2021
LATITUDE: 38 13 N
LONGITUDE: 85 39 W
TEMPERATURE IN F: :PCPN: SNOW: WIND :SUNSHINE: SKY :PK WND
================================================================================
1 2 3 4 5 6A 6B 7 8 9 10 11 12 13 14 15 16 17 18
12Z AVG MX 2MIN
DY MAX MIN AVG DEP HDD CDD WTR SNW DPTH SPD SPD DIR MIN PSBL S-S WX SPD DR
================================================================================
1 75 38 57 -6 8 0 0.00 M M 8.0 17 230 M M 0 8 25 200
2 75 57 66 3 0 1 0.06 M M 7.3 16 210 M M 4 22 190
3 78 62 70 6 0 5 0.30 M M 8.7 18 250 M M 8 1 28 250
4 79 58 69 5 0 4 0.78 M M 8.8 24 220 M M 7 13 40 210
5 67 46 57 -7 8 0 0.26 M M 7.0 15 300 M M 6 13 26 280
6 67 40 54 -10 11 0 T M M 4.9 18 260 M M 4 26 270
7 68 43 56 -9 9 0 0.03 M M 8.0 28 270 M M 5 18 44 280
8 63 42 53 -12 12 0 T M M 4.8 13 230 M M 6 19 10
9 68 48 58 -7 7 0 0.26 M M 13.8 36 180 M M 9 3 53 180
10 65 42 54 -12 11 0 0.00 M M 6.3 16 70 M M 3 24 80
11 65 44 55 -11 10 0 0.00 M M 6.3 15 20 M M 4 22 30
12 66 46 56 -10 9 0 0.00 M M 9.0 17 20 M M 0 28 60
13 68 41 55 -11 10 0 0.00 M M 4.2 15 50 M M 2 22 50
14 72 41 57 -10 8 0 0.00 M M 2.0 13 40 M M 4 18 30
15 74 43 59 -8 6 0 0.00 M M 3.4 14 240 M M 2 18 90
16 71 57 64 -3 1 0 0.01 M M 5.2 15 170 M M 9 20 150
17 78 62 70 2 0 5 0.00 M M 5.8 14 190 M M 7 19 190
18 81 65 73 5 0 8 T M M 8.0 18 140 M M 6 27 140
19 83 68 76 8 0 11 T M M 6.2 14 170 M M 2 19 180
20 85 65 75 7 0 10 0.00 M M 4.8 17 180 M M 1 24 180
21 85 60 73 4 0 8 0.00 M M 4.3 18 160 M M 0 27 210
22 88 59 74 5 0 9 0.00 M M 2.1 12 260 M M 1 16 230
23 89 61 75 6 0 10 0.00 M M 2.1 10 300 M M 1 18 14 360
24 89 65 77 7 0 12 0.00 M M 3.5 15 240 M M 1 19 230
25 90 66 78 8 0 13 0.00 M M 6.1 16 220 M M 1 21 220
26 80 64 72 2 0 7 0.77 M M 6.0 21 250 M M 4 123 30 250
27 84 63 74 4 0 9 0.00 M M 4.0 15 270 M M 6 128 22 280
28 78 57 68 -3 0 3 0.13 M M 6.1 21 320 M M 9 18 37 320
29 57 50 54 -17 11 0 0.01 M M 6.6 14 20 M M 10 18 19 40
30 71 44 58 -13 7 0 0.00 M M 5.6 14 20 M M 1 19 10
31 77 46 62 -10 3 0 0.00 M M 2.6 12 120 M M 0 16 120
================================================================================
SM 2336 1643 131 115 2.61 M 181.5 M 123
================================================================================
AV 75.4 53.0 5.9 FASTST M M 4 MAX(MPH)
MISC ----> 36 180 53 180
================================================================================
NOTES:
# LAST OF SEVERAL OCCURRENCES
COLUMN 17 PEAK WIND IN M.P.H.
PRELIMINARY LOCAL CLIMATOLOGICAL DATA (WS FORM: F-6) , PAGE 2
STATION: LOUISVILLE BOWMAN KY
MONTH: MAY
YEAR: 2021
LATITUDE: 38 13 N
LONGITUDE: 85 39 W
[TEMPERATURE DATA] [PRECIPITATION DATA] SYMBOLS USED IN COLUMN 16
AVERAGE MONTHLY: 64.2 TOTAL FOR MONTH: 2.61 1 = FOG OR MIST
DPTR FM NORMAL: -3.0 DPTR FM NORMAL: -2.55 2 = FOG REDUCING VISIBILITY
HIGHEST: 90 ON 25 GRTST 24HR 1.04 ON 4- 5 TO 1/4 MILE OR LESS
LOWEST: 38 ON 1 3 = THUNDER
SNOW, ICE PELLETS, HAIL 4 = ICE PELLETS
TOTAL MONTH: M 5 = HAIL
GRTST 24HR M ON M 6 = FREEZING RAIN OR DRIZZLE
GRTST DEPTH: M ON M 7 = DUSTSTORM OR SANDSTORM:
VSBY 1/2 MILE OR LESS
8 = SMOKE OR HAZE
[NO. OF DAYS WITH] [WEATHER - DAYS WITH] 9 = BLOWING SNOW
X = TORNADO
MAX 32 OR BELOW: 0 0.01 INCH OR MORE: 10
MAX 90 OR ABOVE: 1 0.10 INCH OR MORE: 6
MIN 32 OR BELOW: 0 0.50 INCH OR MORE: 2
MIN 0 OR BELOW: 0 1.00 INCH OR MORE: 0
[HDD (BASE 65) ]
TOTAL THIS MO. 131 CLEAR (SCALE 0-3) 13
DPTR FM NORMAL 61 PTCLDY (SCALE 4-7) 14
TOTAL FM JUL 1 4092 CLOUDY (SCALE 8-10) 4
DPTR FM NORMAL -55
[CDD (BASE 65) ]
TOTAL THIS MO. 115
DPTR FM NORMAL -25 [PRESSURE DATA]
TOTAL FM JAN 1 141 HIGHEST SLP M ON M
DPTR FM NORMAL -42 LOWEST SLP 29.60 ON 3
[REMARKS]
#FINAL-05-21#