000
CXUS55 KJKL 011501
CF6LOZ
PRELIMINARY LOCAL CLIMATOLOGICAL DATA (WS FORM: F-6)
STATION: LONDON KY
MONTH: AUGUST
YEAR: 2020
LATITUDE: 37 4 N
LONGITUDE: 84 5 W
TEMPERATURE IN F: :PCPN: SNOW: WIND :SUNSHINE: SKY :PK WND
================================================================================
1 2 3 4 5 6A 6B 7 8 9 10 11 12 13 14 15 16 17 18
12Z AVG MX 2MIN
DY MAX MIN AVG DEP HDD CDD WTR SNW DPTH SPD SPD DIR MIN PSBL S-S WX SPD DR
================================================================================
1 87 70 79 3 0 14 0.19 M M 9.0 22 200 M M 5 1 34 260
2 79 65 72 -4 0 7 0.05 M M 6.3 16 240 M M 6 1 23 240
3 85 61 73 -3 0 8 T M M 2.7 15 260 M M 1 1 19 330
4 81 62 72 -4 0 7 T M M 3.5 12 340 M M 2 1 17 330
5 83 62 73 -3 0 8 0.00 M M 3.7 12 350 M M 4 16 10
6 85 65 75 -1 0 10 0.00 M M 4.2 12 20 M M 4 3 15 20
7 85 65 75 -1 0 10 0.00 M M 2.4 10 310 M M 3 12 14 340
8 86 62 74 -2 0 9 0.00 M M 1.7 9 270 M M 1 12 14 270
9 89 59 74 -2 0 9 0.00 M M 1.6 8 250 M M 1 12 13 140
10 83 70 77 1 0 12 0.19 M M 3.5 14 40 M M 5 13 20 50
11 87 69 78 2 0 13 0.01 M M 3.1 13 260 M M 2 3 20 300
12 89 66 78 2 0 13 T M M 2.4 10 300 M M 2 1 14 280
13 92 68 80 4 0 15 1.02 M M 2.0 16 190 M M 2 13 22 190
14 80 69 75 -1 0 10 0.10 M M 1.6 16 320 M M 5 1 25 320
15 84 69 77 1 0 12 T M M 4.2 16 340 M M 7 13 24 320
16 86 64 75 -1 0 10 0.01 M M 3.0 14 290 M M 7 12 18 310
17 85 65 75 0 0 10 0.00 M M 2.7 13 280 M M 1 17 270
18 86 62 74 -1 0 9 0.59 M M 3.6 23 10 M M 3 13 32 20
19 81 64 73 -2 0 8 0.00 M M 6.7 14 20 M M 6 19 10
20 85 61 73 -2 0 8 0.00 M M 3.4 14 90 M M 1 3 20 100
21 78 68 73 -2 0 8 0.17 M M 3.2 10 110 M M 6 1 15 140
22 82 66 74 -1 0 9 0.16 M M 3.7 14 190 M M 7 123 18 240
23 83 65 74 -1 0 9 0.01 M M 3.6 14 190 M M 4 3 21 220
24 84 65 75 0 0 10 0.08 M M 2.9 13 190 M M 1 13 18 160
25 88 66 77 3 0 12 0.00 M M 1.8 7 180 M M 3 12 13 320
26 88 67 78 4 0 13 0.00 M M 2.1 10 240 M M 1 1 17 230
27 87 70 79 5 0 14 0.05 M M 3.0 15 20 M M 2 13 22 330
28 84 72 78 4 0 13 0.36 M M 4.6 15 180 M M 3 1 25 170
29 80 71 76 2 0 11 1.25 M M 7.3 17 190 M M 9 12 28 170
30 80 67 74 0 0 9 0.06 M M 2.7 8 50 M M 4 12 14 70
31 83 69 76 3 0 11 0.62 M M 3.5 13 250 M M 7 13 18 280
================================================================================
SM 2615 2044 0 321 4.92 M 109.7 M 115
================================================================================
AV 84.4 65.9 3.5 FASTST M M 4 MAX(MPH)
MISC ----> # 23 10 # 34 260
================================================================================
NOTES:
# LAST OF SEVERAL OCCURRENCES
COLUMN 17 PEAK WIND IN M.P.H.
PRELIMINARY LOCAL CLIMATOLOGICAL DATA (WS FORM: F-6) , PAGE 2
STATION: LONDON KY
MONTH: AUGUST
YEAR: 2020
LATITUDE: 37 4 N
LONGITUDE: 84 5 W
[TEMPERATURE DATA] [PRECIPITATION DATA] SYMBOLS USED IN COLUMN 16
AVERAGE MONTHLY: 75.2 TOTAL FOR MONTH: 4.92 1 = FOG OR MIST
DPTR FM NORMAL: -0.1 DPTR FM NORMAL: 1.21 2 = FOG REDUCING VISIBILITY
HIGHEST: 92 ON 13 GRTST 24HR 1.25 ON 29-29 TO 1/4 MILE OR LESS
LOWEST: 59 ON 9 3 = THUNDER
SNOW, ICE PELLETS, HAIL 4 = ICE PELLETS
TOTAL MONTH: M 5 = HAIL
GRTST 24HR M ON M 6 = FREEZING RAIN OR DRIZZLE
GRTST DEPTH: M ON M 7 = DUSTSTORM OR SANDSTORM:
VSBY 1/2 MILE OR LESS
8 = SMOKE OR HAZE
[NO. OF DAYS WITH] [WEATHER - DAYS WITH] 9 = BLOWING SNOW
X = TORNADO
MAX 32 OR BELOW: 0 0.01 INCH OR MORE: 17
MAX 90 OR ABOVE: 1 0.10 INCH OR MORE: 10
MIN 32 OR BELOW: 0 0.50 INCH OR MORE: 4
MIN 0 OR BELOW: 0 1.00 INCH OR MORE: 2
[HDD (BASE 65) ]
TOTAL THIS MO. 0 CLEAR (SCALE 0-3) 14
DPTR FM NORMAL -1 PTCLDY (SCALE 4-7) 16
TOTAL FM JUL 1 0 CLOUDY (SCALE 8-10) 1
DPTR FM NORMAL -1
[CDD (BASE 65) ]
TOTAL THIS MO. 321
DPTR FM NORMAL 4 [PRESSURE DATA]
TOTAL FM JAN 1 1089 HIGHEST SLP 30.19 ON 9
DPTR FM NORMAL 65 LOWEST SLP 29.68 ON 29
[REMARKS]
#FINAL-08-20#