000
CXUS54 KCRP 011310
CF6LRD
PRELIMINARY LOCAL CLIMATOLOGICAL DATA (WS FORM: F-6)
STATION: LAREDO
MONTH: DECEMBER
YEAR: 2021
LATITUDE: 27 31 N
LONGITUDE: 99 28 W
TEMPERATURE IN F: :PCPN: SNOW: WIND :SUNSHINE: SKY :PK WND
================================================================================
1 2 3 4 5 6A 6B 7 8 9 10 11 12 13 14 15 16 17 18
12Z AVG MX 2MIN
DY MAX MIN AVG DEP HDD CDD WTR SNW DPTH SPD SPD DIR MIN PSBL S-S WX SPD DR
================================================================================
1 83 59 71 9 0 6 0.00 0.0 0 M M M M M 0 M M
2 86 60 73 11 0 8 0.00 0.0 0 M M M M M 1 M M
3 88 65 77 16 0 12 T 0.0 0 M M M M M 2 M M
4 88 66 77 16 0 12 0.00 0.0 0 M M M M M 1 1 M M
5 83 69 76 15 0 11 0.00 0.0 0 M M M M M 5 M M
6 78 59 69 8 0 4 0.00 0.0 0 M M M M M 5 1 M M
7 76 55 66 6 0 1 0.00 0.0 0 M M M M M 3 M M
8 84 49 67 7 0 2 0.00 0.0 0 M M M M M 0 M M
9 89 66 78 18 0 13 0.00 0.0 0 M M M M M 5 1 M M
10 91 69 80 20 0 15 0.00 0.0 0 M M M M M 3 18 M M
11 73 52 63 4 2 0 0.00 0.0 0 M M M M M 3 1 M M
12 69 42 56 -3 9 0 0.00 0.0 0 M M M M M 1 M M
13 76 51 64 5 1 0 0.00 0.0 0 M M M M M 7 M M
14 83 63 73 14 0 8 T 0.0 0 M M M M M 7 M M
15 87 69 78 20 0 13 0.00 0.0 0 M M M M M 5 M M
16 87 69 78 20 0 13 0.00 0.0 0 M M M M M 4 M M
17 83 70 77 19 0 12 0.00 0.0 0 M M M M M 6 M M
18 83 56 70 12 0 5 0.01 0.0 0 M M M M M 8 8 M M
19 56 43 50 -8 15 0 0.01 0.0 0 M M M M M 10 M M
20 66 43 55 -3 10 0 0.00 0.0 0 M M M M M 3 M M
21 74 43 59 2 6 0 0.00 0.0 0 M M M M M 0 M M
22 83 49 66 9 0 1 0.00 0.0 0 M M M M M 0 M M
23 83 59 71 14 0 6 0.00 0.0 0 M M M M M 3 1 M M
24 85 62 74 17 0 9 0.00 0.0 0 M M M M M 2 M M
25 89 62 76 19 0 11 0.00 0.0 0 M M M M M 2 1 M M
26 87 62 75 19 0 10 0.00 0.0 0 M M M M M 3 1 M M
27 85 61 73 17 0 8 0.00 0.0 0 M M M M M 1 1 M M
28 82 60 71 15 0 6 0.00 0.0 0 M M M M M 2 18 M M
29 81 54 68 12 0 3 0.00 0.0 0 M M M M M 0 1 M M
30 88 60 74 18 0 9 0.00 0.0 0 M M M M M 0 8 M M
31 90 66 78 22 0 13 0.00 0.0 M M M M M M 2 1 M M
================================================================================
SM 2536 1813 43 211 0.02 0.0 M M 94
================================================================================
AV 81.8 58.5 M FASTST M M 3 MAX(MPH)
MISC ----> M M M M
================================================================================
NOTES:
# LAST OF SEVERAL OCCURRENCES
COLUMN 17 PEAK WIND IN M.P.H.
PRELIMINARY LOCAL CLIMATOLOGICAL DATA (WS FORM: F-6) , PAGE 2
STATION: LAREDO
MONTH: DECEMBER
YEAR: 2021
LATITUDE: 27 31 N
LONGITUDE: 99 28 W
[TEMPERATURE DATA] [PRECIPITATION DATA] SYMBOLS USED IN COLUMN 16
AVERAGE MONTHLY: 70.1 TOTAL FOR MONTH: 0.02 1 = FOG OR MIST
DPTR FM NORMAL: 11.5 DPTR FM NORMAL: -1.05 2 = FOG REDUCING VISIBILITY
HIGHEST: 91 ON 10 GRTST 24HR 0.06 ON 16-16 TO 1/4 MILE OR LESS
LOWEST: 42 ON 12 3 = THUNDER
SNOW, ICE PELLETS, HAIL 4 = ICE PELLETS
TOTAL MONTH: 0.0 INCH 5 = HAIL
GRTST 24HR 0.0 6 = FREEZING RAIN OR DRIZZLE
GRTST DEPTH: 0 7 = DUSTSTORM OR SANDSTORM:
VSBY 1/2 MILE OR LESS
8 = SMOKE OR HAZE
[NO. OF DAYS WITH] [WEATHER - DAYS WITH] 9 = BLOWING SNOW
X = TORNADO
MAX 32 OR BELOW: 0 0.01 INCH OR MORE: 2
MAX 90 OR ABOVE: 2 0.10 INCH OR MORE: 0
MIN 32 OR BELOW: 0 0.50 INCH OR MORE: 0
MIN 0 OR BELOW: 0 1.00 INCH OR MORE: 0
[HDD (BASE 65) ]
TOTAL THIS MO. 43 CLEAR (SCALE 0-3) 20
DPTR FM NORMAL -192 PTCLDY (SCALE 4-7) 10
TOTAL FM JUL 1 85 CLOUDY (SCALE 8-10) 1
DPTR FM NORMAL -258
[CDD (BASE 65) ]
TOTAL THIS MO. 211
DPTR FM NORMAL 175 [PRESSURE DATA]
TOTAL FM JAN 1 4756 HIGHEST SLP 30.36 ON 19
DPTR FM NORMAL 415 LOWEST SLP 29.61 ON 28
[REMARKS]
#FINAL-12-21#