000
CXUS54 KCRP 011310
CF6LRD
PRELIMINARY LOCAL CLIMATOLOGICAL DATA (WS FORM: F-6)
STATION: LAREDO
MONTH: OCTOBER
YEAR: 2021
LATITUDE: 27 31 N
LONGITUDE: 99 28 W
TEMPERATURE IN F: :PCPN: SNOW: WIND :SUNSHINE: SKY :PK WND
================================================================================
1 2 3 4 5 6A 6B 7 8 9 10 11 12 13 14 15 16 17 18
12Z AVG MX 2MIN
DY MAX MIN AVG DEP HDD CDD WTR SNW DPTH SPD SPD DIR MIN PSBL S-S WX SPD DR
================================================================================
1 92 73 83 3 0 18 0.00 0.0 0 M M M M M 4 M M
2 93 71 82 2 0 17 0.00 0.0 0 M M M M M 2 M M
3 95 73 84 4 0 19 0.00 0.0 0 M M M M M 2 M M
4 93 72 83 3 0 18 0.03 0.0 0 M M M M M 3 3 M M
5 94 65 80 0 0 15 0.00 0.0 0 M M M M M 0 1 M M
6 95 68 82 3 0 17 0.00 0.0 0 M M M M M 0 M M
7 95 68 82 3 0 17 0.00 0.0 0 M M M M M 0 M M
8 96 68 82 3 0 17 0.00 0.0 0 M M M M M 0 M M
9 96 67 82 4 0 17 0.00 0.0 0 M M M M M 0 M M
10 102 76 89 11 0 24 0.00 0.0 0 M M M M M 4 M M
11 92 74 83 5 0 18 0.00 0.0 0 M M M M M 5 M M
12 99 79 89 11 0 24 T 0.0 0 M M M M M 4 1 M M
13 93 75 84 7 0 19 0.61 0.0 0 M M M M M 9 13 M M
14 94 77 86 9 0 21 T 0.0 0 M M M M M 4 18 M M
15 92 75 84 7 0 19 0.00 0.0 0 M M M M M 4 18 M M
16 78 64 71 -5 0 6 T 0.0 0 M M M M M 5 M M
17 80 58 69 -7 0 4 0.00 0.0 0 M M M M M 1 M M
18 87 58 73 -3 0 8 0.00 0.0 0 M M M M M 0 M M
19 89 64 77 1 0 12 0.00 0.0 0 M M M M M 0 M M
20 92 69 81 6 0 16 0.00 0.0 0 M M M M M 1 M M
21 91 71 81 6 0 16 0.00 0.0 0 M M M M M 3 M M
22 92 72 82 8 0 17 T 0.0 0 M M M M M 3 3 M M
23 92 67 80 6 0 15 0.00 0.0 0 M M M M M 0 M M
24 95 74 85 11 0 20 0.00 0.0 0 M M M M M 3 M M
25 97 73 85 12 0 20 0.00 0.0 0 M M M M M 1 M M
26 98 78 88 15 0 23 0.00 0.0 0 M M M M M 4 M M
27 89 64 77 4 0 12 0.00 0.0 0 M M M M M 2 1 M M
28 86 51 69 -3 0 4 0.00 0.0 0 M M M M M 0 M M
29 85 51 68 -4 0 3 0.00 0.0 0 M M M M M 0 M M
30 89 50 70 -2 0 5 0.00 0.0 0 M M M M M 0 M M
31 92 62 77 6 0 12 0.00 0.0 0 M M M M M 0 M M
================================================================================
SM 2853 2107 0 473 0.64 0.0 M M 64
================================================================================
AV 92.0 68.0 M FASTST M M 2 MAX(MPH)
MISC ----> M M M M
================================================================================
NOTES:
# LAST OF SEVERAL OCCURRENCES
COLUMN 17 PEAK WIND IN M.P.H.
PRELIMINARY LOCAL CLIMATOLOGICAL DATA (WS FORM: F-6) , PAGE 2
STATION: LAREDO
MONTH: OCTOBER
YEAR: 2021
LATITUDE: 27 31 N
LONGITUDE: 99 28 W
[TEMPERATURE DATA] [PRECIPITATION DATA] SYMBOLS USED IN COLUMN 16
AVERAGE MONTHLY: 80.0 TOTAL FOR MONTH: 0.64 1 = FOG OR MIST
DPTR FM NORMAL: 3.7 DPTR FM NORMAL: -1.11 2 = FOG REDUCING VISIBILITY
HIGHEST: 102 ON 10 GRTST 24HR 0.61 ON 13-13 TO 1/4 MILE OR LESS
LOWEST: 50 ON 30 3 = THUNDER
SNOW, ICE PELLETS, HAIL 4 = ICE PELLETS
TOTAL MONTH: 0.0 INCH 5 = HAIL
GRTST 24HR 0.0 6 = FREEZING RAIN OR DRIZZLE
GRTST DEPTH: 0 7 = DUSTSTORM OR SANDSTORM:
VSBY 1/2 MILE OR LESS
8 = SMOKE OR HAZE
[NO. OF DAYS WITH] [WEATHER - DAYS WITH] 9 = BLOWING SNOW
X = TORNADO
MAX 32 OR BELOW: 0 0.01 INCH OR MORE: 2
MAX 90 OR ABOVE: 23 0.10 INCH OR MORE: 1
MIN 32 OR BELOW: 0 0.50 INCH OR MORE: 1
MIN 0 OR BELOW: 0 1.00 INCH OR MORE: 0
[HDD (BASE 65) ]
TOTAL THIS MO. 0 CLEAR (SCALE 0-3) 20
DPTR FM NORMAL -14 PTCLDY (SCALE 4-7) 10
TOTAL FM JUL 1 0 CLOUDY (SCALE 8-10) 1
DPTR FM NORMAL -12
[CDD (BASE 65) ]
TOTAL THIS MO. 473
DPTR FM NORMAL 111 [PRESSURE DATA]
TOTAL FM JAN 1 4404 HIGHEST SLP 30.38 ON 16
DPTR FM NORMAL 231 LOWEST SLP 29.55 ON 27
[REMARKS]
#FINAL-10-21#