000
CXUS54 KCRP 011652
CF6LRD
PRELIMINARY LOCAL CLIMATOLOGICAL DATA (WS FORM: F-6)
STATION: LAREDO
MONTH: SEPTEMBER
YEAR: 2021
LATITUDE: 27 31 N
LONGITUDE: 99 28 W
TEMPERATURE IN F: :PCPN: SNOW: WIND :SUNSHINE: SKY :PK WND
================================================================================
1 2 3 4 5 6A 6B 7 8 9 10 11 12 13 14 15 16 17 18
12Z AVG MX 2MIN
DY MAX MIN AVG DEP HDD CDD WTR SNW DPTH SPD SPD DIR MIN PSBL S-S WX SPD DR
================================================================================
1 103 79 91 5 0 26 0.00 0.0 0 M M M M M 1 M M
2 103 79 91 5 0 26 0.00 0.0 0 M M M M M 2 M M
3 102 78 90 5 0 25 0.00 0.0 0 M M M M M 2 M M
4 102 78 90 5 0 25 0.00 0.0 0 M M M M M 0 M M
5 103 76 90 5 0 25 0.00 0.0 0 M M M M M 0 M M
6 103 73 88 3 0 23 0.00 0.0 0 M M M M M 1 M M
7 101 77 89 5 0 24 0.03 0.0 0 M M M M M 1 3 M M
8 101 75 88 4 0 23 0.00 0.0 0 M M M M M 0 M M
9 100 73 87 3 0 22 0.00 0.0 0 M M M M M 0 M M
10 99 73 86 2 0 21 0.00 0.0 0 M M M M M 1 M M
11 96 72 84 0 0 19 0.00 0.0 0 M M M M M 1 M M
12 95 74 85 2 0 20 T 0.0 0 M M M M M 2 M M
13 91 75 83 0 0 18 T 0.0 0 M M M M M 7 M M
14 97 71 84 1 0 19 0.00 0.0 0 M M M M M 0 M M
15 97 75 86 3 0 21 0.00 0.0 0 M M M M M 1 M M
16 99 73 86 3 0 21 0.00 0.0 0 M M M M M 0 M M
17 102 78 90 7 0 25 0.00 0.0 0 M M M M M 1 M M
18 102 78 90 8 0 25 0.00 0.0 0 M M M M M 2 M M
19 102 77 90 8 0 25 0.00 0.0 0 M M M M M 1 M M
20 105 77 91 9 0 26 0.00 0.0 0 M M M M M 0 M M
21 103 78 91 9 0 26 0.00 0.0 0 M M M M M 1 M M
22 88 69 79 -3 0 14 1.49 0.0 0 M M M M M 4 138 M M
23 90 63 77 -5 0 12 0.00 0.0 0 M M M M M 0 M M
24 91 64 78 -4 0 13 0.00 0.0 0 M M M M M 0 M M
25 91 65 78 -3 0 13 0.00 0.0 0 M M M M M 1 M M
26 92 65 79 -2 0 14 0.00 0.0 0 M M M M M 0 M M
27 95 73 84 3 0 19 T 0.0 0 M M M M M 1 M M
28 98 78 88 7 0 23 0.00 0.0 M M M M M M 0 M M
29 94 75 85 4 0 20 T 0.0 0 M M M M M 3 3 M M
30 98 75 87 7 0 22 0.00 0.0 0 M M M M M 4 M M
================================================================================
SM 2943 2216 0 635 1.52 0.0 M M 37
================================================================================
AV 98.1 73.9 M FASTST M M 1 MAX(MPH)
MISC ----> M M M M
================================================================================
NOTES:
# LAST OF SEVERAL OCCURRENCES
COLUMN 17 PEAK WIND IN M.P.H.
PRELIMINARY LOCAL CLIMATOLOGICAL DATA (WS FORM: F-6) , PAGE 2
STATION: LAREDO
MONTH: SEPTEMBER
YEAR: 2021
LATITUDE: 27 31 N
LONGITUDE: 99 28 W
[TEMPERATURE DATA] [PRECIPITATION DATA] SYMBOLS USED IN COLUMN 16
AVERAGE MONTHLY: 86.0 TOTAL FOR MONTH: 1.52 1 = FOG OR MIST
DPTR FM NORMAL: 3.0 DPTR FM NORMAL: -2.12 2 = FOG REDUCING VISIBILITY
HIGHEST: 105 ON 20 GRTST 24HR 1.49 ON 22-22 TO 1/4 MILE OR LESS
LOWEST: 63 ON 23 3 = THUNDER
SNOW, ICE PELLETS, HAIL 4 = ICE PELLETS
TOTAL MONTH: 0.0 INCH 5 = HAIL
GRTST 24HR 0.0 6 = FREEZING RAIN OR DRIZZLE
GRTST DEPTH: 0 7 = DUSTSTORM OR SANDSTORM:
VSBY 1/2 MILE OR LESS
8 = SMOKE OR HAZE
[NO. OF DAYS WITH] [WEATHER - DAYS WITH] 9 = BLOWING SNOW
X = TORNADO
MAX 32 OR BELOW: 0 0.01 INCH OR MORE: 2
MAX 90 OR ABOVE: 29 0.10 INCH OR MORE: 1
MIN 32 OR BELOW: 0 0.50 INCH OR MORE: 1
MIN 0 OR BELOW: 0 1.00 INCH OR MORE: 1
[HDD (BASE 65) ]
TOTAL THIS MO. 0 CLEAR (SCALE 0-3) 27
DPTR FM NORMAL 0 PTCLDY (SCALE 4-7) 3
TOTAL FM JUL 1 0 CLOUDY (SCALE 8-10) 0
DPTR FM NORMAL 0
[CDD (BASE 65) ]
TOTAL THIS MO. 635
DPTR FM NORMAL 96 [PRESSURE DATA]
TOTAL FM JAN 1 3931 HIGHEST SLP 30.30 ON 22
DPTR FM NORMAL 120 LOWEST SLP 29.66 ON 1
[REMARKS]
#FINAL-09-21#