000
CXUS54 KLZK 011230
CF6LRF
PRELIMINARY LOCAL CLIMATOLOGICAL DATA (WS FORM: F-6)
STATION: JACKSONVILLE/LITTLE ROCK AFB
MONTH: JUNE
YEAR: 2023
LATITUDE: 34 55 N
LONGITUDE: 92 9 W
TEMPERATURE IN F: :PCPN: SNOW: WIND :SUNSHINE: SKY :PK WND
================================================================================
1 2 3 4 5 6A 6B 7 8 9 10 11 12 13 14 15 16 17 18
12Z AVG MX 2MIN
DY MAX MIN AVG DEP HDD CDD WTR SNW DPTH SPD SPD DIR MIN PSBL S-S WX SPD DR
================================================================================
1 90 63 77 3 0 12 0.00 0.0 0 4.4 13 80 M M 1 1 M M
2 93 65 79 5 0 14 0.00 0.0 M 2.6 10 100 M M 2 3 M M
3 93 65 79 4 0 14 0.00 0.0 M 5.0 12 270 M M 1 M M
4 92 62 77 2 0 12 0.00 0.0 M 2.9 9 50 M M 2 17 30
5 94 67 81 6 0 16 0.06 0.0 0 3.3 32 20 M M 3 13 39 360
6 91 66 79 3 0 14 0.00 0.0 0 3.1 8 40 M M 1 M M
7 91 60 76 0 0 11 0.00 0.0 0 2.6 8 340 M M 1 M M
8 87 65 76 0 0 11 T 0.0 0 2.5 9 50 M M 4 M M
9 81 66 74 -2 0 9 0.43 0.0 0 2.4 8 90 M M 6 13 M M
10 85 68 77 0 0 12 0.38 0.0 0 4.6 24 300 M M 4 13 36 290
11 92 66 79 2 0 14 0.04 0.0 0 7.9 17 300 M M 4 24 300
12 77 65 71 -6 0 6 0.00 0.0 0 5.5 14 40 M M 6 M M
13 82 63 73 -4 0 8 T 0.0 M 2.3 8 200 M M 6 M M
14 87 68 78 1 0 13 0.76 0.0 0 4.2 13 310 M M 5 13 22 260
15 89 65 77 -1 0 12 0.00 0.0 0 2.8 12 260 M M 1 12 M M
16 89 70 80 2 0 15 T 0.0 0 4.0 14 200 M M 5 3 22 200
17 90 68 79 1 0 14 0.00 0.0 0 3.2 10 80 M M 2 M M
18 81 68 75 -3 0 10 1.14 0.0 0 8.0 30 250 M M 5 13 43 210
19 90 64 77 -2 0 12 0.00 0.0 0 3.8 10 280 M M 0 M M
20 90 67 79 0 0 14 0.00 0.0 M 3.7 10 90 M M 1 M M
21 89 68 79 0 0 14 0.00 0.0 M 4.5 13 50 M M 1 M M
22 87 67 77 -2 0 12 0.00 0.0 M 4.8 10 60 M M 2 M M
23 92 65 79 0 0 14 0.00 0.0 M 3.3 8 230 M M 1 M M
24 75 65 70 -10 0 5 0.00 0.0 0 0.4 4 80 M M 0 M M
25 99 71 85 5 0 20 1.72 0.0 M 7.0 31 350 M M 4 13 55 340
26 91 68 80 0 0 15 0.00 0.0 0 3.2 8 300 M M 1 M M
27 90 67 79 -1 0 14 T 0.0 0 2.7 13 130 M M 2 M M
28 97 69 83 3 0 18 0.00 0.0 0 4.7 9 180 M M 2 M M
29 99 75 87 7 0 22 0.00 0.0 0 5.4 9 220 M M 1 M M
30 97 76 87 6 0 22 0.00 0.0 0 5.1 12 260 M M 1 M M
================================================================================
SM 2680 2002 0 399 4.53 0.0 119.8 M 75
================================================================================
AV 89.3 66.7 4.0 FASTST M M 3 MAX(MPH)
MISC ----> 32 20 55 340
================================================================================
NOTES:
# LAST OF SEVERAL OCCURRENCES
COLUMN 17 PEAK WIND IN M.P.H.
PRELIMINARY LOCAL CLIMATOLOGICAL DATA (WS FORM: F-6) , PAGE 2
STATION: JACKSONVILLE/LITTLE ROCK AFB
MONTH: JUNE
YEAR: 2023
LATITUDE: 34 55 N
LONGITUDE: 92 9 W
[TEMPERATURE DATA] [PRECIPITATION DATA] SYMBOLS USED IN COLUMN 16
AVERAGE MONTHLY: 78.0 TOTAL FOR MONTH: 4.53 1 = FOG OR MIST
DPTR FM NORMAL: 0.4 DPTR FM NORMAL: M 2 = FOG REDUCING VISIBILITY
HIGHEST: 99 ON 25,29 GRTST 24HR 1.72 ON 25-25 TO 1/4 MILE OR LESS
LOWEST: 60 ON 7 3 = THUNDER
SNOW, ICE PELLETS, HAIL 4 = ICE PELLETS
TOTAL MONTH: 0.0 INCH 5 = HAIL
GRTST 24HR 0.0 6 = FREEZING RAIN OR DRIZZLE
GRTST DEPTH: 0 7 = DUSTSTORM OR SANDSTORM:
VSBY 1/2 MILE OR LESS
8 = SMOKE OR HAZE
[NO. OF DAYS WITH] [WEATHER - DAYS WITH] 9 = BLOWING SNOW
X = TORNADO
MAX 32 OR BELOW: 0 0.01 INCH OR MORE: 7
MAX 90 OR ABOVE: 18 0.10 INCH OR MORE: 5
MIN 32 OR BELOW: 0 0.50 INCH OR MORE: 3
MIN 0 OR BELOW: 0 1.00 INCH OR MORE: 2
[HDD (BASE 65) ]
TOTAL THIS MO. 0 CLEAR (SCALE 0-3) 20
DPTR FM NORMAL -11 PTCLDY (SCALE 4-7) 10
TOTAL FM JUL 1 2889 CLOUDY (SCALE 8-10) 0
DPTR FM NORMAL -291
[CDD (BASE 65) ]
TOTAL THIS MO. 399
DPTR FM NORMAL 9 [PRESSURE DATA]
TOTAL FM JAN 1 673 HIGHEST SLP M ON M
DPTR FM NORMAL 29 LOWEST SLP M ON M
[REMARKS]
#FINAL-06-23#