000
CXUS53 KARX 181946
CF6LSE
PRELIMINARY LOCAL CLIMATOLOGICAL DATA (WS FORM: F-6)
STATION: LA CROSSE WI
MONTH: JANUARY
YEAR: 2024
LATITUDE: 43 52 N
LONGITUDE: 91 15 W
TEMPERATURE IN F: :PCPN: SNOW: WIND :SUNSHINE: SKY :PK WND
================================================================================
1 2 3 4 5 6A 6B 7 8 9 10 11 12 13 14 15 16 17 18
12Z AVG MX 2MIN
DY MAX MIN AVG DEP HDD CDD WTR SNW DPTH SPD SPD DIR MIN PSBL S-S WX SPD DR
================================================================================
1 28 25 27 6 38 0 0.00 0.0 T 7.9 15 190 M M 10 20 220
2 34 23 29 9 36 0 0.00 0.0 0 7.4 13 190 M M 7 M M
3 37 29 33 13 32 0 0.00 0.0 0 9.2 16 330 M M 10 22 330
4 29 26 28 8 37 0 0.00 0.0 0 4.7 10 220 M M 10 13 340
5 37 26 32 12 33 0 0.00 0.0 0 6.8 17 180 M M 4 23 180
6 33 30 32 12 33 0 0.00 0.0 0 2.5 8 120 M M 9 8 12 90
7 32 29 31 11 34 0 0.00 0.0 0 6.0 10 270 M M 10 13 300
8 33 26 30 11 35 0 0.02 0.2 0 6.7 16 80 M M 10 18 24 70
9 34 31 33 14 32 0 0.23 4.0 1 12.7 21 340 M M 10 18 27 10
10 33 26 30 11 35 0 T T 4 8.1 14 320 M M 10 1 M M
11 28 17 23 4 42 0 0.07 1.0 4 6.4 13 260 M M 10 1 15 290
12 25 16 21 2 44 0 0.59 6.6 4 15.9 25 330 M M 10 12 33 320
13 25 -2 12 -7 53 0 0.03 1.0 11 18.3 26 320 M M 10 1 36 310
14 2 -8 -3 -22 68 0 T T 12 11.5 20 290 M M 9 27 300
15 6 -8 -1 -19 66 0 0.00 0.0 11 9.8 17 270 M M 1 22 280
16 7 -7 0 -18 65 0 0.00 0.0 11 10.7 20 250 M M 0 27 260
17 14 -2 6 -12 59 0 0.00 0.0 10 8.4 14 230 M M 1 M M
18 12 -1 6 -12 59 0 T T 9 8.5 18 350 M M 4 8 24 340
19 8 -2 3 -15 62 0 T T 9 10.4 17 320 M M 4 8 22 320
20 14 -8 3 -15 62 0 0.00 0.0 8 3.4 9 210 M M 0 11 210
21 22 -1 11 -7 54 0 0.00 0.0 8 13.2 21 170 M M 4 29 170
22 34 21 28 10 37 0 0.00 0.0 8 9.4 15 210 M M 5 22 170
23 35 32 34 16 31 0 0.00 0.0 7 4.2 9 80 M M 10 1 M M
24 37 33 35 17 30 0 0.00 0.0 6 2.3 8 160 M M 10 18 10 100
25 38 33 36 18 29 0 0.10 0.0 6 1.7 6 310 M M 10 12 7 110
26 39 34 37 19 28 0 0.12 0.0 5 2.7 7 310 M M 10 12 8 320
27 37 33 35 16 30 0 0.00 0.0 3 5.2 14 340 M M 10 12 17 330
28 35 32 34 15 31 0 0.00 0.0 3 6.1 13 330 M M 10 1 16 330
29 44 30 37 18 28 0 0.00 0.0 3 8.2 17 330 M M 7 1 27 320
30 42 36 39 20 26 0 0.00 0.0 2 8.3 16 350 M M 10 22 340
31 53 33 43 24 22 0 0.00 0.0 2 8.6 16 180 M M 5 20 190
================================================================================
SM 887 582 1271 0 1.16 12.8 245.2 M 230
================================================================================
AV 28.6 18.8 7.9 FASTST M M 7 MAX(MPH)
MISC ----> 26 320 36 310
================================================================================
NOTES:
# LAST OF SEVERAL OCCURRENCES
COLUMN 17 PEAK WIND IN M.P.H.
PRELIMINARY LOCAL CLIMATOLOGICAL DATA (WS FORM: F-6) , PAGE 2
STATION: LA CROSSE WI
MONTH: JANUARY
YEAR: 2024
LATITUDE: 43 52 N
LONGITUDE: 91 15 W
[TEMPERATURE DATA] [PRECIPITATION DATA] SYMBOLS USED IN COLUMN 16
AVERAGE MONTHLY: 23.7 TOTAL FOR MONTH: 1.16 1 = FOG OR MIST
DPTR FM NORMAL: 4.8 DPTR FM NORMAL: -0.09 2 = FOG REDUCING VISIBILITY
HIGHEST: 53 ON 31 GRTST 24HR 0.59 ON 12-12 TO 1/4 MILE OR LESS
LOWEST: -8 ON 20,15 3 = THUNDER
SNOW, ICE PELLETS, HAIL 4 = ICE PELLETS
TOTAL MONTH: 13.0 INCHES 5 = HAIL
GRTST 24HR 6.6 ON 12-12 6 = FREEZING RAIN OR DRIZZLE
GRTST DEPTH: 12 ON 14 7 = DUSTSTORM OR SANDSTORM:
VSBY 1/2 MILE OR LESS
8 = SMOKE OR HAZE
[NO. OF DAYS WITH] [WEATHER - DAYS WITH] 9 = BLOWING SNOW
X = TORNADO
MAX 32 OR BELOW: 14 0.01 INCH OR MORE: 7
MAX 90 OR ABOVE: 0 0.10 INCH OR MORE: 4
MIN 32 OR BELOW: 25 0.50 INCH OR MORE: 1
MIN 0 OR BELOW: 9 1.00 INCH OR MORE: 0
[HDD (BASE 65) ]
TOTAL THIS MO. 1271 CLEAR (SCALE 0-3) 4
DPTR FM NORMAL -156 PTCLDY (SCALE 4-7) 8
TOTAL FM JUL 1 3374 CLOUDY (SCALE 8-10) 19
DPTR FM NORMAL -649
[CDD (BASE 65) ]
TOTAL THIS MO. 0
DPTR FM NORMAL 0 [PRESSURE DATA]
TOTAL FM JAN 1 0 HIGHEST SLP 30.75 ON 20
DPTR FM NORMAL 0 LOWEST SLP 29.35 ON 9
[REMARKS]
#FINAL-01-24#