000
CXUS53 KARX 010900
CF6LSE
PRELIMINARY LOCAL CLIMATOLOGICAL DATA (WS FORM: F-6)
STATION: LA CROSSE WI
MONTH: APRIL
YEAR: 2023
LATITUDE: 43 52 N
LONGITUDE: 91 15 W
TEMPERATURE IN F: :PCPN: SNOW: WIND :SUNSHINE: SKY :PK WND
================================================================================
1 2 3 4 5 6A 6B 7 8 9 10 11 12 13 14 15 16 17 18
12Z AVG MX 2MIN
DY MAX MIN AVG DEP HDD CDD WTR SNW DPTH SPD SPD DIR MIN PSBL S-S WX SPD DR
================================================================================
1 45 29 37 -6 28 0 0.03 T 0 12.4 29 340 M M 4 1 38 340
2 65 27 46 3 19 0 0.00 0.0 0 12.7 28 180 M M 3 36 180
3 60 39 50 6 15 0 0.00 0.0 0 7.2 14 320 M M 5 17 330
4 46 38 42 -2 23 0 0.16 0.0 0 10.1 21 70 M M 9 13 35 70
5 49 31 40 -5 25 0 T 0.0 0 14.0 29 270 M M 9 1 40 270
6 48 25 37 -8 28 0 0.00 0.0 0 10.4 24 280 M M 1 32 270
7 59 28 44 -1 21 0 0.00 0.0 0 8.6 20 70 M M 7 27 80
8 68 37 53 7 12 0 0.00 0.0 0 9.7 18 180 M M 3 24 140
9 72 42 57 11 8 0 0.00 0.0 0 10.4 24 210 M M 0 30 210
10 78 54 66 19 0 1 0.00 0.0 0 10.8 18 180 M M 3 26 180
11 82 56 69 22 0 4 0.00 0.0 0 10.2 21 220 M M 0 29 210
12 90 63 77 29 0 12 0.00 0.0 0 14.5 23 210 M M 0 35 210
13 85 62 74 26 0 9 0.00 0.0 0 13.3 25 170 M M 0 35 170
14 85 57 71 23 0 6 0.00 0.0 0 9.9 23 180 M M 0 29 150
15 70 45 58 9 7 0 0.26 0.0 0 9.4 20 290 M M 6 24 320
16 45 30 38 -11 27 0 0.68 7.0 0 19.9 27 320 M M 10 1 38 320
17 42 30 36 -14 29 0 0.15 2.5 9 18.2 29 320 M M 8 1 39 320
18 52 27 40 -10 25 0 0.00 0.0 3 5.0 8 340 M M 0 M M
19 47 37 42 -8 23 0 0.80 0.0 T 10.6 29 130 M M 9 1 48 120
20 57 39 48 -3 17 0 0.61 0.0 0 9.2 24 280 M M 10 13 36 280
21 47 35 41 -10 24 0 0.01 0.0 0 12.8 25 250 M M 6 39 250
22 45 33 39 -13 26 0 0.03 0.1 T 13.4 23 310 M M 10 18 30 310
23 46 33 40 -12 25 0 0.00 0.0 0 9.8 16 330 M M 8 21 310
24 51 30 41 -12 24 0 0.03 T 0 5.9 23 310 M M 7 28 320
25 53 29 41 -12 24 0 0.00 0.0 0 6.7 13 40 M M 3 18 30
26 58 30 44 -9 21 0 0.00 0.0 0 5.4 20 180 M M 1 25 170
27 70 47 59 5 6 0 0.00 0.0 0 12.3 21 190 M M 3 28 180
28 73 46 60 6 5 0 0.16 0.0 0 9.4 25 310 M M 4 1 32 310
29 53 39 46 -9 19 0 0.09 0.0 0 11.2 26 330 M M 9 1 35 360
30 45 37 41 -14 24 0 0.11 T 0 20.1 29 320 M M 10 1 39 340
================================================================================
SM 1786 1155 505 32 3.12 9.6 333.5 M 148
================================================================================
AV 59.5 38.5 11.1 FASTST M M 5 MAX(MPH)
MISC ----> # 29 340 48 120
================================================================================
NOTES:
# LAST OF SEVERAL OCCURRENCES
COLUMN 17 PEAK WIND IN M.P.H.
PRELIMINARY LOCAL CLIMATOLOGICAL DATA (WS FORM: F-6) , PAGE 2
STATION: LA CROSSE WI
MONTH: APRIL
YEAR: 2023
LATITUDE: 43 52 N
LONGITUDE: 91 15 W
[TEMPERATURE DATA] [PRECIPITATION DATA] SYMBOLS USED IN COLUMN 16
AVERAGE MONTHLY: 49.0 TOTAL FOR MONTH: 3.12 1 = FOG OR MIST
DPTR FM NORMAL: 0.0 DPTR FM NORMAL: -0.63 2 = FOG REDUCING VISIBILITY
HIGHEST: 90 ON 12 GRTST 24HR 0.98 ON 19-20 TO 1/4 MILE OR LESS
LOWEST: 25 ON 6 3 = THUNDER
SNOW, ICE PELLETS, HAIL 4 = ICE PELLETS
TOTAL MONTH: 9.6 INCHES 5 = HAIL
GRTST 24HR 7.0 ON 16-16 6 = FREEZING RAIN OR DRIZZLE
GRTST DEPTH: 9 ON 17 7 = DUSTSTORM OR SANDSTORM:
VSBY 1/2 MILE OR LESS
8 = SMOKE OR HAZE
[NO. OF DAYS WITH] [WEATHER - DAYS WITH] 9 = BLOWING SNOW
X = TORNADO
MAX 32 OR BELOW: 0 0.01 INCH OR MORE: 13
MAX 90 OR ABOVE: 1 0.10 INCH OR MORE: 8
MIN 32 OR BELOW: 11 0.50 INCH OR MORE: 3
MIN 0 OR BELOW: 0 1.00 INCH OR MORE: 0
[HDD (BASE 65) ]
TOTAL THIS MO. 505 CLEAR (SCALE 0-3) 11
DPTR FM NORMAL 19 PTCLDY (SCALE 4-7) 11
TOTAL FM JUL 1 6482 CLOUDY (SCALE 8-10) 8
DPTR FM NORMAL -99
[CDD (BASE 65) ]
TOTAL THIS MO. 32
DPTR FM NORMAL 26 [PRESSURE DATA]
TOTAL FM JAN 1 32 HIGHEST SLP 30.32 ON 26
DPTR FM NORMAL 25 LOWEST SLP 29.50 ON 30
[REMARKS]
#FINAL-04-23#