000
CXUS53 KARX 011000
CF6LSE
PRELIMINARY LOCAL CLIMATOLOGICAL DATA (WS FORM: F-6)
STATION: LA CROSSE WI
MONTH: JANUARY
YEAR: 2022
LATITUDE: 43 52 N
LONGITUDE: 91 15 W
TEMPERATURE IN F: :PCPN: SNOW: WIND :SUNSHINE: SKY :PK WND
================================================================================
1 2 3 4 5 6A 6B 7 8 9 10 11 12 13 14 15 16 17 18
12Z AVG MX 2MIN
DY MAX MIN AVG DEP HDD CDD WTR SNW DPTH SPD SPD DIR MIN PSBL S-S WX SPD DR
================================================================================
1 13 -2 6 -15 59 0 0.00 0.0 7 13.7 22 340 M M 4 26 340
2 8 -12 -2 -22 67 0 0.00 0.0 7 4.2 13 320 M M 0 15 310
3 24 0 12 -8 53 0 0.00 0.0 7 9.8 15 170 M M 0 21 160
4 34 18 26 6 39 0 0.01 0.1 7 7.5 15 160 M M 2 1 21 170
5 32 9 21 1 44 0 0.08 1.5 6 17.6 26 280 M M 10 189 36 280
6 9 -8 1 -19 64 0 T 0.1 7 13.6 20 310 M M 5 8 24 320
7 12 -13 0 -20 65 0 0.00 0.0 7 6.0 20 160 M M 2 24 170
8 30 12 21 2 44 0 0.00 0.0 7 13.6 23 180 M M 9 18 34 180
9 28 1 15 -4 50 0 0.00 0.0 7 13.0 22 300 M M 3 29 310
10 10 -5 3 -16 62 0 0.00 0.0 6 8.1 14 330 M M 2 18 320
11 39 3 21 2 44 0 0.00 0.0 6 10.6 24 170 M M 1 31 180
12 40 27 34 15 31 0 0.00 0.0 5 4.2 9 310 M M 5 11 170
13 42 25 34 15 31 0 0.00 0.0 5 6.5 17 350 M M 7 18 23 340
14 33 15 24 5 41 0 0.18 2.1 4 9.8 16 40 M M 10 18 24 70
15 18 0 9 -9 56 0 0.00 0.0 5 6.2 14 50 M M 3 21 40
16 24 1 13 -5 52 0 0.02 0.3 5 8.6 16 160 M M 8 18 21 150
17 33 24 29 11 36 0 0.00 0.0 5 8.3 20 330 M M 9 25 340
18 39 21 30 12 35 0 0.00 0.0 5 12.7 28 290 M M 6 36 290
19 21 2 12 -6 53 0 0.00 0.0 4 15.2 26 320 M M 1 34 310
20 6 -9 -1 -19 66 0 0.00 0.0 4 6.4 13 320 M M 0 17 320
21 14 -12 1 -17 64 0 0.04 0.6 4 10.4 22 170 M M 2 1 32 180
22 24 13 19 1 46 0 0.16 3.0 5 9.8 24 280 M M 8 18 33 310
23 13 -8 3 -15 62 0 0.04 0.7 8 6.7 14 170 M M 4 18 20 160
24 15 -8 4 -14 61 0 0.08 1.1 9 8.9 20 320 M M 5 18 24 320
25 2 -17 -7 -25 72 0 0.00 0.0 9 5.9 18 330 M M 0 8 22 330
26 17 -18 0 -18 65 0 0.00 0.0 9 11.1 22 170 M M 1 18 29 170
27 34 0 17 -2 48 0 T T 9 10.1 23 350 M M 8 29 350
28 18 -9 5 -14 60 0 T T 9 4.1 12 180 M M 3 14 180
29 28 6 17 -2 48 0 0.00 0.0 9 8.7 21 180 M M 3 29 170
30 28 7 18 -1 47 0 T T 9 6.1 15 330 M M 6 18 19 330
31 34 7 21 2 44 0 0.00 0.0 8 10.4 21 170 M M 0 1 30 170
================================================================================
SM 722 70 1609 0 0.61 9.5 287.8 M 127
================================================================================
AV 23.3 2.3 9.3 FASTST M M 4 MAX(MPH)
MISC ----> 28 290 # 36 280
================================================================================
NOTES:
# LAST OF SEVERAL OCCURRENCES
COLUMN 17 PEAK WIND IN M.P.H.
PRELIMINARY LOCAL CLIMATOLOGICAL DATA (WS FORM: F-6) , PAGE 2
STATION: LA CROSSE WI
MONTH: JANUARY
YEAR: 2022
LATITUDE: 43 52 N
LONGITUDE: 91 15 W
[TEMPERATURE DATA] [PRECIPITATION DATA] SYMBOLS USED IN COLUMN 16
AVERAGE MONTHLY: 12.8 TOTAL FOR MONTH: 0.61 1 = FOG OR MIST
DPTR FM NORMAL: -6.1 DPTR FM NORMAL: -0.64 2 = FOG REDUCING VISIBILITY
HIGHEST: 42 ON 13 GRTST 24HR 0.44 ON 14-14 TO 1/4 MILE OR LESS
LOWEST: -18 ON 26 3 = THUNDER
SNOW, ICE PELLETS, HAIL 4 = ICE PELLETS
TOTAL MONTH: 9.5 INCHES 5 = HAIL
GRTST 24HR 3.0 ON 22-22 6 = FREEZING RAIN OR DRIZZLE
GRTST DEPTH: 9 ON 30,29 7 = DUSTSTORM OR SANDSTORM:
VSBY 1/2 MILE OR LESS
8 = SMOKE OR HAZE
[NO. OF DAYS WITH] [WEATHER - DAYS WITH] 9 = BLOWING SNOW
X = TORNADO
MAX 32 OR BELOW: 22 0.01 INCH OR MORE: 8
MAX 90 OR ABOVE: 0 0.10 INCH OR MORE: 2
MIN 32 OR BELOW: 31 0.50 INCH OR MORE: 0
MIN 0 OR BELOW: 15 1.00 INCH OR MORE: 0
[HDD (BASE 65) ]
TOTAL THIS MO. 1609 CLEAR (SCALE 0-3) 14
DPTR FM NORMAL 182 PTCLDY (SCALE 4-7) 12
TOTAL FM JUL 1 3801 CLOUDY (SCALE 8-10) 5
DPTR FM NORMAL -222
[CDD (BASE 65) ]
TOTAL THIS MO. 0
DPTR FM NORMAL 0 [PRESSURE DATA]
TOTAL FM JAN 1 0 HIGHEST SLP 30.80 ON 20
DPTR FM NORMAL 0 LOWEST SLP 29.45 ON 5
[REMARKS]
#FINAL-01-22#