000
CDUS43 KARX 230632
CLILSE


CLIMATE REPORT
NATIONAL WEATHER SERVICE LA CROSSE WI
130 AM CDT MON APR 23 2018


...................................

...THE LA CROSSE WI CLIMATE SUMMARY FOR APRIL 22 2018...

CLIMATE NORMAL PERIOD 1981 TO 2010
CLIMATE RECORD PERIOD 1873 TO 2018


WEATHER ITEM   OBSERVED TIME   RECORD YEAR NORMAL DEPARTURE LAST
                VALUE   (LST)  VALUE       VALUE  FROM      YEAR
                                                  NORMAL
..................................................................
TEMPERATURE (F)
 YESTERDAY
  MAXIMUM         65    506 PM  93    1980  63      2       69
  MINIMUM         34    531 AM  23    1986  41     -7       36
  AVERAGE         50                        52     -2       53

PRECIPITATION (IN)
  YESTERDAY        0.00          1.60 1999   0.12  -0.12     0.00
  MONTH TO DATE    2.96                      2.36   0.60     3.97
  SINCE MAR 1      4.10                      4.40  -0.30     5.73
  SINCE JAN 1      6.70                      6.57   0.13     9.59

SNOWFALL (IN)
  YESTERDAY        0.0           0.7  1963   0.0    0.0      0.0
                                      2001
  MONTH TO DATE   19.0                       1.5   17.5      0.0
  SINCE JUL 1     49.8                      43.1    6.7     42.2
  SNOW DEPTH       0

DEGREE DAYS
 HEATING
  YESTERDAY       15                        14      1       12
  MONTH TO DATE  678                       403    275      258
  SINCE JUL 1   6830                      6856    -26     5440

 COOLING
  YESTERDAY        0                         0      0        0
  MONTH TO DATE    0                         0      0        6
  SINCE JAN 1      0                         0      0        6
..................................................................


WIND (MPH)
  HIGHEST WIND SPEED    13   HIGHEST WIND DIRECTION    SE (120)
  HIGHEST GUST SPEED    20   HIGHEST GUST DIRECTION    NE (60)
  AVERAGE WIND SPEED     4.9


SKY COVER
  POSSIBLE SUNSHINE  MM
  AVERAGE SKY COVER 0.1


WEATHER CONDITIONS
 THE FOLLOWING WEATHER WAS RECORDED YESTERDAY.
  NO SIGNIFICANT WEATHER WAS OBSERVED.


RELATIVE HUMIDITY (PERCENT)
 HIGHEST    89           600 AM
 LOWEST     26           200 PM
 AVERAGE    58

..........................................................


THE LA CROSSE WI CLIMATE NORMALS FOR TODAY
                         NORMAL    RECORD    YEAR
 MAXIMUM TEMPERATURE (F)   63        86      1960
                                             1925
 MINIMUM TEMPERATURE (F)   41        20      1910


SUNRISE AND SUNSET
APRIL 23 2018.........SUNRISE   609 AM CDT   SUNSET   759 PM CDT
APRIL 24 2018.........SUNRISE   607 AM CDT   SUNSET   800 PM CDT


-  INDICATES NEGATIVE NUMBERS.
R  INDICATES RECORD WAS SET OR TIED.
MM INDICATES DATA IS MISSING.
T  INDICATES TRACE AMOUNT.




$$
