000
CDUS43 KARX 240641
CLILSE


CLIMATE REPORT
NATIONAL WEATHER SERVICE LA CROSSE WI
139 AM CDT SUN JUN 24 2018

...THE LA CROSSE WI CLIMATE SUMMARY FOR JUNE 23 2018...

CLIMATE NORMAL PERIOD 1981 TO 2010
CLIMATE RECORD PERIOD 1873 TO 2018

WEATHER ITEM   OBSERVED TIME   RECORD YEAR NORMAL DEPARTURE LAST
                VALUE   (LST)  VALUE       VALUE  FROM      YEAR
                                                  NORMAL
..................................................................
TEMPERATURE (F)
 YESTERDAY
  MAXIMUM         85    358 PM  98    2005  82      3       79
  MINIMUM         62    324 AM  42    1972  61      1       60
  AVERAGE         74                        72      2       70

PRECIPITATION (IN)
  YESTERDAY        0.00          3.43 1952   0.14  -0.14      T
  MONTH TO DATE    3.53                      3.31   0.22     4.09
  SINCE JUN 1      3.53                      3.31   0.22     4.09
  SINCE JAN 1     17.66                     14.38   3.28    21.78

SNOWFALL (IN)
  YESTERDAY        0.0           0.0  2002   0.0    0.0      0.0
                                      2001
  MONTH TO DATE    0.0                       0.0    0.0      0.0
  SINCE JUL 1     49.8                      43.3    6.5     42.2
  SNOW DEPTH       0

DEGREE DAYS
 HEATING
  YESTERDAY        0                         1     -1        0
  MONTH TO DATE    3                        37    -34        2
  SINCE JUL 1   6988                      7194   -206     5768

 COOLING
  YESTERDAY        9                         7      2        5
  MONTH TO DATE  179                       111     68      207
  SINCE JAN 1    338                       159    179      244
..................................................................

WIND (MPH)
  HIGHEST WIND SPEED    10   HIGHEST WIND DIRECTION     S (190)
  HIGHEST GUST SPEED    13   HIGHEST GUST DIRECTION     S (180)
  AVERAGE WIND SPEED     4.2

SKY COVER
  POSSIBLE SUNSHINE  MM
  AVERAGE SKY COVER 0.1

WEATHER CONDITIONS
 THE FOLLOWING WEATHER WAS RECORDED YESTERDAY.
  FOG
  HAZE

RELATIVE HUMIDITY (PERCENT)
 HIGHEST    93          1200 AM
 LOWEST     34           400 PM
 AVERAGE    64

..........................................................

THE LA CROSSE WI CLIMATE NORMALS FOR TODAY
                         NORMAL    RECORD    YEAR
 MAXIMUM TEMPERATURE (F)   83        97      1874
 MINIMUM TEMPERATURE (F)   61        44      1887

SUNRISE AND SUNSET
JUNE 24 2018..........SUNRISE   523 AM CDT   SUNSET   851 PM CDT
JUNE 25 2018..........SUNRISE   524 AM CDT   SUNSET   851 PM CDT

-  INDICATES NEGATIVE NUMBERS.
R  INDICATES RECORD WAS SET OR TIED.
MM INDICATES DATA IS MISSING.
T  INDICATES TRACE AMOUNT.

$$

BOYNE
