000
CDUS43 KARX 190720
CLILSE


CLIMATE REPORT
NATIONAL WEATHER SERVICE LA CROSSE WI
218 AM CDT TUE MAR 19 2019

...THE LA CROSSE WI CLIMATE SUMMARY FOR MARCH 18 2019...

CLIMATE NORMAL PERIOD 1981 TO 2010
CLIMATE RECORD PERIOD 1873 TO 2019

WEATHER ITEM   OBSERVED TIME   RECORD YEAR NORMAL DEPARTURE LAST
                VALUE   (LST)  VALUE       VALUE  FROM      YEAR
                                                  NORMAL
..................................................................
TEMPERATURE (F)
 YESTERDAY
  MAXIMUM         45    351 PM  80    2012  45      0       56
  MINIMUM         23    641 AM  -3    1923  26     -3       22
                                      1875
  AVERAGE         34                        35     -1       39

PRECIPITATION (IN)
  YESTERDAY        T             1.45 1986   0.07  -0.07     0.00
  MONTH TO DATE    1.81                      1.06   0.75     0.60
  SINCE MAR 1      1.81                      1.06   0.75     0.60
  SINCE JAN 1      6.14                      3.23   2.91     3.20

SNOWFALL (IN)
  YESTERDAY        T            13.9  2005   0.2   -0.2      0.0
  MONTH TO DATE    5.9                       5.0    0.9      6.1
  SINCE JUL 1     58.1                      39.5   18.6     30.8
  SNOW DEPTH       3

DEGREE DAYS
 HEATING
  YESTERDAY       31                        30      1       26
  MONTH TO DATE  754                       602    152      576
  SINCE JUL 1   6378                      6111    267     5785

 COOLING
  YESTERDAY        0                         0      0        0
  MONTH TO DATE    0                         0      0        0
  SINCE JAN 1      0                         0      0        0
..................................................................

WIND (MPH)
  HIGHEST WIND SPEED    14   HIGHEST WIND DIRECTION     W (280)
  HIGHEST GUST SPEED    18   HIGHEST GUST DIRECTION     W (290)
  AVERAGE WIND SPEED     3.7

SKY COVER
  POSSIBLE SUNSHINE  MM
  AVERAGE SKY COVER 0.3

WEATHER CONDITIONS
 THE FOLLOWING WEATHER WAS RECORDED YESTERDAY.
  LIGHT SNOW
  FOG
  FOG W/VISIBILITY <= 1/4 MILE
  HAZE

RELATIVE HUMIDITY (PERCENT)
 HIGHEST    92           100 AM
 LOWEST     45           400 PM
 AVERAGE    69

..........................................................

THE LA CROSSE WI CLIMATE NORMALS FOR TODAY
                         NORMAL    RECORD    YEAR
 MAXIMUM TEMPERATURE (F)   45        76      1921
 MINIMUM TEMPERATURE (F)   26       -12      1923

SUNRISE AND SUNSET
MARCH 19 2019.........SUNRISE   710 AM CDT   SUNSET   716 PM CDT
MARCH 20 2019.........SUNRISE   709 AM CDT   SUNSET   717 PM CDT

-  INDICATES NEGATIVE NUMBERS.
R  INDICATES RECORD WAS SET OR TIED.
MM INDICATES DATA IS MISSING.
T  INDICATES TRACE AMOUNT.

$$

BOYNE
