000
CDUS43 KARX 250636
CLILSE


CLIMATE REPORT
NATIONAL WEATHER SERVICE LA CROSSE WI
135 AM CDT TUE SEP 25 2018


...................................

...THE LA CROSSE WI CLIMATE SUMMARY FOR SEPTEMBER 24 2018...

CLIMATE NORMAL PERIOD 1981 TO 2010
CLIMATE RECORD PERIOD 1873 TO 2018


WEATHER ITEM   OBSERVED TIME   RECORD YEAR NORMAL DEPARTURE LAST
                VALUE   (LST)  VALUE       VALUE  FROM      YEAR
                                                  NORMAL
..................................................................
TEMPERATURE (F)
 YESTERDAY
  MAXIMUM         78    342 PM  93    2017  70      8       93
  MINIMUM         53    959 AM  31    1942  49      4       68
  AVERAGE         66                        59      7       81

PRECIPITATION (IN)
  YESTERDAY        0.00          1.49 1986   0.11  -0.11     0.00
  MONTH TO DATE    5.81                      2.93   2.88     0.37
  SINCE SEP 1      5.81                      2.93   2.88     0.37
  SINCE JAN 1     33.64                     26.89   6.75    32.13

SNOWFALL (IN)
  YESTERDAY        0.0           0.0  2002   0.0    0.0      0.0
                                      2001
  MONTH TO DATE    0.0                       0.0    0.0      0.0
  SINCE JUL 1      0.0                       0.0    0.0      0.0
  SNOW DEPTH       0

DEGREE DAYS
 HEATING
  YESTERDAY        0                         7     -7        0
  MONTH TO DATE   28                        89    -61       27
  SINCE JUL 1     29                       109    -80       27

 COOLING
  YESTERDAY        1                         1      0       16
  MONTH TO DATE  131                        68     63      158
  SINCE JAN 1   1185                       768    417      973
..................................................................


WIND (MPH)
  HIGHEST WIND SPEED    17   HIGHEST WIND DIRECTION     S (170)
  HIGHEST GUST SPEED    25   HIGHEST GUST DIRECTION     S (180)
  AVERAGE WIND SPEED     8.8


SKY COVER
  POSSIBLE SUNSHINE  MM
  AVERAGE SKY COVER 0.2


WEATHER CONDITIONS
 THE FOLLOWING WEATHER WAS RECORDED YESTERDAY.
  NO SIGNIFICANT WEATHER WAS OBSERVED.


RELATIVE HUMIDITY (PERCENT)
 HIGHEST    86           300 AM
 LOWEST     48           200 PM
 AVERAGE    67

..........................................................


THE LA CROSSE WI CLIMATE NORMALS FOR TODAY
                         NORMAL    RECORD    YEAR
 MAXIMUM TEMPERATURE (F)   69        89      1920
 MINIMUM TEMPERATURE (F)   48        30      1942
                                             1926


SUNRISE AND SUNSET
SEPTEMBER 25 2018.....SUNRISE   656 AM CDT   SUNSET   657 PM CDT
SEPTEMBER 26 2018.....SUNRISE   657 AM CDT   SUNSET   655 PM CDT


-  INDICATES NEGATIVE NUMBERS.
R  INDICATES RECORD WAS SET OR TIED.
MM INDICATES DATA IS MISSING.
T  INDICATES TRACE AMOUNT.




$$
