000
CDUS43 KARX 150635
CLILSE


CLIMATE REPORT
NATIONAL WEATHER SERVICE LA CROSSE WI
1234 AM CST THU NOV 15 2018


...................................

...THE LA CROSSE WI CLIMATE SUMMARY FOR NOVEMBER 14 2018...

CLIMATE NORMAL PERIOD 1981 TO 2010
CLIMATE RECORD PERIOD 1873 TO 2018


WEATHER ITEM   OBSERVED TIME   RECORD YEAR NORMAL DEPARTURE LAST
                VALUE   (LST)  VALUE       VALUE  FROM      YEAR
                                                  NORMAL
..................................................................
TEMPERATURE (F)
 YESTERDAY
  MAXIMUM         40    342 PM  71    1990  45     -5       45
  MINIMUM         15   1246 AM   1    1916  29    -14       39
  AVERAGE         28                        37     -9       42

PRECIPITATION (IN)
  YESTERDAY        0.00          1.02 1902   0.08  -0.08      T
  MONTH TO DATE    2.53                      0.95   1.58     0.21
  SINCE SEP 1     12.56                      6.68   5.88     7.17
  SINCE JAN 1     40.39                     30.64   9.75    38.93

SNOWFALL (IN)
  YESTERDAY        0.0           0.9  1951   0.1   -0.1      0.0
  MONTH TO DATE    0.3                       1.0   -0.7       T
  SINCE JUL 1      0.4                       1.2   -0.8       T
  SNOW DEPTH       0

DEGREE DAYS
 HEATING
  YESTERDAY       37                        28      9       23
  MONTH TO DATE  443                       344     99      419
  SINCE JUL 1   1061                       972     89      811

 COOLING
  YESTERDAY        0                         0      0        0
  MONTH TO DATE    0                         0      0        0
  SINCE JAN 1   1188                       782    406     1001
..................................................................


WIND (MPH)
  HIGHEST WIND SPEED    20   HIGHEST WIND DIRECTION     S (170)
  HIGHEST GUST SPEED    27   HIGHEST GUST DIRECTION     S (160)
  AVERAGE WIND SPEED     9.5


SKY COVER
  POSSIBLE SUNSHINE  MM
  AVERAGE SKY COVER 0.0


WEATHER CONDITIONS
 THE FOLLOWING WEATHER WAS RECORDED YESTERDAY.
  NO SIGNIFICANT WEATHER WAS OBSERVED.


RELATIVE HUMIDITY (PERCENT)
 HIGHEST    74           800 AM
 LOWEST     44           100 PM
 AVERAGE    59

..........................................................


THE LA CROSSE WI CLIMATE NORMALS FOR TODAY
                         NORMAL    RECORD    YEAR
 MAXIMUM TEMPERATURE (F)   44        70      2001
 MINIMUM TEMPERATURE (F)   29         3      1940
                                             1883


SUNRISE AND SUNSET
NOVEMBER 15 2018......SUNRISE   700 AM CST   SUNSET   439 PM CST
NOVEMBER 16 2018......SUNRISE   701 AM CST   SUNSET   438 PM CST


-  INDICATES NEGATIVE NUMBERS.
R  INDICATES RECORD WAS SET OR TIED.
MM INDICATES DATA IS MISSING.
T  INDICATES TRACE AMOUNT.




$$
