000
CDUS43 KARX 122137
CLILSE


CLIMATE REPORT
NATIONAL WEATHER SERVICE LA CROSSE WI
437 PM CDT TUE JUN 12 2018


...................................

...THE LA CROSSE WI CLIMATE SUMMARY FOR JUNE 12 2018...
VALID TODAY AS OF 0400 PM LOCAL TIME.

CLIMATE NORMAL PERIOD 1981 TO 2010
CLIMATE RECORD PERIOD 1873 TO 2018


WEATHER ITEM   OBSERVED TIME   RECORD YEAR NORMAL DEPARTURE LAST
                VALUE   (LST)  VALUE       VALUE  FROM      YEAR
                                                  NORMAL
..................................................................
TEMPERATURE (F)
 TODAY
  MAXIMUM         81    244 PM  95    1920  79      2       87
  MINIMUM         67    437 AM  40    1903  58      9       65
  AVERAGE         74                        68      6       76

PRECIPITATION (IN)
  TODAY            0.00          3.01 1899   0.15  -0.15     0.87
  MONTH TO DATE    1.55                      1.68  -0.13     0.90
  SINCE JUN 1      1.55                      1.68  -0.13     0.90
  SINCE JAN 1     15.68                     12.75   2.93    18.59

SNOWFALL (IN)
  TODAY            0.0           0.0  2002   0.0    0.0      0.0
                                      2001
  MONTH TO DATE    0.0                       0.0    0.0      0.0
  SINCE JUL 1     49.8                      43.3    6.5     42.2
  SNOW DEPTH       0

DEGREE DAYS
 HEATING
  TODAY            0                         1     -1        0
  MONTH TO DATE    3                        26    -23        2
  SINCE JUL 1   6988                      7183   -195     5768

 COOLING
  TODAY            9                         5      4       11
  MONTH TO DATE   73                        44     29      118
  SINCE JAN 1    232                        92    140      155
..................................................................


WIND (MPH)
  HIGHEST WIND SPEED    10   HIGHEST WIND DIRECTION    SE (150)
  HIGHEST GUST SPEED    15   HIGHEST GUST DIRECTION    SE (150)
  AVERAGE WIND SPEED     4.8


SKY COVER
  POSSIBLE SUNSHINE  MM
  AVERAGE SKY COVER 0.9


WEATHER CONDITIONS
 THE FOLLOWING WEATHER WAS RECORDED TODAY.
  HAZE


RELATIVE HUMIDITY (PERCENT)
 HIGHEST    84           600 AM
 LOWEST     62           200 PM
 AVERAGE    73

..........................................................


THE LA CROSSE WI CLIMATE NORMALS FOR TOMORROW
                         NORMAL    RECORD    YEAR
 MAXIMUM TEMPERATURE (F)   80        97      1988
                                             1987
                                             1956
 MINIMUM TEMPERATURE (F)   58        42      1969


SUNRISE AND SUNSET
JUNE 12 2018..........SUNRISE   522 AM CDT   SUNSET   848 PM CDT
JUNE 13 2018..........SUNRISE   522 AM CDT   SUNSET   848 PM CDT


-  INDICATES NEGATIVE NUMBERS.
R  INDICATES RECORD WAS SET OR TIED.
MM INDICATES DATA IS MISSING.
T  INDICATES TRACE AMOUNT.




$$
