000
CDUS43 KARX 182126
CLILSE


CLIMATE REPORT
NATIONAL WEATHER SERVICE LA CROSSE WI
426 PM CDT SAT AUG 18 2018


...................................

...THE LA CROSSE WI CLIMATE SUMMARY FOR AUGUST 18 2018...
VALID TODAY AS OF 0400 PM LOCAL TIME.

CLIMATE NORMAL PERIOD 1981 TO 2010
CLIMATE RECORD PERIOD 1873 TO 2018


WEATHER ITEM   OBSERVED TIME   RECORD YEAR NORMAL DEPARTURE LAST
                VALUE   (LST)  VALUE       VALUE  FROM      YEAR
                                                  NORMAL
..................................................................
TEMPERATURE (F)
 TODAY
  MAXIMUM         84    259 PM  99    1936  82      2       74
  MINIMUM         66    548 AM  44    1977  61      5       63
  AVERAGE         75                        71      4       69

PRECIPITATION (IN)
  TODAY            0.00          4.05 2007   0.14  -0.14      T
  MONTH TO DATE    1.76                      2.59  -0.83     0.87
  SINCE JUN 1      8.58                     11.19  -2.61    13.88
  SINCE JAN 1     22.71                     22.26   0.45    31.57

SNOWFALL (IN)
  TODAY            0.0           0.0  2002   0.0    0.0      0.0
                                      2001
  MONTH TO DATE    0.0                       0.0    0.0      0.0
  SINCE JUL 1      0.0                       0.0    0.0      0.0
  SNOW DEPTH       0

DEGREE DAYS
 HEATING
  TODAY            0                         0      0        0
  MONTH TO DATE    0                         0      0        0
  SINCE JUL 1      0                         5     -5        0

 COOLING
  TODAY           10                         7      3        4
  MONTH TO DATE  211                       137     74      124
  SINCE JAN 1    971                       624    347      747
..................................................................


WIND (MPH)
  HIGHEST WIND SPEED     8   HIGHEST WIND DIRECTION    NW (320)
  HIGHEST GUST SPEED    12   HIGHEST GUST DIRECTION    NW (300)
  AVERAGE WIND SPEED     4.0


SKY COVER
  POSSIBLE SUNSHINE  MM
  AVERAGE SKY COVER 0.3


WEATHER CONDITIONS
 THE FOLLOWING WEATHER WAS RECORDED TODAY.
  FOG


RELATIVE HUMIDITY (PERCENT)
 HIGHEST    93           400 AM
 LOWEST     55           200 PM
 AVERAGE    74

..........................................................


THE LA CROSSE WI CLIMATE NORMALS FOR TOMORROW
                         NORMAL    RECORD    YEAR
 MAXIMUM TEMPERATURE (F)   81        97      1916
 MINIMUM TEMPERATURE (F)   61        46      2004


SUNRISE AND SUNSET
AUGUST 18 2018........SUNRISE   613 AM CDT   SUNSET   804 PM CDT
AUGUST 19 2018........SUNRISE   614 AM CDT   SUNSET   803 PM CDT


-  INDICATES NEGATIVE NUMBERS.
R  INDICATES RECORD WAS SET OR TIED.
MM INDICATES DATA IS MISSING.
T  INDICATES TRACE AMOUNT.




$$
