724
CDUS43 KARX 210650
CLILSE


CLIMATE REPORT
NATIONAL WEATHER SERVICE LA CROSSE WI
150 AM CDT SUN OCT 21 2018


...................................

...THE LA CROSSE WI CLIMATE SUMMARY FOR OCTOBER 20 2018...

CLIMATE NORMAL PERIOD 1981 TO 2010
CLIMATE RECORD PERIOD 1873 TO 2018


WEATHER ITEM   OBSERVED TIME   RECORD YEAR NORMAL DEPARTURE LAST
                VALUE   (LST)  VALUE       VALUE  FROM      YEAR
                                                  NORMAL
..................................................................
TEMPERATURE (F)
 YESTERDAY
  MAXIMUM         51   1208 AM  84    1872  58     -7       78
  MINIMUM         29   1159 PM  19    1952  39    -10       56
  AVERAGE         40                        49     -9       67

PRECIPITATION (IN)
  YESTERDAY        T             1.10 1979   0.06  -0.06     0.00
  MONTH TO DATE    3.69                      1.48   2.21     4.89
  SINCE SEP 1      9.77                      5.04   4.73     5.84
  SINCE JAN 1     37.60                     29.00   8.60    37.60

SNOWFALL (IN)
  YESTERDAY        T             0.2  1982   0.1   -0.1      0.0
  MONTH TO DATE    0.1                       0.1    0.0      0.0
  SINCE JUL 1      0.1                       0.1    0.0      0.0
  SNOW DEPTH       0

DEGREE DAYS
 HEATING
  YESTERDAY       25                        16      9        0
  MONTH TO DATE  312                       262     50      125
  SINCE JUL 1    414                       422     -8      173

 COOLING
  YESTERDAY        0                         0      0        2
  MONTH TO DATE    3                         7     -4       14
  SINCE JAN 1   1188                       781    407     1001
..................................................................


WIND (MPH)
  HIGHEST WIND SPEED    36   HIGHEST WIND DIRECTION    NW (310)
  HIGHEST GUST SPEED    48   HIGHEST GUST DIRECTION    NW (320)
  AVERAGE WIND SPEED    15.2


SKY COVER
  POSSIBLE SUNSHINE  MM
  AVERAGE SKY COVER 0.3


WEATHER CONDITIONS
 THE FOLLOWING WEATHER WAS RECORDED YESTERDAY.
  LIGHT SNOW


RELATIVE HUMIDITY (PERCENT)
 HIGHEST    66          1100 PM
 LOWEST     28           100 PM
 AVERAGE    47

..........................................................


THE LA CROSSE WI CLIMATE NORMALS FOR TODAY
                         NORMAL    RECORD    YEAR
 MAXIMUM TEMPERATURE (F)   58        83      1947
 MINIMUM TEMPERATURE (F)   39        20      1896


SUNRISE AND SUNSET
OCTOBER 21 2018.......SUNRISE   727 AM CDT   SUNSET   611 PM CDT
OCTOBER 22 2018.......SUNRISE   728 AM CDT   SUNSET   610 PM CDT


-  INDICATES NEGATIVE NUMBERS.
R  INDICATES RECORD WAS SET OR TIED.
MM INDICATES DATA IS MISSING.
T  INDICATES TRACE AMOUNT.




$$
