000
CDUS43 KARX 180700
CLILSE


CLIMATE REPORT
NATIONAL WEATHER SERVICE LA CROSSE WI
200 AM CDT SAT AUG 18 2018


...................................

...THE LA CROSSE WI CLIMATE SUMMARY FOR AUGUST 17 2018...

CLIMATE NORMAL PERIOD 1981 TO 2010
CLIMATE RECORD PERIOD 1873 TO 2018


WEATHER ITEM   OBSERVED TIME   RECORD YEAR NORMAL DEPARTURE LAST
                VALUE   (LST)  VALUE       VALUE  FROM      YEAR
                                                  NORMAL
..................................................................
TEMPERATURE (F)
 YESTERDAY
  MAXIMUM         88    153 PM 103    1988  82      6       78
  MINIMUM         67    546 AM  48    1981  62      5       69
  AVERAGE         78                        72      6       74

PRECIPITATION (IN)
  YESTERDAY        0.02          1.43 1881   0.15  -0.13     0.01
  MONTH TO DATE    1.76                      2.45  -0.69     0.87
  SINCE JUN 1      8.58                     11.05  -2.47    13.88
  SINCE JAN 1     22.71                     22.12   0.59    31.57

SNOWFALL (IN)
  YESTERDAY        0.0          MM      MM   0.0    0.0      0.0
  MONTH TO DATE    0.0                       0.0    0.0      0.0
  SINCE JUL 1      0.0                       0.0    0.0      0.0
  SNOW DEPTH       0

DEGREE DAYS
 HEATING
  YESTERDAY        0                         0      0        0
  MONTH TO DATE    0                         0      0        0
  SINCE JUL 1      0                         5     -5        0

 COOLING
  YESTERDAY       13                         7      6        9
  MONTH TO DATE  201                       130     71      120
  SINCE JAN 1    961                       617    344      743
..................................................................


WIND (MPH)
  HIGHEST WIND SPEED    17   HIGHEST WIND DIRECTION     E (110)
  HIGHEST GUST SPEED    24   HIGHEST GUST DIRECTION    SE (120)
  AVERAGE WIND SPEED     5.0


SKY COVER
  POSSIBLE SUNSHINE  MM
  AVERAGE SKY COVER 0.4


WEATHER CONDITIONS
 THE FOLLOWING WEATHER WAS RECORDED YESTERDAY.
  THUNDERSTORM
  LIGHT RAIN
  FOG


RELATIVE HUMIDITY (PERCENT)
 HIGHEST   100          1200 AM
 LOWEST     55           200 PM
 AVERAGE    78

..........................................................


THE LA CROSSE WI CLIMATE NORMALS FOR TODAY
                         NORMAL    RECORD    YEAR
 MAXIMUM TEMPERATURE (F)   82        99      1936
 MINIMUM TEMPERATURE (F)   61        44      1977


SUNRISE AND SUNSET
AUGUST 18 2018........SUNRISE   613 AM CDT   SUNSET   804 PM CDT
AUGUST 19 2018........SUNRISE   614 AM CDT   SUNSET   803 PM CDT


-  INDICATES NEGATIVE NUMBERS.
R  INDICATES RECORD WAS SET OR TIED.
MM INDICATES DATA IS MISSING.
T  INDICATES TRACE AMOUNT.




$$
