000
CDUS43 KARX 142139
CLILSE


CLIMATE REPORT
NATIONAL WEATHER SERVICE LA CROSSE WI
438 PM CDT THU JUN 14 2018


...................................

...THE LA CROSSE WI CLIMATE SUMMARY FOR JUNE 14 2018...
VALID TODAY AS OF 0430 PM LOCAL TIME.

CLIMATE NORMAL PERIOD 1981 TO 2010
CLIMATE RECORD PERIOD 1873 TO 2018


WEATHER ITEM   OBSERVED TIME   RECORD YEAR NORMAL DEPARTURE LAST
                VALUE   (LST)  VALUE       VALUE  FROM      YEAR
                                                  NORMAL
..................................................................
TEMPERATURE (F)
 TODAY
  MAXIMUM         80    324 PM  98    1987  80      0       86
  MINIMUM         60    544 AM  42    1933  58      2       69
  AVERAGE         70                        69      1       78

PRECIPITATION (IN)
  TODAY            0.00          1.92 2016   0.15  -0.15     0.08
  MONTH TO DATE    1.55                      1.99  -0.44     0.98
  SINCE JUN 1      1.55                      1.99  -0.44     0.98
  SINCE JAN 1     15.68                     13.06   2.62    18.67

SNOWFALL (IN)
  TODAY            0.0           0.0  2002   0.0    0.0      0.0
                                      2001
  MONTH TO DATE    0.0                       0.0    0.0      0.0
  SINCE JUL 1     49.8                      43.3    6.5     42.2
  SNOW DEPTH       0

DEGREE DAYS
 HEATING
  TODAY            0                         1     -1        0
  MONTH TO DATE    3                        28    -25        2
  SINCE JUL 1   6988                      7185   -197     5768

 COOLING
  TODAY            5                         5      0       13
  MONTH TO DATE   84                        54     30      145
  SINCE JAN 1    243                       102    141      182
..................................................................


WIND (MPH)
  HIGHEST WIND SPEED    17   HIGHEST WIND DIRECTION    SE (150)
  HIGHEST GUST SPEED    23   HIGHEST GUST DIRECTION    SE (120)
  AVERAGE WIND SPEED     7.3


SKY COVER
  POSSIBLE SUNSHINE  MM
  AVERAGE SKY COVER 0.3


WEATHER CONDITIONS
 THE FOLLOWING WEATHER WAS RECORDED TODAY.
  HAZE


RELATIVE HUMIDITY (PERCENT)
 HIGHEST    84           100 AM
 LOWEST     42           300 PM
 AVERAGE    63

..........................................................


THE LA CROSSE WI CLIMATE NORMALS FOR TOMORROW
                         NORMAL    RECORD    YEAR
 MAXIMUM TEMPERATURE (F)   80        95      1913
 MINIMUM TEMPERATURE (F)   59        42      1927


SUNRISE AND SUNSET
JUNE 14 2018..........SUNRISE   522 AM CDT   SUNSET   849 PM CDT
JUNE 15 2018..........SUNRISE   522 AM CDT   SUNSET   849 PM CDT


-  INDICATES NEGATIVE NUMBERS.
R  INDICATES RECORD WAS SET OR TIED.
MM INDICATES DATA IS MISSING.
T  INDICATES TRACE AMOUNT.




$$
