148
CDUS43 KARX 210659
CLILSE


CLIMATE REPORT
NATIONAL WEATHER SERVICE LA CROSSE WI
159 AM CDT FRI SEP 21 2018


...................................

...THE LA CROSSE WI CLIMATE SUMMARY FOR SEPTEMBER 20 2018...

CLIMATE NORMAL PERIOD 1981 TO 2010
CLIMATE RECORD PERIOD 1873 TO 2018


WEATHER ITEM   OBSERVED TIME   RECORD YEAR NORMAL DEPARTURE LAST
                VALUE   (LST)  VALUE       VALUE  FROM      YEAR
                                                  NORMAL
..................................................................
TEMPERATURE (F)
 YESTERDAY
  MAXIMUM         79    807 PM  93    1908  72      7       87
  MINIMUM         64   1020 AM  32    1991  50     14       62
  AVERAGE         72                        61     11       75

PRECIPITATION (IN)
  YESTERDAY        1.12          2.05 1980   0.12   1.00     0.00
  MONTH TO DATE    5.80                      2.45   3.35     0.37
  SINCE SEP 1      5.80                      2.45   3.35     0.37
  SINCE JAN 1     33.63                     26.41   7.22    32.13

SNOWFALL (IN)
  YESTERDAY        0.0           0.0  2002   0.0    0.0      0.0
                                      2001
  MONTH TO DATE    0.0                       0.0    0.0      0.0
  SINCE JUL 1      0.0                       0.0    0.0      0.0
  SNOW DEPTH       0

DEGREE DAYS
 HEATING
  YESTERDAY        0                         6     -6        0
  MONTH TO DATE    9                        63    -54       27
  SINCE JUL 1     10                        83    -73       27

 COOLING
  YESTERDAY        7                         2      5       10
  MONTH TO DATE  130                        64     66       97
  SINCE JAN 1   1184                       764    420      912
..................................................................


WIND (MPH)
  HIGHEST WIND SPEED    38   HIGHEST WIND DIRECTION     W (260)
  HIGHEST GUST SPEED    57   HIGHEST GUST DIRECTION     W (260)
  AVERAGE WIND SPEED     7.8


SKY COVER
  POSSIBLE SUNSHINE  MM
  AVERAGE SKY COVER 0.7


WEATHER CONDITIONS
 THE FOLLOWING WEATHER WAS RECORDED YESTERDAY.
  THUNDERSTORM
  HEAVY RAIN
  RAIN
  LIGHT RAIN
  FOG
  HAZE


RELATIVE HUMIDITY (PERCENT)
 HIGHEST   100           500 AM
 LOWEST     79           800 PM
 AVERAGE    90

..........................................................


THE LA CROSSE WI CLIMATE NORMALS FOR TODAY
                         NORMAL    RECORD    YEAR
 MAXIMUM TEMPERATURE (F)   71        93      1891
 MINIMUM TEMPERATURE (F)   50        32      1918


SUNRISE AND SUNSET
SEPTEMBER 21 2018.....SUNRISE   651 AM CDT   SUNSET   704 PM CDT
SEPTEMBER 22 2018.....SUNRISE   652 AM CDT   SUNSET   702 PM CDT


-  INDICATES NEGATIVE NUMBERS.
R  INDICATES RECORD WAS SET OR TIED.
MM INDICATES DATA IS MISSING.
T  INDICATES TRACE AMOUNT.




$$
