721
CDUS43 KARX 160651
CLILSE


CLIMATE REPORT
NATIONAL WEATHER SERVICE LA CROSSE WI
1251 AM CST SUN DEC 16 2018


...................................

...THE LA CROSSE WI CLIMATE SUMMARY FOR DECEMBER 15 2018...

CLIMATE NORMAL PERIOD 1981 TO 2010
CLIMATE RECORD PERIOD 1873 TO 2018


WEATHER ITEM   OBSERVED TIME   RECORD YEAR NORMAL DEPARTURE LAST
                VALUE   (LST)  VALUE       VALUE  FROM      YEAR
                                                  NORMAL
..................................................................
TEMPERATURE (F)
 YESTERDAY
  MAXIMUM         41    411 PM  52    1923  29     12       32
  MINIMUM         17    805 AM -23    1901  14      3       23
  AVERAGE         29                        21      8       28

PRECIPITATION (IN)
  YESTERDAY        0.00          0.93 1940   0.04  -0.04     0.02
  MONTH TO DATE    0.89                      0.76   0.13     0.46
  SINCE DEC 1      0.89                      0.76   0.13     0.46
  SINCE JAN 1     41.47                     32.46   9.01    39.53

SNOWFALL (IN)
  YESTERDAY        0.0           6.2  1940   0.4   -0.4      0.2
  MONTH TO DATE    2.8                       5.9   -3.1      3.0
  SINCE JUL 1      4.8                      10.2   -5.4      3.0
  SNOW DEPTH       2

DEGREE DAYS
 HEATING
  YESTERDAY       36                        44     -8       37
  MONTH TO DATE  576                       614    -38      545
  SINCE JUL 1   2206                      2114     92     1782

 COOLING
  YESTERDAY        0                         0      0        0
  MONTH TO DATE    0                         0      0        0
  SINCE JAN 1   1188                       782    406     1001
..................................................................


WIND (MPH)
  HIGHEST WIND SPEED    10   HIGHEST WIND DIRECTION    SE (140)
  HIGHEST GUST SPEED    13   HIGHEST GUST DIRECTION    SE (140)
  AVERAGE WIND SPEED     4.1


SKY COVER
  POSSIBLE SUNSHINE  MM
  AVERAGE SKY COVER 0.0


WEATHER CONDITIONS
 THE FOLLOWING WEATHER WAS RECORDED YESTERDAY.
  FOG
  HAZE


RELATIVE HUMIDITY (PERCENT)
 HIGHEST    92           600 AM
 LOWEST     54           200 PM
 AVERAGE    73

..........................................................


THE LA CROSSE WI CLIMATE NORMALS FOR TODAY
                         NORMAL    RECORD    YEAR
 MAXIMUM TEMPERATURE (F)   29        58      1959
 MINIMUM TEMPERATURE (F)   14       -21      1932


SUNRISE AND SUNSET
DECEMBER 16 2018......SUNRISE   733 AM CST   SUNSET   428 PM CST
DECEMBER 17 2018......SUNRISE   734 AM CST   SUNSET   429 PM CST


-  INDICATES NEGATIVE NUMBERS.
R  INDICATES RECORD WAS SET OR TIED.
MM INDICATES DATA IS MISSING.
T  INDICATES TRACE AMOUNT.




$$
