000
CDUS43 KARX 180637
CLILSE


CLIMATE REPORT
NATIONAL WEATHER SERVICE LA CROSSE WI
137 AM CDT MON MAR 18 2019


...................................

...THE LA CROSSE WI CLIMATE SUMMARY FOR MARCH 17 2019...

CLIMATE NORMAL PERIOD 1981 TO 2010
CLIMATE RECORD PERIOD 1873 TO 2019


WEATHER ITEM   OBSERVED TIME   RECORD YEAR NORMAL DEPARTURE LAST
                VALUE   (LST)  VALUE       VALUE  FROM      YEAR
                                                  NORMAL
..................................................................
TEMPERATURE (F)
 YESTERDAY
  MAXIMUM         34   1121 AM  83    2012  44    -10       54
  MINIMUM         21    600 AM  -7    1941  26     -5       23
  AVERAGE         28                        35     -7       39

PRECIPITATION (IN)
  YESTERDAY        T             1.02 1966   0.07  -0.07     0.00
  MONTH TO DATE    1.81                      0.99   0.82     0.60
  SINCE MAR 1      1.81                      0.99   0.82     0.60
  SINCE JAN 1      6.14                      3.16   2.98     3.20

SNOWFALL (IN)
  YESTERDAY        T             8.4  1965   0.3   -0.3      0.0
  MONTH TO DATE    5.9                       4.8    1.1      6.1
  SINCE JUL 1     58.1                      39.3   18.8     30.8
  SNOW DEPTH       3

DEGREE DAYS
 HEATING
  YESTERDAY       37                        30      7       26
  MONTH TO DATE  723                       572    151      550
  SINCE JUL 1   6347                      6081    266     5759

 COOLING
  YESTERDAY        0                         0      0        0
  MONTH TO DATE    0                         0      0        0
  SINCE JAN 1      0                         0      0        0
..................................................................


WIND (MPH)
  HIGHEST WIND SPEED    16   HIGHEST WIND DIRECTION    NW (310)
  HIGHEST GUST SPEED    19   HIGHEST GUST DIRECTION     W (290)
  AVERAGE WIND SPEED     3.8


SKY COVER
  POSSIBLE SUNSHINE  MM
  AVERAGE SKY COVER 0.5


WEATHER CONDITIONS
 THE FOLLOWING WEATHER WAS RECORDED YESTERDAY.
  LIGHT SNOW
  FOG
  HAZE


RELATIVE HUMIDITY (PERCENT)
 HIGHEST    88           300 AM
 LOWEST     63          1000 AM
 AVERAGE    76

..........................................................


THE LA CROSSE WI CLIMATE NORMALS FOR TODAY
                         NORMAL    RECORD    YEAR
 MAXIMUM TEMPERATURE (F)   45        80      2012
 MINIMUM TEMPERATURE (F)   26        -3      1923
                                             1875


SUNRISE AND SUNSET
MARCH 18 2019.........SUNRISE   712 AM CDT   SUNSET   715 PM CDT
MARCH 19 2019.........SUNRISE   710 AM CDT   SUNSET   716 PM CDT


-  INDICATES NEGATIVE NUMBERS.
R  INDICATES RECORD WAS SET OR TIED.
MM INDICATES DATA IS MISSING.
T  INDICATES TRACE AMOUNT.




$$
