520
CDUS43 KARX 220639
CLILSE


CLIMATE REPORT
NATIONAL WEATHER SERVICE LA CROSSE WI
139 AM CDT TUE MAY 22 2018


...................................

...THE LA CROSSE WI CLIMATE SUMMARY FOR MAY 21 2018...

CLIMATE NORMAL PERIOD 1981 TO 2010
CLIMATE RECORD PERIOD 1873 TO 2018


WEATHER ITEM   OBSERVED TIME   RECORD YEAR NORMAL DEPARTURE LAST
                VALUE   (LST)  VALUE       VALUE  FROM      YEAR
                                                  NORMAL
..................................................................
TEMPERATURE (F)
 YESTERDAY
  MAXIMUM         60    818 PM  92    1970  72    -12       57
  MINIMUM         53   1057 AM  31    1883  50      3       49
  AVERAGE         57                        61     -4       53

PRECIPITATION (IN)
  YESTERDAY        0.50          2.83 1945   0.11   0.39     0.04
  MONTH TO DATE    5.92                      2.34   3.58     6.60
  SINCE MAR 1     10.04                      7.72   2.32    13.23
  SINCE JAN 1     12.64                      9.89   2.75    17.09

SNOWFALL (IN)
  YESTERDAY        0.0           0.0  2002   0.0    0.0      0.0
                                      2001
  MONTH TO DATE    0.0                       0.1   -0.1       T
  SINCE JUL 1     49.8                      43.4    6.4     42.2
  SNOW DEPTH       0

DEGREE DAYS
 HEATING
  YESTERDAY        8                         5      3       12
  MONTH TO DATE   66                       162    -96      176
  SINCE JUL 1   6983                      7114   -131     5730

 COOLING
  YESTERDAY        0                         2     -2        0
  MONTH TO DATE   40                        20     20       27
  SINCE JAN 1     43                        27     16       33
..................................................................


WIND (MPH)
  HIGHEST WIND SPEED     8   HIGHEST WIND DIRECTION     E (70)
  HIGHEST GUST SPEED    14   HIGHEST GUST DIRECTION     E (70)
  AVERAGE WIND SPEED     3.6


SKY COVER
  POSSIBLE SUNSHINE  MM
  AVERAGE SKY COVER 1.0


WEATHER CONDITIONS
 THE FOLLOWING WEATHER WAS RECORDED YESTERDAY.
  RAIN
  LIGHT RAIN
  FOG


RELATIVE HUMIDITY (PERCENT)
 HIGHEST    93          1200 PM
 LOWEST     57           800 AM
 AVERAGE    75

..........................................................


THE LA CROSSE WI CLIMATE NORMALS FOR TODAY
                         NORMAL    RECORD    YEAR
 MAXIMUM TEMPERATURE (F)   73        98      1925
 MINIMUM TEMPERATURE (F)   51        33      1967


SUNRISE AND SUNSET
MAY 22 2018...........SUNRISE   532 AM CDT   SUNSET   831 PM CDT
MAY 23 2018...........SUNRISE   532 AM CDT   SUNSET   832 PM CDT


-  INDICATES NEGATIVE NUMBERS.
R  INDICATES RECORD WAS SET OR TIED.
MM INDICATES DATA IS MISSING.
T  INDICATES TRACE AMOUNT.




$$
