000
CDUS43 KARX 160639
CLILSE


CLIMATE REPORT
NATIONAL WEATHER SERVICE LA CROSSE WI
138 AM CDT TUE OCT 16 2018


...................................

...THE LA CROSSE WI CLIMATE SUMMARY FOR OCTOBER 15 2018...

CLIMATE NORMAL PERIOD 1981 TO 2010
CLIMATE RECORD PERIOD 1873 TO 2018


WEATHER ITEM   OBSERVED TIME   RECORD YEAR NORMAL DEPARTURE LAST
                VALUE   (LST)  VALUE       VALUE  FROM      YEAR
                                                  NORMAL
..................................................................
TEMPERATURE (F)
 YESTERDAY
  MAXIMUM         47    305 PM  85    1958  60    -13       54
  MINIMUM         33    500 AM  24    1937  41     -8       44
                                      1876
  AVERAGE         40                        50    -10       49

PRECIPITATION (IN)
  YESTERDAY        0.00          1.03 1911   0.07  -0.07      T
  MONTH TO DATE    3.56                      1.15   2.41     4.89
  SINCE SEP 1      9.64                      4.71   4.93     5.84
  SINCE JAN 1     37.47                     28.67   8.80    37.60

SNOWFALL (IN)
  YESTERDAY        0.0           T    2009   0.0    0.0      0.0
                                      1972
  MONTH TO DATE    0.1                       0.0    0.1      0.0
  SINCE JUL 1      0.1                       0.0    0.1      0.0
  SNOW DEPTH       T

DEGREE DAYS
 HEATING
  YESTERDAY       25                        15     10       16
  MONTH TO DATE  224                       184     40      100
  SINCE JUL 1    326                       344    -18      148

 COOLING
  YESTERDAY        0                         0      0        0
  MONTH TO DATE    3                         7     -4       11
  SINCE JAN 1   1188                       781    407      998
..................................................................


WIND (MPH)
  HIGHEST WIND SPEED    21   HIGHEST WIND DIRECTION     W (280)
  HIGHEST GUST SPEED    30   HIGHEST GUST DIRECTION     W (290)
  AVERAGE WIND SPEED    10.7


SKY COVER
  POSSIBLE SUNSHINE  MM
  AVERAGE SKY COVER 0.5


WEATHER CONDITIONS
 THE FOLLOWING WEATHER WAS RECORDED YESTERDAY.
  NO SIGNIFICANT WEATHER WAS OBSERVED.


RELATIVE HUMIDITY (PERCENT)
 HIGHEST    76          1200 AM
 LOWEST     42           300 PM
 AVERAGE    59

..........................................................


THE LA CROSSE WI CLIMATE NORMALS FOR TODAY
                         NORMAL    RECORD    YEAR
 MAXIMUM TEMPERATURE (F)   60        85      1910
 MINIMUM TEMPERATURE (F)   40        25      2002


SUNRISE AND SUNSET
OCTOBER 16 2018.......SUNRISE   721 AM CDT   SUNSET   620 PM CDT
OCTOBER 17 2018.......SUNRISE   722 AM CDT   SUNSET   618 PM CDT


-  INDICATES NEGATIVE NUMBERS.
R  INDICATES RECORD WAS SET OR TIED.
MM INDICATES DATA IS MISSING.
T  INDICATES TRACE AMOUNT.




$$
