000
CDUS43 KARX 170650
CLILSE


CLIMATE REPORT
NATIONAL WEATHER SERVICE LA CROSSE WI
1249 AM CST THU JAN 17 2019


...................................

...THE LA CROSSE WI CLIMATE SUMMARY FOR JANUARY 16 2019...

CLIMATE NORMAL PERIOD 1981 TO 2010
CLIMATE RECORD PERIOD 1873 TO 2019


WEATHER ITEM   OBSERVED TIME   RECORD YEAR NORMAL DEPARTURE LAST
                VALUE   (LST)  VALUE       VALUE  FROM      YEAR
                                                  NORMAL
..................................................................
TEMPERATURE (F)
 YESTERDAY
  MAXIMUM         31    119 AM  51    1974  26      5       15
                                      1913
  MINIMUM         15    745 AM -39    1888   9      6       -2
  AVERAGE         23                        17      6        7

PRECIPITATION (IN)
  YESTERDAY        0.00          0.78 1980   0.04  -0.04      T
  MONTH TO DATE    0.28                      0.56  -0.28     0.46
  SINCE DEC 1      2.29                      1.92   0.37     0.99
  SINCE JAN 1      0.28                      0.56  -0.28     0.46

SNOWFALL (IN)
  YESTERDAY        0.0           5.5  1994   0.3   -0.3      0.1
  MONTH TO DATE    T                         4.9   -4.9      8.1
  SINCE JUL 1      6.0                      20.5  -14.5     12.5
  SNOW DEPTH       0

DEGREE DAYS
 HEATING
  YESTERDAY       42                        48     -6       58
  MONTH TO DATE  595                       764   -169      857
  SINCE JUL 1   3329                      3608   -279     3421

 COOLING
  YESTERDAY        0                         0      0        0
  MONTH TO DATE    0                         0      0        0
  SINCE JAN 1      0                         0      0        0
..................................................................


WIND (MPH)
  HIGHEST WIND SPEED    16   HIGHEST WIND DIRECTION     N (340)
  HIGHEST GUST SPEED    21   HIGHEST GUST DIRECTION     N (10)
  AVERAGE WIND SPEED     6.9


SKY COVER
  POSSIBLE SUNSHINE  MM
  AVERAGE SKY COVER 0.2


WEATHER CONDITIONS
 THE FOLLOWING WEATHER WAS RECORDED YESTERDAY.
  NO SIGNIFICANT WEATHER WAS OBSERVED.


RELATIVE HUMIDITY (PERCENT)
 HIGHEST    80           600 AM
 LOWEST     42           400 PM
 AVERAGE    61

..........................................................


THE LA CROSSE WI CLIMATE NORMALS FOR TODAY
                         NORMAL    RECORD    YEAR
 MAXIMUM TEMPERATURE (F)   26        56      1894
 MINIMUM TEMPERATURE (F)    8       -30      1873


SUNRISE AND SUNSET
JANUARY 17 2019.......SUNRISE   735 AM CST   SUNSET   455 PM CST
JANUARY 18 2019.......SUNRISE   734 AM CST   SUNSET   457 PM CST


-  INDICATES NEGATIVE NUMBERS.
R  INDICATES RECORD WAS SET OR TIED.
MM INDICATES DATA IS MISSING.
T  INDICATES TRACE AMOUNT.




$$
