876
CDUS43 KARX 150634
CLILSE


CLIMATE REPORT
NATIONAL WEATHER SERVICE LA CROSSE WI
132 AM CDT MON OCT 15 2018


...................................

...THE LA CROSSE WI CLIMATE SUMMARY FOR OCTOBER 14 2018...

CLIMATE NORMAL PERIOD 1981 TO 2010
CLIMATE RECORD PERIOD 1873 TO 2018


WEATHER ITEM   OBSERVED TIME   RECORD YEAR NORMAL DEPARTURE LAST
                VALUE   (LST)  VALUE       VALUE  FROM      YEAR
                                                  NORMAL
..................................................................
TEMPERATURE (F)
 YESTERDAY
  MAXIMUM         50    218 AM  88    1897  61    -11       56
  MINIMUM         33    421 PM  24    1937  41     -8       48
  AVERAGE         42                        51     -9       52

PRECIPITATION (IN)
  YESTERDAY        0.26          2.01 1966   0.07   0.19     0.49
  MONTH TO DATE    3.56                      1.08   2.48     4.89
  SINCE SEP 1      9.64                      4.64   5.00     5.84
  SINCE JAN 1     37.47                     28.60   8.87    37.60

SNOWFALL (IN)
  YESTERDAY        0.1 R         T    2009   0.0    0.1      0.0
                                      1986
  MONTH TO DATE    0.1                       0.0    0.1      0.0
  SINCE JUL 1      0.1                       0.0    0.1      0.0
  SNOW DEPTH       0

DEGREE DAYS
 HEATING
  YESTERDAY       23                        14      9       13
  MONTH TO DATE  199                       169     30       84
  SINCE JUL 1    301                       329    -28      132

 COOLING
  YESTERDAY        0                         0      0        0
  MONTH TO DATE    3                         7     -4       11
  SINCE JAN 1   1188                       781    407      998
..................................................................


WIND (MPH)
  HIGHEST WIND SPEED    15   HIGHEST WIND DIRECTION     N (340)
  HIGHEST GUST SPEED    20   HIGHEST GUST DIRECTION     N (340)
  AVERAGE WIND SPEED     9.3


SKY COVER
  POSSIBLE SUNSHINE  MM
  AVERAGE SKY COVER 1.0


WEATHER CONDITIONS
 THE FOLLOWING WEATHER WAS RECORDED YESTERDAY.
  LIGHT RAIN
  LIGHT SNOW
  FOG


RELATIVE HUMIDITY (PERCENT)
 HIGHEST    89           400 PM
 LOWEST     66          1200 AM
 AVERAGE    78

..........................................................


THE LA CROSSE WI CLIMATE NORMALS FOR TODAY
                         NORMAL    RECORD    YEAR
 MAXIMUM TEMPERATURE (F)   60        85      1958
 MINIMUM TEMPERATURE (F)   41        24      1937
                                             1876


SUNRISE AND SUNSET
OCTOBER 15 2018.......SUNRISE   720 AM CDT   SUNSET   621 PM CDT
OCTOBER 16 2018.......SUNRISE   721 AM CDT   SUNSET   620 PM CDT


-  INDICATES NEGATIVE NUMBERS.
R  INDICATES RECORD WAS SET OR TIED.
MM INDICATES DATA IS MISSING.
T  INDICATES TRACE AMOUNT.




$$
