000
CDUS43 KARX 140654
CLILSE


CLIMATE REPORT
NATIONAL WEATHER SERVICE LA CROSSE WI
1253 AM CST MON JAN 14 2019


...................................

...THE LA CROSSE WI CLIMATE SUMMARY FOR JANUARY 13 2019...

CLIMATE NORMAL PERIOD 1981 TO 2010
CLIMATE RECORD PERIOD 1873 TO 2019


WEATHER ITEM   OBSERVED TIME   RECORD YEAR NORMAL DEPARTURE LAST
                VALUE   (LST)  VALUE       VALUE  FROM      YEAR
                                                  NORMAL
..................................................................
TEMPERATURE (F)
 YESTERDAY
  MAXIMUM         34    250 PM  50    1894  25      9        5
  MINIMUM         23   1135 PM -28    1965   9     14       -8
  AVERAGE         29                        17     12       -1

PRECIPITATION (IN)
  YESTERDAY        0.00          0.57 1910   0.04  -0.04     0.00
  MONTH TO DATE    0.28                      0.45  -0.17     0.25
  SINCE DEC 1      2.29                      1.81   0.48     0.78
  SINCE JAN 1      0.28                      0.45  -0.17     0.25

SNOWFALL (IN)
  YESTERDAY        0.0           8.5  1910   0.4   -0.4      0.0
  MONTH TO DATE    T                         3.9   -3.9      1.3
  SINCE JUL 1      6.0                      19.5  -13.5      5.7
  SNOW DEPTH       0

DEGREE DAYS
 HEATING
  YESTERDAY       36                        48    -12       66
  MONTH TO DATE  481                       620   -139      687
  SINCE JUL 1   3215                      3464   -249     3251

 COOLING
  YESTERDAY        0                         0      0        0
  MONTH TO DATE    0                         0      0        0
  SINCE JAN 1      0                         0      0        0
..................................................................


WIND (MPH)
  HIGHEST WIND SPEED    10   HIGHEST WIND DIRECTION    NE (60)
  HIGHEST GUST SPEED    14   HIGHEST GUST DIRECTION    NE (50)
  AVERAGE WIND SPEED     4.5


SKY COVER
  POSSIBLE SUNSHINE  MM
  AVERAGE SKY COVER 0.7


WEATHER CONDITIONS
 THE FOLLOWING WEATHER WAS RECORDED YESTERDAY.
  NO SIGNIFICANT WEATHER WAS OBSERVED.


RELATIVE HUMIDITY (PERCENT)
 HIGHEST    88          1000 PM
 LOWEST     61           200 PM
 AVERAGE    75

..........................................................


THE LA CROSSE WI CLIMATE NORMALS FOR TODAY
                         NORMAL    RECORD    YEAR
 MAXIMUM TEMPERATURE (F)   26        47      1914
 MINIMUM TEMPERATURE (F)    9       -27      1965
                                             1881


SUNRISE AND SUNSET
JANUARY 14 2019.......SUNRISE   737 AM CST   SUNSET   452 PM CST
JANUARY 15 2019.......SUNRISE   736 AM CST   SUNSET   453 PM CST


-  INDICATES NEGATIVE NUMBERS.
R  INDICATES RECORD WAS SET OR TIED.
MM INDICATES DATA IS MISSING.
T  INDICATES TRACE AMOUNT.




$$
