000
CDUS43 KARX 072128
CLILSE


CLIMATE REPORT
NATIONAL WEATHER SERVICE LA CROSSE WI
427 PM CDT SAT APR 7 2018


...................................

...THE LA CROSSE WI CLIMATE SUMMARY FOR APRIL 7 2018...
VALID TODAY AS OF 0400 PM LOCAL TIME.

CLIMATE NORMAL PERIOD 1981 TO 2010
CLIMATE RECORD PERIOD 1873 TO 2018


WEATHER ITEM   OBSERVED TIME   RECORD YEAR NORMAL DEPARTURE LAST
                VALUE   (LST)  VALUE       VALUE  FROM      YEAR
                                                  NORMAL
..................................................................
TEMPERATURE (F)
 TODAY
  MAXIMUM         34    259 PM  84    1991  55    -21       60
  MINIMUM         16    604 AM  13    1936  34    -18       30
  AVERAGE         25                        45    -20       45

PRECIPITATION (IN)
  TODAY            T             1.57 2006   0.10  -0.10     0.00
  MONTH TO DATE    0.51                      0.65  -0.14     1.44
  SINCE MAR 1      1.65                      2.69  -1.04     3.20
  SINCE JAN 1      4.25                      4.86  -0.61     7.06

SNOWFALL (IN)
  TODAY            T             5.2  1928   0.1   -0.1      0.0
  MONTH TO DATE    7.3                       0.6    6.7      0.0
  SINCE JUL 1     38.1                      42.2   -4.1     42.2
  SNOW DEPTH       2

DEGREE DAYS
 HEATING
  TODAY           40                        20     20       20
  MONTH TO DATE  263                       152    111      113
  SINCE JUL 1   6415                      6605   -190     5295

 COOLING
  TODAY            0                         0      0        0
  MONTH TO DATE    0                         0      0        0
  SINCE JAN 1      0                         0      0        0
..................................................................


WIND (MPH)
  HIGHEST WIND SPEED    21   HIGHEST WIND DIRECTION    NW (330)
  HIGHEST GUST SPEED    25   HIGHEST GUST DIRECTION    NW (330)
  AVERAGE WIND SPEED    10.5


SKY COVER
  POSSIBLE SUNSHINE  MM
  AVERAGE SKY COVER 0.4


WEATHER CONDITIONS
 THE FOLLOWING WEATHER WAS RECORDED TODAY.
  NO SIGNIFICANT WEATHER WAS OBSERVED.


RELATIVE HUMIDITY (PERCENT)
 HIGHEST    73           600 AM
 LOWEST     35           200 PM
 AVERAGE    54

..........................................................


THE LA CROSSE WI CLIMATE NORMALS FOR TOMORROW
                         NORMAL    RECORD    YEAR
 MAXIMUM TEMPERATURE (F)   56        84      1931
 MINIMUM TEMPERATURE (F)   35        11      1972


SUNRISE AND SUNSET
APRIL  7 2018.........SUNRISE   636 AM CDT   SUNSET   739 PM CDT
APRIL  8 2018.........SUNRISE   634 AM CDT   SUNSET   740 PM CDT


-  INDICATES NEGATIVE NUMBERS.
R  INDICATES RECORD WAS SET OR TIED.
MM INDICATES DATA IS MISSING.
T  INDICATES TRACE AMOUNT.




$$
