000
CDUS43 KARX 100641
CLILSE


CLIMATE REPORT
NATIONAL WEATHER SERVICE LA CROSSE WI
140 AM CDT SUN JUN 10 2018


...................................

...THE LA CROSSE WI CLIMATE SUMMARY FOR JUNE 9 2018...

CLIMATE NORMAL PERIOD 1981 TO 2010
CLIMATE RECORD PERIOD 1873 TO 2018


WEATHER ITEM   OBSERVED TIME   RECORD YEAR NORMAL DEPARTURE LAST
                VALUE   (LST)  VALUE       VALUE  FROM      YEAR
                                                  NORMAL
..................................................................
TEMPERATURE (F)
 YESTERDAY
  MAXIMUM         84   1247 PM  96    2015  78      6       88
  MINIMUM         66   1159 PM  39    1937  57      9       59
  AVERAGE         75                        67      8       74

PRECIPITATION (IN)
  YESTERDAY        1.13          2.41 2004   0.14   0.99     0.00
  MONTH TO DATE    1.43                      1.25   0.18     0.03
  SINCE JUN 1      1.43                      1.25   0.18     0.03
  SINCE JAN 1     15.56                     12.32   3.24    17.72

SNOWFALL (IN)
  YESTERDAY        0.0           0.0  2002   0.0    0.0      0.0
                                      2001
  MONTH TO DATE    0.0                       0.0    0.0      0.0
  SINCE JUL 1     49.8                      43.3    6.5     42.2
  SNOW DEPTH       0

DEGREE DAYS
 HEATING
  YESTERDAY        0                         2     -2        0
  MONTH TO DATE    3                        22    -19        2
  SINCE JUL 1   6988                      7179   -191     5768

 COOLING
  YESTERDAY       10                         4      6        9
  MONTH TO DATE   50                        30     20       67
  SINCE JAN 1    209                        78    131      104
..................................................................


WIND (MPH)
  HIGHEST WIND SPEED    20   HIGHEST WIND DIRECTION     E (80)
  HIGHEST GUST SPEED    31   HIGHEST GUST DIRECTION     E (70)
  AVERAGE WIND SPEED     7.6


SKY COVER
  POSSIBLE SUNSHINE  MM
  AVERAGE SKY COVER 0.6


WEATHER CONDITIONS
 THE FOLLOWING WEATHER WAS RECORDED YESTERDAY.
  THUNDERSTORM
  HEAVY RAIN
  RAIN
  LIGHT RAIN
  FOG


RELATIVE HUMIDITY (PERCENT)
 HIGHEST   100           800 PM
 LOWEST     58           100 PM
 AVERAGE    79

..........................................................


THE LA CROSSE WI CLIMATE NORMALS FOR TODAY
                         NORMAL    RECORD    YEAR
 MAXIMUM TEMPERATURE (F)   79        96      2017
 MINIMUM TEMPERATURE (F)   57        39      1928


SUNRISE AND SUNSET
JUNE 10 2018..........SUNRISE   522 AM CDT   SUNSET   847 PM CDT
JUNE 11 2018..........SUNRISE   522 AM CDT   SUNSET   847 PM CDT


-  INDICATES NEGATIVE NUMBERS.
R  INDICATES RECORD WAS SET OR TIED.
MM INDICATES DATA IS MISSING.
T  INDICATES TRACE AMOUNT.




$$
