946
CDUS43 KARX 110642
CLILSE


CLIMATE REPORT
NATIONAL WEATHER SERVICE LA CROSSE WI
141 AM CDT MON JUN 11 2018


...................................

...THE LA CROSSE WI CLIMATE SUMMARY FOR JUNE 10 2018...

CLIMATE NORMAL PERIOD 1981 TO 2010
CLIMATE RECORD PERIOD 1873 TO 2018


WEATHER ITEM   OBSERVED TIME   RECORD YEAR NORMAL DEPARTURE LAST
                VALUE   (LST)  VALUE       VALUE  FROM      YEAR
                                                  NORMAL
..................................................................
TEMPERATURE (F)
 YESTERDAY
  MAXIMUM         77    427 PM  96    2017  79     -2       96
  MINIMUM         65    612 AM  39    1928  57      8       72
  AVERAGE         71                        68      3       84

PRECIPITATION (IN)
  YESTERDAY        0.12          1.35 1922   0.14  -0.02     0.00
  MONTH TO DATE    1.55                      1.39   0.16     0.03
  SINCE JUN 1      1.55                      1.39   0.16     0.03
  SINCE JAN 1     15.68                     12.46   3.22    17.72

SNOWFALL (IN)
  YESTERDAY        0.0           0.0  2002   0.0    0.0      0.0
                                      2001
  MONTH TO DATE    0.0                       0.0    0.0      0.0
  SINCE JUL 1     49.8                      43.3    6.5     42.2
  SNOW DEPTH       0

DEGREE DAYS
 HEATING
  YESTERDAY        0                         2     -2        0
  MONTH TO DATE    3                        24    -21        2
  SINCE JUL 1   6988                      7181   -193     5768

 COOLING
  YESTERDAY        6                         4      2       19
  MONTH TO DATE   56                        34     22       86
  SINCE JAN 1    215                        82    133      123
..................................................................


WIND (MPH)
  HIGHEST WIND SPEED    18   HIGHEST WIND DIRECTION     E (80)
  HIGHEST GUST SPEED    28   HIGHEST GUST DIRECTION     E (100)
  AVERAGE WIND SPEED     8.2


SKY COVER
  POSSIBLE SUNSHINE  MM
  AVERAGE SKY COVER 0.9


WEATHER CONDITIONS
 THE FOLLOWING WEATHER WAS RECORDED YESTERDAY.
  LIGHT RAIN


RELATIVE HUMIDITY (PERCENT)
 HIGHEST   100           200 AM
 LOWEST     60           400 PM
 AVERAGE    80

..........................................................


THE LA CROSSE WI CLIMATE NORMALS FOR TODAY
                         NORMAL    RECORD    YEAR
 MAXIMUM TEMPERATURE (F)   79        96      2017
 MINIMUM TEMPERATURE (F)   57        42      1903


SUNRISE AND SUNSET
JUNE 11 2018..........SUNRISE   522 AM CDT   SUNSET   847 PM CDT
JUNE 12 2018..........SUNRISE   522 AM CDT   SUNSET   848 PM CDT


-  INDICATES NEGATIVE NUMBERS.
R  INDICATES RECORD WAS SET OR TIED.
MM INDICATES DATA IS MISSING.
T  INDICATES TRACE AMOUNT.




$$
