244
CDUS43 KARX 152147
CLILSE


CLIMATE REPORT
NATIONAL WEATHER SERVICE LA CROSSE WI
447 PM CDT FRI JUN 15 2018


...................................

...THE LA CROSSE WI CLIMATE SUMMARY FOR JUNE 15 2018...
VALID TODAY AS OF 0430 PM LOCAL TIME.

CLIMATE NORMAL PERIOD 1981 TO 2010
CLIMATE RECORD PERIOD 1873 TO 2018


WEATHER ITEM   OBSERVED TIME   RECORD YEAR NORMAL DEPARTURE LAST
                VALUE   (LST)  VALUE       VALUE  FROM      YEAR
                                                  NORMAL
..................................................................
TEMPERATURE (F)
 TODAY
  MAXIMUM         91    327 PM  95    1913  80     11       90
  MINIMUM         69    504 AM  42    1927  59     10       67
  AVERAGE         80                        69     11       79

PRECIPITATION (IN)
  TODAY            0.00          3.93 1967   0.15  -0.15     0.00
  MONTH TO DATE    1.55                      2.14  -0.59     0.98
  SINCE JUN 1      1.55                      2.14  -0.59     0.98
  SINCE JAN 1     15.68                     13.21   2.47    18.67

SNOWFALL (IN)
  TODAY            0.0           0.0  2002   0.0    0.0      0.0
                                      2001
  MONTH TO DATE    0.0                       0.0    0.0      0.0
  SINCE JUL 1     49.8                      43.3    6.5     42.2
  SNOW DEPTH       0

DEGREE DAYS
 HEATING
  TODAY            0                         1     -1        0
  MONTH TO DATE    3                        29    -26        2
  SINCE JUL 1   6988                      7186   -198     5768

 COOLING
  TODAY           15                         5     10       14
  MONTH TO DATE   99                        59     40      159
  SINCE JAN 1    258                       107    151      196
..................................................................


WIND (MPH)
  HIGHEST WIND SPEED    23   HIGHEST WIND DIRECTION     S (180)
  HIGHEST GUST SPEED    32   HIGHEST GUST DIRECTION     S (180)
  AVERAGE WIND SPEED    12.8


SKY COVER
  POSSIBLE SUNSHINE  MM
  AVERAGE SKY COVER 0.1


WEATHER CONDITIONS
 THE FOLLOWING WEATHER WAS RECORDED TODAY.
  NO SIGNIFICANT WEATHER WAS OBSERVED.


RELATIVE HUMIDITY (PERCENT)
 HIGHEST    73           600 AM
 LOWEST     52           100 PM
 AVERAGE    63

..........................................................


THE LA CROSSE WI CLIMATE NORMALS FOR TOMORROW
                         NORMAL    RECORD    YEAR
 MAXIMUM TEMPERATURE (F)   80        94      1994
 MINIMUM TEMPERATURE (F)   59        43      1989


SUNRISE AND SUNSET
JUNE 15 2018..........SUNRISE   522 AM CDT   SUNSET   849 PM CDT
JUNE 16 2018..........SUNRISE   522 AM CDT   SUNSET   850 PM CDT


-  INDICATES NEGATIVE NUMBERS.
R  INDICATES RECORD WAS SET OR TIED.
MM INDICATES DATA IS MISSING.
T  INDICATES TRACE AMOUNT.




$$
