000
CDUS43 KARX 130644
CLILSE


CLIMATE REPORT
NATIONAL WEATHER SERVICE LA CROSSE WI
143 AM CDT THU JUN 13 2019


...................................

...THE LA CROSSE WI CLIMATE SUMMARY FOR JUNE 12 2019...

CLIMATE NORMAL PERIOD 1981 TO 2010
CLIMATE RECORD PERIOD 1873 TO 2019


WEATHER ITEM   OBSERVED TIME   RECORD YEAR NORMAL DEPARTURE LAST
                VALUE   (LST)  VALUE       VALUE  FROM      YEAR
                                                  NORMAL
..................................................................
TEMPERATURE (F)
 YESTERDAY
  MAXIMUM         70    328 PM  95    1920  79     -9       81
  MINIMUM         53   1155 PM  40    1903  58     -5       67
  AVERAGE         62                        68     -6       74

PRECIPITATION (IN)
  YESTERDAY        1.02          3.01 1899   0.15   0.87     0.00
  MONTH TO DATE    1.51                      1.68  -0.17     1.55
  SINCE JUN 1      1.51                      1.68  -0.17     1.55
  SINCE JAN 1     16.85                     12.75   4.10    15.68

SNOWFALL (IN)
  YESTERDAY        0.0           0.0  2002   0.0    0.0      0.0
                                      2001
  MONTH TO DATE    0.0                       0.0    0.0      0.0
  SINCE JUL 1     64.3                      43.3   21.0     49.8
  SNOW DEPTH       0

DEGREE DAYS
 HEATING
  YESTERDAY        3                         1      2        0
  MONTH TO DATE   11                        26    -15        3
  SINCE JUL 1   7441                      7183    258     6988

 COOLING
  YESTERDAY        0                         5     -5        9
  MONTH TO DATE   54                        44     10       73
  SINCE JAN 1     85                        92     -7      232
..................................................................


WIND (MPH)
  HIGHEST WIND SPEED    25   HIGHEST WIND DIRECTION    NW (330)
  HIGHEST GUST SPEED    34   HIGHEST GUST DIRECTION     N (340)
  AVERAGE WIND SPEED     7.9


SKY COVER
  POSSIBLE SUNSHINE  MM
  AVERAGE SKY COVER 0.7


WEATHER CONDITIONS
 THE FOLLOWING WEATHER WAS RECORDED YESTERDAY.
  THUNDERSTORM
  HEAVY RAIN
  RAIN
  LIGHT RAIN
  FOG


RELATIVE HUMIDITY (PERCENT)
 HIGHEST    87          1200 AM
 LOWEST     48           400 PM
 AVERAGE    68

..........................................................


THE LA CROSSE WI CLIMATE NORMALS FOR TODAY
                         NORMAL    RECORD    YEAR
 MAXIMUM TEMPERATURE (F)   80        97      1988
                                             1987
                                             1956
 MINIMUM TEMPERATURE (F)   58        42      1969


SUNRISE AND SUNSET
JUNE 13 2019..........SUNRISE   522 AM CDT   SUNSET   848 PM CDT
JUNE 14 2019..........SUNRISE   522 AM CDT   SUNSET   849 PM CDT


-  INDICATES NEGATIVE NUMBERS.
R  INDICATES RECORD WAS SET OR TIED.
MM INDICATES DATA IS MISSING.
T  INDICATES TRACE AMOUNT.




$$
