000
CDUS43 KARX 060736
CLILSE


CLIMATE REPORT
NATIONAL WEATHER SERVICE LA CROSSE WI
236 AM CDT FRI APR 6 2018


...................................

...THE LA CROSSE WI CLIMATE SUMMARY FOR APRIL 5 2018...

CLIMATE NORMAL PERIOD 1981 TO 2010
CLIMATE RECORD PERIOD 1873 TO 2018


WEATHER ITEM   OBSERVED TIME   RECORD YEAR NORMAL DEPARTURE LAST
                VALUE   (LST)  VALUE       VALUE  FROM      YEAR
                                                  NORMAL
..................................................................
TEMPERATURE (F)
 YESTERDAY
  MAXIMUM         41    315 PM  85    1991  54    -13       54
  MINIMUM         15    105 AM  12    1887  34    -19       43
  AVERAGE         28                        44    -16       49

PRECIPITATION (IN)
  YESTERDAY        0.00          1.57 1958   0.09  -0.09     0.00
  MONTH TO DATE    0.51                      0.45   0.06     1.44
  SINCE MAR 1      1.65                      2.49  -0.84     3.20
  SINCE JAN 1      4.25                      4.66  -0.41     7.06

SNOWFALL (IN)
  YESTERDAY        0.0           2.4  1982   0.1   -0.1      0.0
  MONTH TO DATE    7.3                       0.5    6.8      0.0
  SINCE JUL 1     38.1                      42.1   -4.0     42.2
  SNOW DEPTH       5

DEGREE DAYS
 HEATING
  YESTERDAY       37                        21     16       16
  MONTH TO DATE  185                       111     74       75
  SINCE JUL 1   6337                      6564   -227     5257

 COOLING
  YESTERDAY        0                         0      0        0
  MONTH TO DATE    0                         0      0        0
  SINCE JAN 1      0                         0      0        0
..................................................................


WIND (MPH)
  HIGHEST WIND SPEED    20   HIGHEST WIND DIRECTION    NW (310)
  HIGHEST GUST SPEED    26   HIGHEST GUST DIRECTION    NW (300)
  AVERAGE WIND SPEED     6.6


SKY COVER
  POSSIBLE SUNSHINE  MM
  AVERAGE SKY COVER 0.5


WEATHER CONDITIONS
 THE FOLLOWING WEATHER WAS RECORDED YESTERDAY.
  NO SIGNIFICANT WEATHER WAS OBSERVED.


RELATIVE HUMIDITY (PERCENT)
 HIGHEST    80           200 AM
 LOWEST     45           300 PM
 AVERAGE    63

..........................................................


THE LA CROSSE WI CLIMATE NORMALS FOR TODAY
                         NORMAL    RECORD    YEAR
 MAXIMUM TEMPERATURE (F)   55        91      1991
 MINIMUM TEMPERATURE (F)   34         7      1982


SUNRISE AND SUNSET
APRIL  6 2018.........SUNRISE   637 AM CDT   SUNSET   738 PM CDT
APRIL  7 2018.........SUNRISE   636 AM CDT   SUNSET   739 PM CDT


-  INDICATES NEGATIVE NUMBERS.
R  INDICATES RECORD WAS SET OR TIED.
MM INDICATES DATA IS MISSING.
T  INDICATES TRACE AMOUNT.




$$
