000
CDUS43 KARX 072131
CLILSE


CLIMATE REPORT
NATIONAL WEATHER SERVICE LA CROSSE WI
428 PM CDT THU JUN 7 2018


...................................

...THE LA CROSSE WI CLIMATE SUMMARY FOR JUNE 7 2018...
VALID TODAY AS OF 0400 PM LOCAL TIME.

CLIMATE NORMAL PERIOD 1981 TO 2010
CLIMATE RECORD PERIOD 1873 TO 2018


WEATHER ITEM   OBSERVED TIME   RECORD YEAR NORMAL DEPARTURE LAST
                VALUE   (LST)  VALUE       VALUE  FROM      YEAR
                                                  NORMAL
..................................................................
TEMPERATURE (F)
 TODAY
  MAXIMUM         85    256 PM 100    2011  78      7       85
  MINIMUM         62    138 AM  39    1935  56      6       53
  AVERAGE         74                        67      7       69

PRECIPITATION (IN)
  TODAY            0.00          2.15 1967   0.14  -0.14     0.00
  MONTH TO DATE    0.05                      0.97  -0.92     0.03
  SINCE JUN 1      0.05                      0.97  -0.92     0.03
  SINCE JAN 1     14.18                     12.04   2.14    17.72

SNOWFALL (IN)
  TODAY            0.0           0.0  2002   0.0    0.0      0.0
                                      2001
  MONTH TO DATE    0.0                       0.0    0.0      0.0
  SINCE JUL 1     49.8                      43.3    6.5     42.2
  SNOW DEPTH       0

DEGREE DAYS
 HEATING
  TODAY            0                         2     -2        0
  MONTH TO DATE    3                        18    -15        2
  SINCE JUL 1   6988                      7175   -187     5768

 COOLING
  TODAY            9                         4      5        4
  MONTH TO DATE   37                        22     15       46
  SINCE JAN 1    196                        70    126       83
..................................................................


WIND (MPH)
  HIGHEST WIND SPEED    12   HIGHEST WIND DIRECTION    NW (300)
  HIGHEST GUST SPEED    15   HIGHEST GUST DIRECTION    NW (310)
  AVERAGE WIND SPEED     3.2


SKY COVER
  POSSIBLE SUNSHINE  MM
  AVERAGE SKY COVER 0.2


WEATHER CONDITIONS
 THE FOLLOWING WEATHER WAS RECORDED TODAY.
  NO SIGNIFICANT WEATHER WAS OBSERVED.


RELATIVE HUMIDITY (PERCENT)
 HIGHEST    93           200 AM
 LOWEST     40           300 PM
 AVERAGE    67

..........................................................


THE LA CROSSE WI CLIMATE NORMALS FOR TOMORROW
                         NORMAL    RECORD    YEAR
 MAXIMUM TEMPERATURE (F)   78        98      1985
 MINIMUM TEMPERATURE (F)   56        37      1978


SUNRISE AND SUNSET
JUNE  7 2018..........SUNRISE   523 AM CDT   SUNSET   845 PM CDT
JUNE  8 2018..........SUNRISE   523 AM CDT   SUNSET   846 PM CDT


-  INDICATES NEGATIVE NUMBERS.
R  INDICATES RECORD WAS SET OR TIED.
MM INDICATES DATA IS MISSING.
T  INDICATES TRACE AMOUNT.




$$
