000
CDUS43 KARX 122128
CLILSE


CLIMATE REPORT
NATIONAL WEATHER SERVICE LA CROSSE WI
426 PM CDT SUN AUG 12 2018


...................................

...THE LA CROSSE WI CLIMATE SUMMARY FOR AUGUST 12 2018...
VALID TODAY AS OF 0400 PM LOCAL TIME.

CLIMATE NORMAL PERIOD 1981 TO 2010
CLIMATE RECORD PERIOD 1873 TO 2018


WEATHER ITEM   OBSERVED TIME   RECORD YEAR NORMAL DEPARTURE LAST
                VALUE   (LST)  VALUE       VALUE  FROM      YEAR
                                                  NORMAL
..................................................................
TEMPERATURE (F)
 TODAY
  MAXIMUM         92    252 PM  98    1936  82     10       83
  MINIMUM         68    243 AM  46    1982  62      6       52
  AVERAGE         80                        72      8       68

PRECIPITATION (IN)
  TODAY            0.00          1.07 1917   0.14  -0.14     0.00
  MONTH TO DATE    0.87                      1.72  -0.85     0.36
  SINCE JUN 1      7.69                     10.32  -2.63    13.37
  SINCE JAN 1     21.82                     21.39   0.43    31.06

SNOWFALL (IN)
  TODAY            0.0           0.0  2002   0.0    0.0      0.0
                                      2001
  MONTH TO DATE    0.0                       0.0    0.0      0.0
  SINCE JUL 1      0.0                       0.0    0.0      0.0
  SNOW DEPTH       0

DEGREE DAYS
 HEATING
  TODAY            0                         0      0        0
  MONTH TO DATE    0                         0      0        0
  SINCE JUL 1      0                         5     -5        0

 COOLING
  TODAY           15                         7      8        3
  MONTH TO DATE  128                        95     33       80
  SINCE JAN 1    888                       582    306      703
..................................................................


WIND (MPH)
  HIGHEST WIND SPEED    12   HIGHEST WIND DIRECTION     S (200)
  HIGHEST GUST SPEED    16   HIGHEST GUST DIRECTION    SW (220)
  AVERAGE WIND SPEED     4.5


SKY COVER
  POSSIBLE SUNSHINE  MM
  AVERAGE SKY COVER 0.4


WEATHER CONDITIONS
 THE FOLLOWING WEATHER WAS RECORDED TODAY.
  FOG
  FOG W/VISIBILITY <= 1/4 MILE
  HAZE


RELATIVE HUMIDITY (PERCENT)
 HIGHEST   100           600 AM
 LOWEST     41           300 PM
 AVERAGE    71

..........................................................


THE LA CROSSE WI CLIMATE NORMALS FOR TOMORROW
                         NORMAL    RECORD    YEAR
 MAXIMUM TEMPERATURE (F)   82        95      1995
                                             1978
 MINIMUM TEMPERATURE (F)   62        48      2004
                                             1964
                                             1916


SUNRISE AND SUNSET
AUGUST 12 2018........SUNRISE   606 AM CDT   SUNSET   813 PM CDT
AUGUST 13 2018........SUNRISE   607 AM CDT   SUNSET   812 PM CDT


-  INDICATES NEGATIVE NUMBERS.
R  INDICATES RECORD WAS SET OR TIED.
MM INDICATES DATA IS MISSING.
T  INDICATES TRACE AMOUNT.




$$
