000
CDUS43 KARX 150649
CLILSE


CLIMATE REPORT
NATIONAL WEATHER SERVICE LA CROSSE WI
145 AM CDT FRI MAR 15 2019


...................................

...THE LA CROSSE WI CLIMATE SUMMARY FOR MARCH 14 2019...

CLIMATE NORMAL PERIOD 1981 TO 2010
CLIMATE RECORD PERIOD 1873 TO 2019


WEATHER ITEM   OBSERVED TIME   RECORD YEAR NORMAL DEPARTURE LAST
                VALUE   (LST)  VALUE       VALUE  FROM      YEAR
                                                  NORMAL
..................................................................
TEMPERATURE (F)
 YESTERDAY
  MAXIMUM         51   1146 AM  75    2012  43      8       50
  MINIMUM         36   1159 PM -10    1975  24     12       21
  AVERAGE         44                        34     10       36

PRECIPITATION (IN)
  YESTERDAY        0.16          1.26 1913   0.06   0.10     0.00
  MONTH TO DATE    1.81                      0.80   1.01     0.60
  SINCE MAR 1      1.81                      0.80   1.01     0.60
  SINCE JAN 1      6.14                      2.97   3.17     3.20

SNOWFALL (IN)
  YESTERDAY        T             7.0  1918   0.2   -0.2      0.0
  MONTH TO DATE    5.9                       4.0    1.9      6.1
  SINCE JUL 1     58.1                      38.5   19.6     30.8
  SNOW DEPTH       8

DEGREE DAYS
 HEATING
  YESTERDAY       21                        31    -10       29
  MONTH TO DATE  622                       480    142      462
  SINCE JUL 1   6246                      5989    257     5671

 COOLING
  YESTERDAY        0                         0      0        0
  MONTH TO DATE    0                         0      0        0
  SINCE JAN 1      0                         0      0        0
..................................................................


WIND (MPH)
  HIGHEST WIND SPEED    24   HIGHEST WIND DIRECTION    NW (310)
  HIGHEST GUST SPEED    33   HIGHEST GUST DIRECTION    NW (300)
  AVERAGE WIND SPEED     9.8


SKY COVER
  POSSIBLE SUNSHINE  MM
  AVERAGE SKY COVER 0.9


WEATHER CONDITIONS
 THE FOLLOWING WEATHER WAS RECORDED YESTERDAY.
  THUNDERSTORM
  RAIN
  LIGHT RAIN
  LIGHT SNOW
  FOG
  FOG W/VISIBILITY <= 1/4 MILE
  HAZE


RELATIVE HUMIDITY (PERCENT)
 HIGHEST   100           300 AM
 LOWEST     77          1100 AM
 AVERAGE    89

..........................................................


THE LA CROSSE WI CLIMATE NORMALS FOR TODAY
                         NORMAL    RECORD    YEAR
 MAXIMUM TEMPERATURE (F)   43        71      2012
 MINIMUM TEMPERATURE (F)   25        -3      1956


SUNRISE AND SUNSET
MARCH 15 2019.........SUNRISE   718 AM CDT   SUNSET   711 PM CDT
MARCH 16 2019.........SUNRISE   716 AM CDT   SUNSET   712 PM CDT


-  INDICATES NEGATIVE NUMBERS.
R  INDICATES RECORD WAS SET OR TIED.
MM INDICATES DATA IS MISSING.
T  INDICATES TRACE AMOUNT.




$$
