000
CDUS43 KARX 140730
CLILSE


CLIMATE REPORT
NATIONAL WEATHER SERVICE LA CROSSE WI
219 AM CDT FRI SEP 14 2018


...................................

...THE LA CROSSE WI CLIMATE SUMMARY FOR SEPTEMBER 13 2018...

CLIMATE NORMAL PERIOD 1981 TO 2010
CLIMATE RECORD PERIOD 1873 TO 2018


WEATHER ITEM   OBSERVED TIME   RECORD YEAR NORMAL DEPARTURE LAST
                VALUE   (LST)  VALUE       VALUE  FROM      YEAR
                                                  NORMAL
..................................................................
TEMPERATURE (F)
 YESTERDAY
  MAXIMUM         84    344 PM  95    1998  75      9       86
  MINIMUM         59    519 AM  32    1902  54      5       57
  AVERAGE         72                        64      8       72

PRECIPITATION (IN)
  YESTERDAY        0.00          2.61 2005   0.12  -0.12     0.00
  MONTH TO DATE    3.05                      1.61   1.44     0.18
  SINCE SEP 1      3.05                      1.61   1.44     0.18
  SINCE JAN 1     30.88                     25.57   5.31    31.94

SNOWFALL (IN)
  YESTERDAY        0.0           0.0  2002   0.0    0.0      0.0
                                      2001
  MONTH TO DATE    0.0                       0.0    0.0      0.0
  SINCE JUL 1      0.0                       0.0    0.0      0.0
  SNOW DEPTH       0

DEGREE DAYS
 HEATING
  YESTERDAY        0                         4     -4        0
  MONTH TO DATE    9                        30    -21       21
  SINCE JUL 1     10                        50    -40       21

 COOLING
  YESTERDAY        7                         3      4        7
  MONTH TO DATE   66                        49     17       39
  SINCE JAN 1   1120                       749    371      854
..................................................................


WIND (MPH)
  HIGHEST WIND SPEED    20   HIGHEST WIND DIRECTION     S (170)
  HIGHEST GUST SPEED    27   HIGHEST GUST DIRECTION     S (190)
  AVERAGE WIND SPEED     8.0


SKY COVER
  POSSIBLE SUNSHINE  MM
  AVERAGE SKY COVER 0.0


WEATHER CONDITIONS
 THE FOLLOWING WEATHER WAS RECORDED YESTERDAY.
  NO SIGNIFICANT WEATHER WAS OBSERVED.


RELATIVE HUMIDITY (PERCENT)
 HIGHEST    90           300 AM
 LOWEST     44           300 PM
 AVERAGE    67

..........................................................


THE LA CROSSE WI CLIMATE NORMALS FOR TODAY
                         NORMAL    RECORD    YEAR
 MAXIMUM TEMPERATURE (F)   74        96      1939
 MINIMUM TEMPERATURE (F)   53        31      1923


SUNRISE AND SUNSET
SEPTEMBER 14 2018.....SUNRISE   643 AM CDT   SUNSET   717 PM CDT
SEPTEMBER 15 2018.....SUNRISE   644 AM CDT   SUNSET   715 PM CDT


-  INDICATES NEGATIVE NUMBERS.
R  INDICATES RECORD WAS SET OR TIED.
MM INDICATES DATA IS MISSING.
T  INDICATES TRACE AMOUNT.




$$
