000
CDUS43 KARX 132129
CLILSE


CLIMATE REPORT
NATIONAL WEATHER SERVICE LA CROSSE WI
427 PM CDT SAT OCT 13 2018


...................................

...THE LA CROSSE WI CLIMATE SUMMARY FOR OCTOBER 13 2018...
VALID TODAY AS OF 0400 PM LOCAL TIME.

CLIMATE NORMAL PERIOD 1981 TO 2010
CLIMATE RECORD PERIOD 1873 TO 2018


WEATHER ITEM   OBSERVED TIME   RECORD YEAR NORMAL DEPARTURE LAST
                VALUE   (LST)  VALUE       VALUE  FROM      YEAR
                                                  NORMAL
..................................................................
TEMPERATURE (F)
 TODAY
  MAXIMUM         57    237 PM  86    1975  61     -4       60
  MINIMUM         30    431 AM  19    1917  41    -11       50
  AVERAGE         44                        51     -7       55

PRECIPITATION (IN)
  TODAY            0.00          1.11 1890   0.06  -0.06     0.35
  MONTH TO DATE    3.30                      1.01   2.29     4.40
  SINCE SEP 1      9.38                      4.57   4.81     5.35
  SINCE JAN 1     37.21                     28.53   8.68    37.11

SNOWFALL (IN)
  TODAY            0.0           T    2009   0.0    0.0      0.0
                                      1997
  MONTH TO DATE    0.0                       0.0    0.0      0.0
  SINCE JUL 1      0.0                       0.0    0.0      0.0
  SNOW DEPTH       0

DEGREE DAYS
 HEATING
  TODAY           21                        14      7       10
  MONTH TO DATE  176                       155     21       71
  SINCE JUL 1    278                       315    -37      119

 COOLING
  TODAY            0                         0      0        0
  MONTH TO DATE    3                         7     -4       11
  SINCE JAN 1   1188                       781    407      998
..................................................................


WIND (MPH)
  HIGHEST WIND SPEED    21   HIGHEST WIND DIRECTION     S (200)
  HIGHEST GUST SPEED    30   HIGHEST GUST DIRECTION    SW (210)
  AVERAGE WIND SPEED    10.4


SKY COVER
  POSSIBLE SUNSHINE  MM
  AVERAGE SKY COVER 0.5


WEATHER CONDITIONS
 THE FOLLOWING WEATHER WAS RECORDED TODAY.
  NO SIGNIFICANT WEATHER WAS OBSERVED.


RELATIVE HUMIDITY (PERCENT)
 HIGHEST    85           400 AM
 LOWEST     51           100 PM
 AVERAGE    68

..........................................................


THE LA CROSSE WI CLIMATE NORMALS FOR TOMORROW
                         NORMAL    RECORD    YEAR
 MAXIMUM TEMPERATURE (F)   61        88      1897
 MINIMUM TEMPERATURE (F)   41        24      1937


SUNRISE AND SUNSET
OCTOBER 13 2018.......SUNRISE   717 AM CDT   SUNSET   625 PM CDT
OCTOBER 14 2018.......SUNRISE   718 AM CDT   SUNSET   623 PM CDT


-  INDICATES NEGATIVE NUMBERS.
R  INDICATES RECORD WAS SET OR TIED.
MM INDICATES DATA IS MISSING.
T  INDICATES TRACE AMOUNT.




$$
