000
CDUS43 KARX 122129
CLILSE


CLIMATE REPORT
NATIONAL WEATHER SERVICE LA CROSSE WI
427 PM CDT SUN MAY 12 2019


...................................

...THE LA CROSSE WI CLIMATE SUMMARY FOR MAY 12 2019...
VALID TODAY AS OF 0430 PM LOCAL TIME.

CLIMATE NORMAL PERIOD 1981 TO 2010
CLIMATE RECORD PERIOD 1873 TO 2019


WEATHER ITEM   OBSERVED TIME   RECORD YEAR NORMAL DEPARTURE LAST
                VALUE   (LST)  VALUE       VALUE  FROM      YEAR
                                                  NORMAL
..................................................................
TEMPERATURE (F)
 TODAY
  MAXIMUM         60    259 PM  90    1940  70    -10       62
  MINIMUM         42    535 AM  31    1967  48     -6       46
  AVERAGE         51                        58     -7       54

PRECIPITATION (IN)
  TODAY            0.00          0.95 1970   0.10  -0.10     0.13
  MONTH TO DATE    1.36                      1.34   0.02     4.40
  SINCE MAR 1      6.34                      6.72  -0.38     8.52
  SINCE JAN 1     10.67                      8.89   1.78    11.12

SNOWFALL (IN)
  TODAY            0.0           0.0  2002   0.0    0.0      0.0
                                      2001
  MONTH TO DATE    0.0                       0.1   -0.1      0.0
  SINCE JUL 1     64.3                      43.4   20.9     49.8
  SNOW DEPTH       0

DEGREE DAYS
 HEATING
  TODAY           14                         7      7       11
  MONTH TO DATE  152                       105     47       39
  SINCE JUL 1   7340                      7057    283     6956

 COOLING
  TODAY            0                         1     -1        0
  MONTH TO DATE    0                        10    -10       21
  SINCE JAN 1      4                        17    -13       24
..................................................................


WIND (MPH)
  HIGHEST WIND SPEED    10   HIGHEST WIND DIRECTION    NW (310)
  HIGHEST GUST SPEED    13   HIGHEST GUST DIRECTION    NW (300)
  AVERAGE WIND SPEED     5.2


SKY COVER
  POSSIBLE SUNSHINE  MM
  AVERAGE SKY COVER 0.2


WEATHER CONDITIONS
 THE FOLLOWING WEATHER WAS RECORDED TODAY.
  NO SIGNIFICANT WEATHER WAS OBSERVED.


RELATIVE HUMIDITY (PERCENT)
 HIGHEST    89           600 AM
 LOWEST     40           100 PM
 AVERAGE    65

..........................................................


THE LA CROSSE WI CLIMATE NORMALS FOR TOMORROW
                         NORMAL    RECORD    YEAR
 MAXIMUM TEMPERATURE (F)   70        88      1977
                                             1900
 MINIMUM TEMPERATURE (F)   48        30      1997
                                             1953


SUNRISE AND SUNSET
MAY 12 2019...........SUNRISE   543 AM CDT   SUNSET   821 PM CDT
MAY 13 2019...........SUNRISE   542 AM CDT   SUNSET   822 PM CDT


-  INDICATES NEGATIVE NUMBERS.
R  INDICATES RECORD WAS SET OR TIED.
MM INDICATES DATA IS MISSING.
T  INDICATES TRACE AMOUNT.




$$
