000
CDUS43 KARX 072134
CLILSE


CLIMATE REPORT
NATIONAL WEATHER SERVICE LA CROSSE WI
433 PM CDT SUN OCT 7 2018


...................................

...THE LA CROSSE WI CLIMATE SUMMARY FOR OCTOBER 7 2018...
VALID TODAY AS OF 0400 PM LOCAL TIME.

CLIMATE NORMAL PERIOD 1981 TO 2010
CLIMATE RECORD PERIOD 1873 TO 2018


WEATHER ITEM   OBSERVED TIME   RECORD YEAR NORMAL DEPARTURE LAST
                VALUE   (LST)  VALUE       VALUE  FROM      YEAR
                                                  NORMAL
..................................................................
TEMPERATURE (F)
 TODAY
  MAXIMUM         51    259 PM  86    2007  64    -13       72
                                      1997
                                      1993
  MINIMUM         48    402 AM  26    2001  43      5       57
                                      1889
  AVERAGE         50                        54     -4       65

PRECIPITATION (IN)
  TODAY            0.01          1.60 1931   0.07  -0.06     1.48
  MONTH TO DATE    1.05                      0.59   0.46     3.77
  SINCE SEP 1      7.13                      4.15   2.98     4.72
  SINCE JAN 1     34.96                     28.11   6.85    36.48

SNOWFALL (IN)
  TODAY            0.0           0.0  2002   0.0    0.0      0.0
                                      2001
  MONTH TO DATE    0.0                       0.0    0.0      0.0
  SINCE JUL 1      0.0                       0.0    0.0      0.0
  SNOW DEPTH       0

DEGREE DAYS
 HEATING
  TODAY           15                        12      3        0
  MONTH TO DATE   86                        76     10       22
  SINCE JUL 1    188                       236    -48       70

 COOLING
  TODAY            0                         1     -1        0
  MONTH TO DATE    3                         7     -4       10
  SINCE JAN 1   1188                       781    407      997
..................................................................


WIND (MPH)
  HIGHEST WIND SPEED    14   HIGHEST WIND DIRECTION     E (80)
  HIGHEST GUST SPEED    20   HIGHEST GUST DIRECTION     E (70)
  AVERAGE WIND SPEED     7.2


SKY COVER
  POSSIBLE SUNSHINE  MM
  AVERAGE SKY COVER 1.0


WEATHER CONDITIONS
 THE FOLLOWING WEATHER WAS RECORDED TODAY.
  LIGHT RAIN


RELATIVE HUMIDITY (PERCENT)
 HIGHEST    86           300 AM
 LOWEST     77           100 PM
 AVERAGE    82

..........................................................


THE LA CROSSE WI CLIMATE NORMALS FOR TOMORROW
                         NORMAL    RECORD    YEAR
 MAXIMUM TEMPERATURE (F)   64        83      2011
                                             2010
 MINIMUM TEMPERATURE (F)   43        26      1976


SUNRISE AND SUNSET
OCTOBER  7 2018.......SUNRISE   710 AM CDT   SUNSET   635 PM CDT
OCTOBER  8 2018.......SUNRISE   711 AM CDT   SUNSET   633 PM CDT


-  INDICATES NEGATIVE NUMBERS.
R  INDICATES RECORD WAS SET OR TIED.
MM INDICATES DATA IS MISSING.
T  INDICATES TRACE AMOUNT.




$$
