000
CDUS43 KARX 110639
CLILSE


CLIMATE REPORT
NATIONAL WEATHER SERVICE LA CROSSE WI
1239 AM CST FRI JAN 11 2019


...................................

...THE LA CROSSE WI CLIMATE SUMMARY FOR JANUARY 10 2019...

CLIMATE NORMAL PERIOD 1981 TO 2010
CLIMATE RECORD PERIOD 1873 TO 2019


WEATHER ITEM   OBSERVED TIME   RECORD YEAR NORMAL DEPARTURE LAST
                VALUE   (LST)  VALUE       VALUE  FROM      YEAR
                                                  NORMAL
..................................................................
TEMPERATURE (F)
 YESTERDAY
  MAXIMUM         27    243 PM  53    2012  25      2       41
  MINIMUM         11    230 AM -30    1881   9      2       34
  AVERAGE         19                        17      2       38

PRECIPITATION (IN)
  YESTERDAY        0.00          0.81 2017   0.04  -0.04     0.00
  MONTH TO DATE    0.28                      0.34  -0.06     0.02
  SINCE DEC 1      2.29                      1.70   0.59     0.55
  SINCE JAN 1      0.28                      0.34  -0.06     0.02

SNOWFALL (IN)
  YESTERDAY        0.0           6.4  1924   0.3   -0.3      0.0
  MONTH TO DATE    T                         2.9   -2.9      0.5
  SINCE JUL 1      6.0                      18.5  -12.5      4.9
  SNOW DEPTH       0

DEGREE DAYS
 HEATING
  YESTERDAY       46                        48     -2       27
  MONTH TO DATE  373                       476   -103      521
  SINCE JUL 1   3107                      3320   -213     3085

 COOLING
  YESTERDAY        0                         0      0        0
  MONTH TO DATE    0                         0      0        0
  SINCE JAN 1      0                         0      0        0
..................................................................


WIND (MPH)
  HIGHEST WIND SPEED    13   HIGHEST WIND DIRECTION    SE (150)
  HIGHEST GUST SPEED    16   HIGHEST GUST DIRECTION    SE (150)
  AVERAGE WIND SPEED     4.1


SKY COVER
  POSSIBLE SUNSHINE  MM
  AVERAGE SKY COVER 0.2


WEATHER CONDITIONS
 THE FOLLOWING WEATHER WAS RECORDED YESTERDAY.
  NO SIGNIFICANT WEATHER WAS OBSERVED.


RELATIVE HUMIDITY (PERCENT)
 HIGHEST    71           800 PM
 LOWEST     50           200 PM
 AVERAGE    61

..........................................................


THE LA CROSSE WI CLIMATE NORMALS FOR TODAY
                         NORMAL    RECORD    YEAR
 MAXIMUM TEMPERATURE (F)   25        49      2002
 MINIMUM TEMPERATURE (F)    9       -26      1912


SUNRISE AND SUNSET
JANUARY 11 2019.......SUNRISE   738 AM CST   SUNSET   448 PM CST
JANUARY 12 2019.......SUNRISE   738 AM CST   SUNSET   449 PM CST


-  INDICATES NEGATIVE NUMBERS.
R  INDICATES RECORD WAS SET OR TIED.
MM INDICATES DATA IS MISSING.
T  INDICATES TRACE AMOUNT.




$$
