000
CDUS43 KARX 040717
CLILSE


CLIMATE REPORT
NATIONAL WEATHER SERVICE LA CROSSE WI
216 AM CDT WED APR 4 2018


...................................

...THE LA CROSSE WI CLIMATE SUMMARY FOR APRIL 3 2018...

CLIMATE NORMAL PERIOD 1981 TO 2010
CLIMATE RECORD PERIOD 1873 TO 2018


WEATHER ITEM   OBSERVED TIME   RECORD YEAR NORMAL DEPARTURE LAST
                VALUE   (LST)  VALUE       VALUE  FROM      YEAR
                                                  NORMAL
..................................................................
TEMPERATURE (F)
 YESTERDAY
  MAXIMUM         34   1240 AM  80    1921  53    -19       51
  MINIMUM         27   1159 PM  10    1954  33     -6       48
  AVERAGE         31                        43    -12       50

PRECIPITATION (IN)
  YESTERDAY        0.46          2.17 1981   0.08   0.38     1.10
  MONTH TO DATE    0.46                      0.26   0.20     1.10
  SINCE MAR 1      1.60                      2.30  -0.70     2.86
  SINCE JAN 1      4.20                      4.47  -0.27     6.72

SNOWFALL (IN)
  YESTERDAY        6.7 R         6.0  1945   0.1    6.6      0.0
  MONTH TO DATE    6.7                       0.3    6.4      0.0
  SINCE JUL 1     37.5                      41.9   -4.4     42.2
  SNOW DEPTH       0

DEGREE DAYS
 HEATING
  YESTERDAY       34                        22     12       15
  MONTH TO DATE  107                        68     39       49
  SINCE JUL 1   6259                      6521   -262     5231

 COOLING
  YESTERDAY        0                         0      0        0
  MONTH TO DATE    0                         0      0        0
  SINCE JAN 1      0                         0      0        0
..................................................................


WIND (MPH)
  HIGHEST WIND SPEED    22   HIGHEST WIND DIRECTION    NW (330)
  HIGHEST GUST SPEED    27   HIGHEST GUST DIRECTION     E (70)
  AVERAGE WIND SPEED    10.2


SKY COVER
  POSSIBLE SUNSHINE  MM
  AVERAGE SKY COVER 1.0


WEATHER CONDITIONS
 THE FOLLOWING WEATHER WAS RECORDED YESTERDAY.
  SNOW
  LIGHT SNOW
  FOG
  FOG W/VISIBILITY <= 1/4 MILE
  HAZE


RELATIVE HUMIDITY (PERCENT)
 HIGHEST    92          1100 AM
 LOWEST     69          1200 AM
 AVERAGE    81

..........................................................


THE LA CROSSE WI CLIMATE NORMALS FOR TODAY
                         NORMAL    RECORD    YEAR
 MAXIMUM TEMPERATURE (F)   54        80      1929
                                             1910
 MINIMUM TEMPERATURE (F)   33        11      1995


SUNRISE AND SUNSET
APRIL  4 2018.........SUNRISE   641 AM CDT   SUNSET   736 PM CDT
APRIL  5 2018.........SUNRISE   639 AM CDT   SUNSET   737 PM CDT


-  INDICATES NEGATIVE NUMBERS.
R  INDICATES RECORD WAS SET OR TIED.
MM INDICATES DATA IS MISSING.
T  INDICATES TRACE AMOUNT.




$$
