000
CDUS43 KARX 070648
CLILSE


CLIMATE REPORT
NATIONAL WEATHER SERVICE LA CROSSE WI
1248 AM CST MON JAN 7 2019


...................................

...THE LA CROSSE WI CLIMATE SUMMARY FOR JANUARY 6 2019...

CLIMATE NORMAL PERIOD 1981 TO 2010
CLIMATE RECORD PERIOD 1873 TO 2019


WEATHER ITEM   OBSERVED TIME   RECORD YEAR NORMAL DEPARTURE LAST
                VALUE   (LST)  VALUE       VALUE  FROM      YEAR
                                                  NORMAL
..................................................................
TEMPERATURE (F)
 YESTERDAY
  MAXIMUM         37   1041 PM  52    1933  25     12       12
  MINIMUM         23    537 AM -26    1912   9     14      -13
                                      1873
  AVERAGE         30                        17     13        0

PRECIPITATION (IN)
  YESTERDAY        0.07          0.48 1885   0.03   0.04     0.00
  MONTH TO DATE    0.07                      0.20  -0.13     0.02
  SINCE DEC 1      2.08                      1.56   0.52     0.55
  SINCE JAN 1      0.07                      0.20  -0.13     0.02

SNOWFALL (IN)
  YESTERDAY        0.0           6.0  1980   0.3   -0.3      0.0
  MONTH TO DATE    T                         1.7   -1.7      0.5
  SINCE JUL 1      6.0                      17.3  -11.3      4.9
  SNOW DEPTH       0

DEGREE DAYS
 HEATING
  YESTERDAY       35                        48    -13       65
  MONTH TO DATE  217                       284    -67      389
  SINCE JUL 1   2951                      3128   -177     2953

 COOLING
  YESTERDAY        0                         0      0        0
  MONTH TO DATE    0                         0      0        0
  SINCE JAN 1      0                         0      0        0
..................................................................


WIND (MPH)
  HIGHEST WIND SPEED    21   HIGHEST WIND DIRECTION    SE (140)
  HIGHEST GUST SPEED    29   HIGHEST GUST DIRECTION    SE (150)
  AVERAGE WIND SPEED     7.5


SKY COVER
  POSSIBLE SUNSHINE  MM
  AVERAGE SKY COVER 0.3


WEATHER CONDITIONS
 THE FOLLOWING WEATHER WAS RECORDED YESTERDAY.
  LIGHT RAIN
  FOG


RELATIVE HUMIDITY (PERCENT)
 HIGHEST   100           600 AM
 LOWEST     64           200 PM
 AVERAGE    82

..........................................................


THE LA CROSSE WI CLIMATE NORMALS FOR TODAY
                         NORMAL    RECORD    YEAR
 MAXIMUM TEMPERATURE (F)   25        56      2003
 MINIMUM TEMPERATURE (F)    9       -34      1912


SUNRISE AND SUNSET
JANUARY  7 2019.......SUNRISE   739 AM CST   SUNSET   444 PM CST
JANUARY  8 2019.......SUNRISE   739 AM CST   SUNSET   445 PM CST


-  INDICATES NEGATIVE NUMBERS.
R  INDICATES RECORD WAS SET OR TIED.
MM INDICATES DATA IS MISSING.
T  INDICATES TRACE AMOUNT.




$$
