000
CDUS43 KARX 152132
CLILSE


CLIMATE REPORT
NATIONAL WEATHER SERVICE LA CROSSE WI
432 PM CDT TUE MAY 15 2018


...................................

...THE LA CROSSE WI CLIMATE SUMMARY FOR MAY 15 2018...
VALID TODAY AS OF 0430 PM LOCAL TIME.

CLIMATE NORMAL PERIOD 1981 TO 2010
CLIMATE RECORD PERIOD 1873 TO 2018


WEATHER ITEM   OBSERVED TIME   RECORD YEAR NORMAL DEPARTURE LAST
                VALUE   (LST)  VALUE       VALUE  FROM      YEAR
                                                  NORMAL
..................................................................
TEMPERATURE (F)
 TODAY
  MAXIMUM         81    309 PM  91    2001  70     11       78
  MINIMUM         57    206 AM  30    2016  48      9       56
                                      1983
  AVERAGE         69                        59     10       67

PRECIPITATION (IN)
  TODAY            T             2.08 1876   0.10  -0.10     0.85
  MONTH TO DATE    4.63                      1.66   2.97     2.00
  SINCE MAR 1      8.75                      7.04   1.71     8.63
  SINCE JAN 1     11.35                      9.21   2.14    12.49

SNOWFALL (IN)
  TODAY            0.0           0.0  2002   0.0    0.0      0.0
                                      2001
  MONTH TO DATE    0.0                       0.1   -0.1       T
  SINCE JUL 1     49.8                      43.4    6.4     42.2
  SNOW DEPTH       0

DEGREE DAYS
 HEATING
  TODAY            0                         7     -7        0
  MONTH TO DATE   50                       126    -76      124
  SINCE JUL 1   6967                      7078   -111     5678

 COOLING
  TODAY            4                         1      3        2
  MONTH TO DATE   25                        13     12       13
  SINCE JAN 1     28                        20      8       19
..................................................................


WIND (MPH)
  HIGHEST WIND SPEED     9   HIGHEST WIND DIRECTION    NW (300)
  HIGHEST GUST SPEED    13   HIGHEST GUST DIRECTION     W (290)
  AVERAGE WIND SPEED     6.1


SKY COVER
  POSSIBLE SUNSHINE  MM
  AVERAGE SKY COVER 0.4


WEATHER CONDITIONS
 THE FOLLOWING WEATHER WAS RECORDED TODAY.
  LIGHT RAIN
  FOG
  FOG W/VISIBILITY <= 1/4 MILE


RELATIVE HUMIDITY (PERCENT)
 HIGHEST   100           200 AM
 LOWEST     28           300 PM
 AVERAGE    64

..........................................................


THE LA CROSSE WI CLIMATE NORMALS FOR TOMORROW
                         NORMAL    RECORD    YEAR
 MAXIMUM TEMPERATURE (F)   71        90      1936
 MINIMUM TEMPERATURE (F)   49        31      1921


SUNRISE AND SUNSET
MAY 15 2018...........SUNRISE   539 AM CDT   SUNSET   824 PM CDT
MAY 16 2018...........SUNRISE   538 AM CDT   SUNSET   825 PM CDT


-  INDICATES NEGATIVE NUMBERS.
R  INDICATES RECORD WAS SET OR TIED.
MM INDICATES DATA IS MISSING.
T  INDICATES TRACE AMOUNT.




$$
