000
CDUS43 KARX 232234
CLILSE


CLIMATE REPORT
NATIONAL WEATHER SERVICE LA CROSSE WI
433 PM CST WED JAN 23 2019


...................................

...THE LA CROSSE WI CLIMATE SUMMARY FOR JANUARY 23 2019...
VALID TODAY AS OF 0430 PM LOCAL TIME.

CLIMATE NORMAL PERIOD 1981 TO 2010
CLIMATE RECORD PERIOD 1873 TO 2019


WEATHER ITEM   OBSERVED TIME   RECORD YEAR NORMAL DEPARTURE LAST
                VALUE   (LST)  VALUE       VALUE  FROM      YEAR
                                                  NORMAL
..................................................................
TEMPERATURE (F)
 TODAY
  MAXIMUM         24    237 PM  50    1916  26     -2       31
  MINIMUM         17    849 AM -26    1963   9      8       18
                                      1936
                                      1935
  AVERAGE         21                        17      4       25

PRECIPITATION (IN)
  TODAY            0.04          0.57 1979   0.04   0.00     0.03
  MONTH TO DATE    0.69                      0.82  -0.13     1.34
  SINCE DEC 1      2.70                      2.18   0.52     1.87
  SINCE JAN 1      0.69                      0.82  -0.13     1.34

SNOWFALL (IN)
  TODAY            0.5           5.3  1979   0.4    0.1      1.0
                                      1965
  MONTH TO DATE    5.8                       7.6   -1.8      9.8
  SINCE JUL 1     11.8                      23.2  -11.4     14.2
  SNOW DEPTH       5

DEGREE DAYS
 HEATING
  TODAY           44                        48     -4       40
  MONTH TO DATE  964                      1100   -136     1117
  SINCE JUL 1   3698                      3944   -246     3681

 COOLING
  TODAY            0                         0      0        0
  MONTH TO DATE    0                         0      0        0
  SINCE JAN 1      0                         0      0        0
..................................................................


WIND (MPH)
  HIGHEST WIND SPEED    14   HIGHEST WIND DIRECTION     N (340)
  HIGHEST GUST SPEED    17   HIGHEST GUST DIRECTION     N (340)
  AVERAGE WIND SPEED     9.0


SKY COVER
  POSSIBLE SUNSHINE  MM
  AVERAGE SKY COVER 0.8


WEATHER CONDITIONS
 THE FOLLOWING WEATHER WAS RECORDED TODAY.
  LIGHT SNOW
  FOG


RELATIVE HUMIDITY (PERCENT)
 HIGHEST    84          1200 AM
 LOWEST     62           100 PM
 AVERAGE    73

..........................................................


THE LA CROSSE WI CLIMATE NORMALS FOR TOMORROW
                         NORMAL    RECORD    YEAR
 MAXIMUM TEMPERATURE (F)   26        54      1981
 MINIMUM TEMPERATURE (F)    9       -26      1936
                                             1904


SUNRISE AND SUNSET
JANUARY 23 2019.......SUNRISE   731 AM CST   SUNSET   503 PM CST
JANUARY 24 2019.......SUNRISE   730 AM CST   SUNSET   505 PM CST


-  INDICATES NEGATIVE NUMBERS.
R  INDICATES RECORD WAS SET OR TIED.
MM INDICATES DATA IS MISSING.
T  INDICATES TRACE AMOUNT.




$$
