000
CDUS43 KARX 120643
CLILSE


CLIMATE REPORT
NATIONAL WEATHER SERVICE LA CROSSE WI
140 AM CDT FRI OCT 12 2018

...THE LA CROSSE WI CLIMATE SUMMARY FOR OCTOBER 11 2018...

CLIMATE NORMAL PERIOD 1981 TO 2010
CLIMATE RECORD PERIOD 1873 TO 2018


WEATHER ITEM   OBSERVED TIME   RECORD YEAR NORMAL DEPARTURE LAST
                VALUE   (LST)  VALUE       VALUE  FROM      YEAR
                                                  NORMAL
..................................................................
TEMPERATURE (F)
 YESTERDAY
  MAXIMUM         43    405 PM  86    1928  62    -19       59
  MINIMUM         38   1159 PM  22    1987  42     -4       47
  AVERAGE         41                        52    -11       53

PRECIPITATION (IN)
  YESTERDAY        T             1.45 1983   0.07  -0.07     0.02
  MONTH TO DATE    3.30                      0.88   2.42     4.05
  SINCE SEP 1      9.38                      4.44   4.94     5.00
  SINCE JAN 1     37.21                     28.40   8.81    36.76

SNOWFALL (IN)
  YESTERDAY        0.0           0.5  1909   0.0    0.0      0.0
  MONTH TO DATE    0.0                       0.0    0.0      0.0
  SINCE JUL 1      0.0                       0.0    0.0      0.0
  SNOW DEPTH       0

DEGREE DAYS
 HEATING
  YESTERDAY       24                        13     11       12
  MONTH TO DATE  129                       127      2       55
  SINCE JUL 1    231                       287    -56      103

 COOLING
  YESTERDAY        0                         0      0        0
  MONTH TO DATE    3                         7     -4       11
  SINCE JAN 1   1188                       781    407      998
..................................................................

WIND (MPH)
  HIGHEST WIND SPEED    26   HIGHEST WIND DIRECTION     W (280)
  HIGHEST GUST SPEED    37   HIGHEST GUST DIRECTION     W (270)
  AVERAGE WIND SPEED    17.6

SKY COVER
  POSSIBLE SUNSHINE  MM
  AVERAGE SKY COVER 1.0

WEATHER CONDITIONS
 THE FOLLOWING WEATHER WAS RECORDED YESTERDAY.
  LIGHT RAIN
  FOG

RELATIVE HUMIDITY (PERCENT)
 HIGHEST    82           700 AM
 LOWEST     53           500 PM
 AVERAGE    68

..........................................................

THE LA CROSSE WI CLIMATE NORMALS FOR TODAY
                         NORMAL    RECORD    YEAR
 MAXIMUM TEMPERATURE (F)   62        87      1995
 MINIMUM TEMPERATURE (F)   42        21      1988

SUNRISE AND SUNSET
OCTOBER 12 2018.......SUNRISE   716 AM CDT   SUNSET   626 PM CDT
OCTOBER 13 2018.......SUNRISE   717 AM CDT   SUNSET   625 PM CDT

-  INDICATES NEGATIVE NUMBERS.
R  INDICATES RECORD WAS SET OR TIED.
MM INDICATES DATA IS MISSING.
T  INDICATES TRACE AMOUNT.

$$

Boyne
