000
CDUS43 KARX 112128
CLILSE


CLIMATE REPORT
NATIONAL WEATHER SERVICE LA CROSSE WI
427 PM CDT SAT MAY 11 2019


...................................

...THE LA CROSSE WI CLIMATE SUMMARY FOR MAY 11 2019...
VALID TODAY AS OF 0430 PM LOCAL TIME.

CLIMATE NORMAL PERIOD 1981 TO 2010
CLIMATE RECORD PERIOD 1873 TO 2019


WEATHER ITEM   OBSERVED TIME   RECORD YEAR NORMAL DEPARTURE LAST
                VALUE   (LST)  VALUE       VALUE  FROM      YEAR
                                                  NORMAL
..................................................................
TEMPERATURE (F)
 TODAY
  MAXIMUM         63   1224 PM  89    1922  69     -6       57
  MINIMUM         44    545 AM  30    1925  47     -3       39
  AVERAGE         54                        58     -4       48

PRECIPITATION (IN)
  TODAY            T             1.32 1875   0.11  -0.11     1.06
  MONTH TO DATE    1.36                      1.24   0.12     4.27
  SINCE MAR 1      6.34                      6.62  -0.28     8.39
  SINCE JAN 1     10.67                      8.79   1.88    10.99

SNOWFALL (IN)
  TODAY            0.0           T    2013   0.0    0.0      0.0
  MONTH TO DATE    0.0                       0.1   -0.1      0.0
  SINCE JUL 1     64.3                      43.4   20.9     49.8
  SNOW DEPTH       0

DEGREE DAYS
 HEATING
  TODAY           11                         8      3       17
  MONTH TO DATE  138                        98     40       28
  SINCE JUL 1   7326                      7050    276     6945

 COOLING
  TODAY            0                         1     -1        0
  MONTH TO DATE    0                         9     -9       21
  SINCE JAN 1      4                        16    -12       24
..................................................................


WIND (MPH)
  HIGHEST WIND SPEED    18   HIGHEST WIND DIRECTION     S (170)
  HIGHEST GUST SPEED    23   HIGHEST GUST DIRECTION     S (170)
  AVERAGE WIND SPEED     7.4


SKY COVER
  POSSIBLE SUNSHINE  MM
  AVERAGE SKY COVER 0.2


WEATHER CONDITIONS
 THE FOLLOWING WEATHER WAS RECORDED TODAY.
  LIGHT RAIN


RELATIVE HUMIDITY (PERCENT)
 HIGHEST    70           200 AM
 LOWEST     42           100 PM
 AVERAGE    56

..........................................................


THE LA CROSSE WI CLIMATE NORMALS FOR TOMORROW
                         NORMAL    RECORD    YEAR
 MAXIMUM TEMPERATURE (F)   70        90      1940
 MINIMUM TEMPERATURE (F)   48        31      1967


SUNRISE AND SUNSET
MAY 11 2019...........SUNRISE   544 AM CDT   SUNSET   819 PM CDT
MAY 12 2019...........SUNRISE   543 AM CDT   SUNSET   821 PM CDT


-  INDICATES NEGATIVE NUMBERS.
R  INDICATES RECORD WAS SET OR TIED.
MM INDICATES DATA IS MISSING.
T  INDICATES TRACE AMOUNT.




$$
