000
CDUS43 KARX 020631
CLILSE


CLIMATE REPORT
NATIONAL WEATHER SERVICE LA CROSSE WI
130 AM CDT MON APR 2 2018


...................................

...THE LA CROSSE WI CLIMATE SUMMARY FOR APRIL 1 2018...

CLIMATE NORMAL PERIOD 1981 TO 2010
CLIMATE RECORD PERIOD 1873 TO 2018


WEATHER ITEM   OBSERVED TIME   RECORD YEAR NORMAL DEPARTURE LAST
                VALUE   (LST)  VALUE       VALUE  FROM      YEAR
                                                  NORMAL
..................................................................
TEMPERATURE (F)
 YESTERDAY
  MAXIMUM         37    426 PM  82    2015  52    -15       67
                                      2010
  MINIMUM         15    546 AM   7    1924  32    -17       29
  AVERAGE         26                        42    -16       48

PRECIPITATION (IN)
  YESTERDAY        0.00          1.05 1920   0.09  -0.09     0.00
  MONTH TO DATE    0.00                      0.09  -0.09     0.00
  SINCE MAR 1      1.14                      2.13  -0.99     1.76
  SINCE JAN 1      3.74                      4.30  -0.56     5.62

SNOWFALL (IN)
  YESTERDAY        0.0           3.3  1962   0.1   -0.1      0.0
  MONTH TO DATE    0.0                       0.1   -0.1      0.0
  SINCE JUL 1     30.8                      41.7  -10.9     42.2
  SNOW DEPTH       0

DEGREE DAYS
 HEATING
  YESTERDAY       39                        23     16       17
  MONTH TO DATE   39                        23     16       17
  SINCE JUL 1   6191                      6476   -285     5199

 COOLING
  YESTERDAY        0                         0      0        0
  MONTH TO DATE    0                         0      0        0
  SINCE JAN 1      0                         0      0        0
..................................................................


WIND (MPH)
  HIGHEST WIND SPEED    20   HIGHEST WIND DIRECTION    NW (300)
  HIGHEST GUST SPEED    26   HIGHEST GUST DIRECTION     W (290)
  AVERAGE WIND SPEED    10.7


SKY COVER
  POSSIBLE SUNSHINE  MM
  AVERAGE SKY COVER 0.1


WEATHER CONDITIONS
 THE FOLLOWING WEATHER WAS RECORDED YESTERDAY.
  NO SIGNIFICANT WEATHER WAS OBSERVED.


RELATIVE HUMIDITY (PERCENT)
 HIGHEST    67           400 AM
 LOWEST     35           200 PM
 AVERAGE    51

..........................................................


THE LA CROSSE WI CLIMATE NORMALS FOR TODAY
                         NORMAL    RECORD    YEAR
 MAXIMUM TEMPERATURE (F)   53        80      1981
 MINIMUM TEMPERATURE (F)   32        14      1954
                                             1877


SUNRISE AND SUNSET
APRIL  2 2018.........SUNRISE   645 AM CDT   SUNSET   733 PM CDT
APRIL  3 2018.........SUNRISE   643 AM CDT   SUNSET   734 PM CDT


-  INDICATES NEGATIVE NUMBERS.
R  INDICATES RECORD WAS SET OR TIED.
MM INDICATES DATA IS MISSING.
T  INDICATES TRACE AMOUNT.




$$
