000
CDUS43 KARX 090647
CLILSE


CLIMATE REPORT
NATIONAL WEATHER SERVICE LA CROSSE WI
145 AM CDT THU MAY 9 2019


...................................

...THE LA CROSSE WI CLIMATE SUMMARY FOR MAY 8 2019...

CLIMATE NORMAL PERIOD 1981 TO 2010
CLIMATE RECORD PERIOD 1873 TO 2019


WEATHER ITEM   OBSERVED TIME   RECORD YEAR NORMAL DEPARTURE LAST
                VALUE   (LST)  VALUE       VALUE  FROM      YEAR
                                                  NORMAL
..................................................................
TEMPERATURE (F)
 YESTERDAY
  MAXIMUM         51    121 AM  89    1874  68    -17       82
  MINIMUM         44    518 PM  32    1976  46     -2       61
  AVERAGE         48                        57     -9       72

PRECIPITATION (IN)
  YESTERDAY        1.03          1.70 2006   0.11   0.92     0.01
  MONTH TO DATE    1.36                      0.91   0.45     2.67
  SINCE MAR 1      6.34                      6.29   0.05     6.79
  SINCE JAN 1     10.67                      8.46   2.21     9.39

SNOWFALL (IN)
  YESTERDAY        0.0           T    2004   0.0    0.0      0.0
  MONTH TO DATE    0.0                       0.1   -0.1      0.0
  SINCE JUL 1     64.3                      43.4   20.9     49.8
  SNOW DEPTH       0

DEGREE DAYS
 HEATING
  YESTERDAY       17                         8      9        0
  MONTH TO DATE   92                        74     18        4
  SINCE JUL 1   7280                      7026    254     6921

 COOLING
  YESTERDAY        0                         1     -1        7
  MONTH TO DATE    0                         6     -6       21
  SINCE JAN 1      4                        13     -9       24
..................................................................


WIND (MPH)
  HIGHEST WIND SPEED    20   HIGHEST WIND DIRECTION     E (80)
  HIGHEST GUST SPEED    35   HIGHEST GUST DIRECTION     E (80)
  AVERAGE WIND SPEED     8.6


SKY COVER
  POSSIBLE SUNSHINE  MM
  AVERAGE SKY COVER 0.9


WEATHER CONDITIONS
 THE FOLLOWING WEATHER WAS RECORDED YESTERDAY.
  HEAVY RAIN
  RAIN
  LIGHT RAIN
  FOG


RELATIVE HUMIDITY (PERCENT)
 HIGHEST    86           900 PM
 LOWEST     36           400 AM
 AVERAGE    61

..........................................................


THE LA CROSSE WI CLIMATE NORMALS FOR TODAY
                         NORMAL    RECORD    YEAR
 MAXIMUM TEMPERATURE (F)   69        93      1934
 MINIMUM TEMPERATURE (F)   47        27      1966


SUNRISE AND SUNSET
MAY  9 2019...........SUNRISE   546 AM CDT   SUNSET   817 PM CDT
MAY 10 2019...........SUNRISE   545 AM CDT   SUNSET   818 PM CDT


-  INDICATES NEGATIVE NUMBERS.
R  INDICATES RECORD WAS SET OR TIED.
MM INDICATES DATA IS MISSING.
T  INDICATES TRACE AMOUNT.




$$
