000
CDUS43 KARX 312136
CLILSE


CLIMATE REPORT
NATIONAL WEATHER SERVICE LA CROSSE WI
435 PM CDT THU MAY 31 2018


...................................

...THE LA CROSSE WI CLIMATE SUMMARY FOR MAY 31 2018...
VALID TODAY AS OF 0400 PM LOCAL TIME.

CLIMATE NORMAL PERIOD 1981 TO 2010
CLIMATE RECORD PERIOD 1873 TO 2018


WEATHER ITEM   OBSERVED TIME   RECORD YEAR NORMAL DEPARTURE LAST
                VALUE   (LST)  VALUE       VALUE  FROM      YEAR
                                                  NORMAL
..................................................................
TEMPERATURE (F)
 TODAY
  MAXIMUM         87    307 PM 107    1934  75     12       77
  MINIMUM         67    515 AM  35    1897  53     14       51
  AVERAGE         77                        64     13       64

PRECIPITATION (IN)
  TODAY            0.00          1.44 2016   0.12  -0.12     0.00
  MONTH TO DATE    7.41                      3.52   3.89     7.20
  SINCE MAR 1     11.53                      8.90   2.63    13.83
  SINCE JAN 1     14.13                     11.07   3.06    17.69

SNOWFALL (IN)
  TODAY            0.0           0.0  2002   0.0    0.0      0.0
                                      2001
  MONTH TO DATE    0.0                       0.0    0.0       T
  SINCE JUL 1     49.8                      43.3    6.5     42.2
  SNOW DEPTH       0

DEGREE DAYS
 HEATING
  TODAY            0                         3     -3        1
  MONTH TO DATE   68                       203   -135      212
  SINCE JUL 1   6985                      7157   -172     5766

 COOLING
  TODAY           12                         3      9        0
  MONTH TO DATE  156                        41    115       31
  SINCE JAN 1    159                        48    111       37
..................................................................


WIND (MPH)
  HIGHEST WIND SPEED    13   HIGHEST WIND DIRECTION    NW (320)
  HIGHEST GUST SPEED    16   HIGHEST GUST DIRECTION    NW (310)
  AVERAGE WIND SPEED     4.9


SKY COVER
  POSSIBLE SUNSHINE  MM
  AVERAGE SKY COVER 0.3


WEATHER CONDITIONS
 THE FOLLOWING WEATHER WAS RECORDED TODAY.
  FOG
  HAZE


RELATIVE HUMIDITY (PERCENT)
 HIGHEST    93          1200 AM
 LOWEST     48           300 PM
 AVERAGE    71

..........................................................


THE LA CROSSE WI CLIMATE NORMALS FOR TOMORROW
                         NORMAL    RECORD    YEAR
 MAXIMUM TEMPERATURE (F)   76        96      1934
 MINIMUM TEMPERATURE (F)   54        33      1897


SUNRISE AND SUNSET
MAY 31 2018...........SUNRISE   526 AM CDT   SUNSET   840 PM CDT
JUNE  1 2018..........SUNRISE   526 AM CDT   SUNSET   841 PM CDT


-  INDICATES NEGATIVE NUMBERS.
R  INDICATES RECORD WAS SET OR TIED.
MM INDICATES DATA IS MISSING.
T  INDICATES TRACE AMOUNT.




$$
