000
CDUS43 KARX 060653
CLILSE


CLIMATE REPORT
NATIONAL WEATHER SERVICE LA CROSSE WI
1246 AM CST SUN JAN 6 2019

...THE LA CROSSE WI CLIMATE SUMMARY FOR JANUARY 5 2019...

CLIMATE NORMAL PERIOD 1981 TO 2010
CLIMATE RECORD PERIOD 1873 TO 2019


WEATHER ITEM   OBSERVED TIME   RECORD YEAR NORMAL DEPARTURE LAST
                VALUE   (LST)  VALUE       VALUE  FROM      YEAR
                                                  NORMAL
..................................................................
TEMPERATURE (F)
 YESTERDAY
  MAXIMUM         54R   317 PM  53    2012  26     28        9
  MINIMUM         27    400 AM -29    1884   9     18      -14
  AVERAGE         41                        17     24       -2

PRECIPITATION (IN)
  YESTERDAY        0.00          1.67 1946   0.03  -0.03     0.00
  MONTH TO DATE    T                         0.17  -0.17     0.02
  SINCE DEC 1      2.01                      1.53   0.48     0.55
  SINCE JAN 1      T                         0.17  -0.17     0.02

SNOWFALL (IN)
  YESTERDAY        0.0           8.8  1929   0.3   -0.3      0.0
  MONTH TO DATE    T                         1.4   -1.4      0.5
  SINCE JUL 1      6.0                      17.0  -11.0      4.9
  SNOW DEPTH       T

DEGREE DAYS
 HEATING
  YESTERDAY       24                        48    -24       67
  MONTH TO DATE  182                       236    -54      324
  SINCE JUL 1   2916                      3080   -164     2888

 COOLING
  YESTERDAY        0                         0      0        0
  MONTH TO DATE    0                         0      0        0
  SINCE JAN 1      0                         0      0        0
..................................................................

WIND (MPH)
  HIGHEST WIND SPEED    12   HIGHEST WIND DIRECTION    NW (320)
  HIGHEST GUST SPEED    14   HIGHEST GUST DIRECTION     S (180)
  AVERAGE WIND SPEED     6.5

SKY COVER
  POSSIBLE SUNSHINE  MM
  AVERAGE SKY COVER 0.0

WEATHER CONDITIONS
 THE FOLLOWING WEATHER WAS RECORDED YESTERDAY.
  FOG

RELATIVE HUMIDITY (PERCENT)
 HIGHEST    92          1200 AM
 LOWEST     48           200 PM
 AVERAGE    70

..........................................................

THE LA CROSSE WI CLIMATE NORMALS FOR TODAY
                         NORMAL    RECORD    YEAR
 MAXIMUM TEMPERATURE (F)   25        52      1933
 MINIMUM TEMPERATURE (F)    9       -26      1912
                                             1873

SUNRISE AND SUNSET
JANUARY  6 2019.......SUNRISE   739 AM CST   SUNSET   443 PM CST
JANUARY  7 2019.......SUNRISE   739 AM CST   SUNSET   444 PM CST

-  INDICATES NEGATIVE NUMBERS.
R  INDICATES RECORD WAS SET OR TIED.
MM INDICATES DATA IS MISSING.
T  INDICATES TRACE AMOUNT.

$$

Boyne
