000
CDUS43 KARX 050647
CLILSE


CLIMATE REPORT
NATIONAL WEATHER SERVICE LA CROSSE WI
144 AM CDT FRI OCT 5 2018


...................................

...THE LA CROSSE WI CLIMATE SUMMARY FOR OCTOBER 4 2018...

CLIMATE NORMAL PERIOD 1981 TO 2010
CLIMATE RECORD PERIOD 1873 TO 2018


WEATHER ITEM   OBSERVED TIME   RECORD YEAR NORMAL DEPARTURE LAST
                VALUE   (LST)  VALUE       VALUE  FROM      YEAR
                                                  NORMAL
..................................................................
TEMPERATURE (F)
 YESTERDAY
  MAXIMUM         54    251 PM  88    2005  65    -11       68
  MINIMUM         39    624 AM  27    1989  44     -5       48
  AVERAGE         47                        55     -8       58

PRECIPITATION (IN)
  YESTERDAY        0.00          1.92 1900   0.08  -0.08     0.00
  MONTH TO DATE    0.72                      0.35   0.37     0.47
  SINCE SEP 1      6.80                      3.91   2.89     1.42
  SINCE JAN 1     34.63                     27.87   6.76    33.18

SNOWFALL (IN)
  YESTERDAY        0.0           0.0  2002   0.0    0.0      0.0
                                      2001
  MONTH TO DATE    0.0                       0.0    0.0      0.0
  SINCE JUL 1      0.0                       0.0    0.0      0.0
  SNOW DEPTH       0

DEGREE DAYS
 HEATING
  YESTERDAY       18                        11      7        7
  MONTH TO DATE   43                        41      2        7
  SINCE JUL 1    145                       201    -56       55

 COOLING
  YESTERDAY        0                         1     -1        0
  MONTH TO DATE    3                         4     -1       10
  SINCE JAN 1   1188                       778    410      997
..................................................................


WIND (MPH)
  HIGHEST WIND SPEED    28   HIGHEST WIND DIRECTION    NW (330)
  HIGHEST GUST SPEED    35   HIGHEST GUST DIRECTION    NW (330)
  AVERAGE WIND SPEED    10.0


SKY COVER
  POSSIBLE SUNSHINE  MM
  AVERAGE SKY COVER 0.3


WEATHER CONDITIONS
 THE FOLLOWING WEATHER WAS RECORDED YESTERDAY.
  NO SIGNIFICANT WEATHER WAS OBSERVED.


RELATIVE HUMIDITY (PERCENT)
 HIGHEST    76           500 AM
 LOWEST     41           300 PM
 AVERAGE    59

..........................................................


THE LA CROSSE WI CLIMATE NORMALS FOR TODAY
                         NORMAL    RECORD    YEAR
 MAXIMUM TEMPERATURE (F)   65        86      1922
 MINIMUM TEMPERATURE (F)   44        27      1935


SUNRISE AND SUNSET
OCTOBER  5 2018.......SUNRISE   707 AM CDT   SUNSET   639 PM CDT
OCTOBER  6 2018.......SUNRISE   709 AM CDT   SUNSET   637 PM CDT


-  INDICATES NEGATIVE NUMBERS.
R  INDICATES RECORD WAS SET OR TIED.
MM INDICATES DATA IS MISSING.
T  INDICATES TRACE AMOUNT.




$$
