000
CDUS43 KARX 082135
CLILSE


CLIMATE REPORT
NATIONAL WEATHER SERVICE LA CROSSE WI
434 PM CDT FRI JUN 8 2018


...................................

...THE LA CROSSE WI CLIMATE SUMMARY FOR JUNE 8 2018...
VALID TODAY AS OF 0430 PM LOCAL TIME.

CLIMATE NORMAL PERIOD 1981 TO 2010
CLIMATE RECORD PERIOD 1873 TO 2018


WEATHER ITEM   OBSERVED TIME   RECORD YEAR NORMAL DEPARTURE LAST
                VALUE   (LST)  VALUE       VALUE  FROM      YEAR
                                                  NORMAL
..................................................................
TEMPERATURE (F)
 TODAY
  MAXIMUM         73    329 PM  98    1985  78     -5       89
  MINIMUM         62    742 AM  37    1978  56      6       65
  AVERAGE         68                        67      1       77

PRECIPITATION (IN)
  TODAY            0.25          2.91 2008   0.14   0.11      T
  MONTH TO DATE    0.30                      1.11  -0.81     0.03
  SINCE JUN 1      0.30                      1.11  -0.81     0.03
  SINCE JAN 1     14.43                     12.18   2.25    17.72

SNOWFALL (IN)
  TODAY            0.0           0.0  2002   0.0    0.0      0.0
                                      2001
  MONTH TO DATE    0.0                       0.0    0.0      0.0
  SINCE JUL 1     49.8                      43.3    6.5     42.2
  SNOW DEPTH       0

DEGREE DAYS
 HEATING
  TODAY            0                         2     -2        0
  MONTH TO DATE    3                        20    -17        2
  SINCE JUL 1   6988                      7177   -189     5768

 COOLING
  TODAY            3                         4     -1       12
  MONTH TO DATE   40                        26     14       58
  SINCE JAN 1    199                        74    125       95
..................................................................


WIND (MPH)
  HIGHEST WIND SPEED    15   HIGHEST WIND DIRECTION     E (110)
  HIGHEST GUST SPEED    20   HIGHEST GUST DIRECTION     E (110)
  AVERAGE WIND SPEED     7.2


SKY COVER
  POSSIBLE SUNSHINE  MM
  AVERAGE SKY COVER 0.7


WEATHER CONDITIONS
 THE FOLLOWING WEATHER WAS RECORDED TODAY.
  RAIN
  LIGHT RAIN
  FOG


RELATIVE HUMIDITY (PERCENT)
 HIGHEST    93           800 AM
 LOWEST     57           200 AM
 AVERAGE    75

..........................................................


THE LA CROSSE WI CLIMATE NORMALS FOR TOMORROW
                         NORMAL    RECORD    YEAR
 MAXIMUM TEMPERATURE (F)   78        96      2015
 MINIMUM TEMPERATURE (F)   57        39      1937


SUNRISE AND SUNSET
JUNE  8 2018..........SUNRISE   523 AM CDT   SUNSET   846 PM CDT
JUNE  9 2018..........SUNRISE   523 AM CDT   SUNSET   846 PM CDT


-  INDICATES NEGATIVE NUMBERS.
R  INDICATES RECORD WAS SET OR TIED.
MM INDICATES DATA IS MISSING.
T  INDICATES TRACE AMOUNT.




$$
