000
CDUS43 KARX 070723
CLILSE


CLIMATE REPORT
NATIONAL WEATHER SERVICE LA CROSSE WI
221 AM CDT SUN OCT 7 2018


...................................

...THE LA CROSSE WI CLIMATE SUMMARY FOR OCTOBER 6 2018...

CLIMATE NORMAL PERIOD 1981 TO 2010
CLIMATE RECORD PERIOD 1873 TO 2018


WEATHER ITEM   OBSERVED TIME   RECORD YEAR NORMAL DEPARTURE LAST
                VALUE   (LST)  VALUE       VALUE  FROM      YEAR
                                                  NORMAL
..................................................................
TEMPERATURE (F)
 YESTERDAY
  MAXIMUM         53    445 AM  93    1963  64    -11       63
  MINIMUM         48   1159 PM  22    1935  44      4       56
  AVERAGE         51                        54     -3       60

PRECIPITATION (IN)
  YESTERDAY        T             1.78 1941   0.08  -0.08     1.56
  MONTH TO DATE    1.04                      0.52   0.52     2.29
  SINCE SEP 1      7.12                      4.08   3.04     3.24
  SINCE JAN 1     34.95                     28.04   6.91    35.00

SNOWFALL (IN)
  YESTERDAY        0.0           T    2001   0.0    0.0      0.0
  MONTH TO DATE    0.0                       0.0    0.0      0.0
  SINCE JUL 1      0.0                       0.0    0.0      0.0
  SNOW DEPTH       0

DEGREE DAYS
 HEATING
  YESTERDAY       14                        12      2        5
  MONTH TO DATE   71                        64      7       22
  SINCE JUL 1    173                       224    -51       70

 COOLING
  YESTERDAY        0                         1     -1        0
  MONTH TO DATE    3                         6     -3       10
  SINCE JAN 1   1188                       780    408      997
..................................................................


WIND (MPH)
  HIGHEST WIND SPEED    16   HIGHEST WIND DIRECTION    NW (320)
  HIGHEST GUST SPEED    21   HIGHEST GUST DIRECTION    NW (310)
  AVERAGE WIND SPEED     7.5


SKY COVER
  POSSIBLE SUNSHINE  MM
  AVERAGE SKY COVER 0.9


WEATHER CONDITIONS
 THE FOLLOWING WEATHER WAS RECORDED YESTERDAY.
  LIGHT RAIN
  FOG


RELATIVE HUMIDITY (PERCENT)
 HIGHEST    96           500 AM
 LOWEST     71          1000 AM
 AVERAGE    84

..........................................................


THE LA CROSSE WI CLIMATE NORMALS FOR TODAY
                         NORMAL    RECORD    YEAR
 MAXIMUM TEMPERATURE (F)   64        86      2007
                                             1997
                                             1993
 MINIMUM TEMPERATURE (F)   43        26      2001
                                             1889


SUNRISE AND SUNSET
OCTOBER  7 2018.......SUNRISE   710 AM CDT   SUNSET   635 PM CDT
OCTOBER  8 2018.......SUNRISE   711 AM CDT   SUNSET   633 PM CDT


-  INDICATES NEGATIVE NUMBERS.
R  INDICATES RECORD WAS SET OR TIED.
MM INDICATES DATA IS MISSING.
T  INDICATES TRACE AMOUNT.




$$
