000
CDUS43 KARX 070634
CLILSE


CLIMATE REPORT
NATIONAL WEATHER SERVICE LA CROSSE WI
133 AM CDT THU JUN 7 2018


...................................

...THE LA CROSSE WI CLIMATE SUMMARY FOR JUNE 6 2018...

CLIMATE NORMAL PERIOD 1981 TO 2010
CLIMATE RECORD PERIOD 1873 TO 2018


WEATHER ITEM   OBSERVED TIME   RECORD YEAR NORMAL DEPARTURE LAST
                VALUE   (LST)  VALUE       VALUE  FROM      YEAR
                                                  NORMAL
..................................................................
TEMPERATURE (F)
 YESTERDAY
  MAXIMUM         81    524 PM  96    2011  77      4       82
  MINIMUM         60    748 AM  40    1983  55      5       54
  AVERAGE         71                        66      5       68

PRECIPITATION (IN)
  YESTERDAY        0.01          1.22 1917   0.14  -0.13     0.00
  MONTH TO DATE    0.05                      0.83  -0.78     0.03
  SINCE JUN 1      0.05                      0.83  -0.78     0.03
  SINCE JAN 1     14.18                     11.90   2.28    17.72

SNOWFALL (IN)
  YESTERDAY        0.0           0.0  2002   0.0    0.0      0.0
                                      2001
  MONTH TO DATE    0.0                       0.0    0.0      0.0
  SINCE JUL 1     49.8                      43.3    6.5     42.2
  SNOW DEPTH       0

DEGREE DAYS
 HEATING
  YESTERDAY        0                         2     -2        0
  MONTH TO DATE    3                        16    -13        2
  SINCE JUL 1   6988                      7173   -185     5768

 COOLING
  YESTERDAY        6                         3      3        3
  MONTH TO DATE   28                        18     10       42
  SINCE JAN 1    187                        66    121       79
..................................................................


WIND (MPH)
  HIGHEST WIND SPEED    20   HIGHEST WIND DIRECTION     S (190)
  HIGHEST GUST SPEED    27   HIGHEST GUST DIRECTION     S (190)
  AVERAGE WIND SPEED     7.0


SKY COVER
  POSSIBLE SUNSHINE  MM
  AVERAGE SKY COVER 0.2


WEATHER CONDITIONS
 THE FOLLOWING WEATHER WAS RECORDED YESTERDAY.
  THUNDERSTORM
  LIGHT RAIN
  HAZE


RELATIVE HUMIDITY (PERCENT)
 HIGHEST    87          1100 PM
 LOWEST     48           400 PM
 AVERAGE    68

..........................................................


THE LA CROSSE WI CLIMATE NORMALS FOR TODAY
                         NORMAL    RECORD    YEAR
 MAXIMUM TEMPERATURE (F)   78       100      2011
 MINIMUM TEMPERATURE (F)   56        39      1935


SUNRISE AND SUNSET
JUNE  7 2018..........SUNRISE   523 AM CDT   SUNSET   845 PM CDT
JUNE  8 2018..........SUNRISE   523 AM CDT   SUNSET   846 PM CDT


-  INDICATES NEGATIVE NUMBERS.
R  INDICATES RECORD WAS SET OR TIED.
MM INDICATES DATA IS MISSING.
T  INDICATES TRACE AMOUNT.




$$
